NOAA Reports/Αναφορές NOAA

Select a Year or Month report
2021 > Jan Feb Mar Apr May Jun Jul Aug Sep Oct Nov Dec
2020 > Jan Feb Mar Apr May Jun Jul Aug Sep Oct Nov Dec
2019 > Jan Feb Mar Apr May Jun Jul Aug Sep Oct Nov Dec
2018 > Jan Feb Mar Apr May Jun Jul Aug Sep Oct Nov Dec
2017 > Jan Feb Mar Apr May Jun Jul Aug Sep Oct Nov Dec

Report for 2021 06
                   MONTHLY CLIMATOLOGICAL SUMMARY for JUN. 2021

NAME: Makry Gialos Weather Station   CITY: Makry Gialos   STATE: Greece 
ELEV:     8 m  LAT:  35 24' 00" N  LONG:  25 54' 00" E

                   TEMPERATURE (C), RAIN  (mm), WIND SPEED (km/hr)

                                      HEAT  COOL        AVG
    MEAN                              DEG   DEG         WIND                 DOM
DAY TEMP  HIGH   TIME   LOW    TIME   DAYS  DAYS  RAIN  SPEED HIGH   TIME    DIR
------------------------------------------------------------------------------------
 1  22.1  26.2   12:20  18.1    5:20   0.0   3.7   0.0   7.2  41.8   11:40   ENE
 2  21.0  24.6   11:20  16.3    5:20   0.2   2.9   0.0   4.5  24.1   20:40    SW
 3  22.3  26.1   17:50  19.0    4:30   0.0   4.0   0.0   7.9  33.8   12:15   ENE
 4  23.3  26.4   14:00  21.4    6:25   0.0   5.0   0.0  14.8  54.7    8:20   ENE
 5  23.3  25.9   15:50  21.3    4:20   0.0   5.0   0.0  17.5  64.4   10:20   ENE
 6  24.8  28.6   16:25  20.6   23:50   0.0   6.5   0.0  10.0  46.7   12:35   ENE
 7  22.7  25.8   18:40  19.1    4:55   0.0   4.4   0.0   2.9  12.9   14:35    SW
 8  23.4  26.8   14:15  20.0    6:25   0.0   5.1   0.0   3.1  14.5    7:55    SW
 9  22.8  26.3   14:45  18.6    4:45   0.0   4.5   0.0   3.1  14.5   23:40    SW
10  23.5  26.3   10:00  20.3    6:15   0.0   5.2   0.0   4.3  24.1    1:05    SW
11  22.7  26.2   15:10  18.9    6:25   0.0   4.4   0.0   2.9  12.9   11:20    SW
12  23.2  26.1   16:40  19.6    4:05   0.0   4.9   0.0   3.2  14.5   11:35    SW
13  23.6  26.4    9:50  19.6    5:05   0.0   5.3   0.0   2.9  12.9   13:30    SW
14  23.1  26.6   16:00  19.5    6:15   0.0   4.8   0.0   4.3  20.9   19:10    SW
15  21.9  26.1   13:00  18.3   23:00   0.0   3.6   5.2   4.0  32.2   11:05   ENE
16  22.1  25.9   15:00  17.8    2:30   0.0   3.8   0.2   4.7  38.6    0:50   ENE
17  22.7  26.4   16:05  18.0    5:15   0.0   4.4   0.0   3.4  12.9   13:10    SW
18  23.9  28.7   11:40  19.3    4:10   0.0   5.6   0.0   2.6  17.7    1:20    SW
19  23.4  28.4   15:05  19.5    5:40   0.0   5.1   0.0   2.4  14.5   12:10    SW
20  23.7  26.8   17:30  20.2    2:50   0.0   5.4   0.0   2.9  12.9    5:30    SW
21  25.9  30.7   11:05  21.7    0:55   0.0   7.6   0.0   4.3  24.1    8:55    SW
22  25.4  28.1   16:10  21.8    5:25   0.0   7.1   0.0   2.3  11.3   13:25    SW
23  26.7  30.1   23:05  22.8    4:25   0.0   8.4   0.0   2.3  12.9   22:10    SW
24  26.7  27.2    0:05  26.4    0:50   0.0   0.3   0.0   3.9   9.7    0:10     N
25
26
27
28
29
30
-------------------------------------------------------------------------------------
    23.5  30.7    21    16.3     2     0.2 117.1   5.4   5.1  64.4     5     ENE

Max >=  32.0:  0
Max <=   0.0:  0
Min <=   0.0:  0
Min <= -18.0:  0
Max Rain: 5.21 ON 15/06/21
Days of Rain: 2 (> .2 mm) 1 (> 2 mm) 0 (> 20 mm)
Heat Base:  18.3  Cool Base:  18.3  Method: Integration