NOAA Reports/Αναφορές NOAA

Select a Year or Month report
2022 > Jan Feb Mar Apr May Jun Jul Aug Sep Oct Nov Dec
2021 > Jan Feb Mar Apr May Jun Jul Aug Sep Oct Nov Dec
2020 > Jan Feb Mar Apr May Jun Jul Aug Sep Oct Nov Dec
2019 > Jan Feb Mar Apr May Jun Jul Aug Sep Oct Nov Dec
2018 > Jan Feb Mar Apr May Jun Jul Aug Sep Oct Nov Dec
2017 > Jan Feb Mar Apr May Jun Jul Aug Sep Oct Nov Dec

Report for 2022 05
                   MONTHLY CLIMATOLOGICAL SUMMARY for MAY. 2022

NAME: Makry Gialos Weather Station   CITY: Makry Gialos   STATE: Greece 
ELEV:     8 m  LAT:  35 24' 00" N  LONG:  25 54' 00" E

                   TEMPERATURE (C), RAIN  (mm), WIND SPEED (km/hr)

                                      HEAT  COOL        AVG
    MEAN                              DEG   DEG         WIND                 DOM
DAY TEMP  HIGH   TIME   LOW    TIME   DAYS  DAYS  RAIN  SPEED HIGH   TIME    DIR
------------------------------------------------------------------------------------
 1  20.3  25.6   14:20  16.9   23:05   0.0   2.1   0.0   9.8  64.4    0:20   ENE
 2  20.1  23.7   11:00  17.6    1:45   0.1   1.8   0.6   8.7  38.6    8:05    SE
 3  19.2  21.6   16:10  17.1   22:20   0.2   1.0   0.0  15.0  45.1    9:30   ENE
 4  18.6  21.6   14:50  16.7   23:35   0.5   0.8   0.0   9.5  40.2   16:20   ENE
 5  18.9  21.9   15:25  16.1    1:35   0.5   1.1   0.0  11.1  49.9   22:40   ENE
 6  19.9  23.1   12:50  17.5    6:40   0.1   1.7   0.0  13.2  54.7   14:55   ENE
 7  19.6  23.5   11:10  16.1   00:00   0.1   1.4   0.0   5.3  33.8    2:30   ENE
 8  18.9  22.6   13:15  15.0    3:25   0.6   1.3   0.0   6.8  27.4   15:00    SW
 9  20.9  25.7   14:20  17.3    6:25   0.1   2.7   0.0  10.3  32.2   10:30    SE
10  18.5  21.6    9:40  15.0    5:25   0.7   0.8   0.0   5.0  24.1    1:55    SW
11  18.1  21.6   17:40  13.2    6:20   1.4   1.1   0.0   3.2  12.9   11:55    SW
12  18.6  22.9   10:35  14.2    4:30   0.9   1.2   0.0   2.4  17.7    4:55   ENE
13  18.4  21.8   16:10  14.4    6:30   1.0   1.2   0.0   2.9  12.9   16:20    SW
14  18.7  23.3   14:20  14.4    6:15   1.0   1.4   0.0   3.1  17.7    9:00   ENE
15  19.5  24.3   15:25  13.8    6:25   0.8   2.0   0.0   3.4  17.7   22:25    SW
16  20.2  24.2   13:35  15.7    2:20   0.4   2.2   0.0   3.1  11.3   13:30    SW
17  20.9  24.6   15:30  16.7    2:55   0.1   2.7   0.0   2.9  11.3   13:25    SW
18  19.6  23.2   14:10  16.3    6:30   0.3   1.6   0.0   2.3  14.5   13:30   ENE
19  19.5  22.2    6:45  17.1    0:10   0.1   1.4   0.0  22.4  74.0   14:15   ENE
20  18.9  21.1   16:10  17.2    5:25   0.2   0.9   0.0  19.8  61.2    0:50   ENE
21  21.0  24.1   15:20  18.3    6:05   0.0   2.2   0.0   4.8  37.0    0:25    SW
22
23
24
25
26
27
28
29
30
31
-------------------------------------------------------------------------------------
    19.4  25.7     9    13.2    11     9.1  32.6   0.6   7.8  74.0    19     ENE

Max >=  32.0:  0
Max <=   0.0:  0
Min <=   0.0:  0
Min <= -18.0:  0
Max Rain: 0.61 ON 02/05/22
Days of Rain: 1 (> .2 mm) 0 (> 2 mm) 0 (> 20 mm)
Heat Base:  18.3  Cool Base:  18.3  Method: Integration