NOAA Reports/Αναφορές NOAA

Select a Year or Month report
2021 > Jan Feb Mar Apr May Jun Jul Aug Sep Oct Nov Dec
2020 > Jan Feb Mar Apr May Jun Jul Aug Sep Oct Nov Dec
2019 > Jan Feb Mar Apr May Jun Jul Aug Sep Oct Nov Dec
2018 > Jan Feb Mar Apr May Jun Jul Aug Sep Oct Nov Dec
2017 > Jan Feb Mar Apr May Jun Jul Aug Sep Oct Nov Dec

Report for 2018 Jul
                   MONTHLY CLIMATOLOGICAL SUMMARY for JUL. 2018

NAME: Makry Gialos Weather Station   CITY: Makry Gialos   STATE: Greece 
ELEV:     8 m  LAT:  35 24' 00" N  LONG:  25 54' 00" E

                   TEMPERATURE (C), RAIN  (mm), WIND SPEED (km/hr)

                                      HEAT  COOL        AVG
    MEAN                              DEG   DEG         WIND                 DOM
DAY TEMP  HIGH   TIME   LOW    TIME   DAYS  DAYS  RAIN  SPEED HIGH   TIME    DIR
------------------------------------------------------------------------------------
 1  24.3  27.1   11:10  20.7    4:50   0.0   6.0   0.0   3.9  14.5   14:25   ENE
 2  28.1  34.2   13:45  21.1    4:40   0.0   9.7   0.0   9.7  41.8   19:20   ENE
 3  31.7  34.4   14:40  29.1    6:25   0.0  13.4   0.0  15.4  48.3   13:15   ENE
 4  32.9  36.6   15:00  30.2    0:25   0.0  14.6   0.0  15.1  54.7   13:30   ENE
 5  33.4  36.7   12:35  30.4    5:55   0.0  12.7   0.0  15.8  45.1    2:30   ENE
 6
 7  28.1  32.2   10:25  24.6    6:10   0.0   8.8   0.0   4.2  20.9    8:10    SW
 8  29.4  32.8    9:30  25.6    0:50   0.0  11.1   0.0   5.3  32.2    6:45    SW
 9  27.2  30.2   16:25  23.9    6:20   0.0   8.9   0.0   3.2  14.5   11:50    SW
10  26.1  28.3   15:55  23.4    5:55   0.0   7.8   0.0   4.0  14.5    9:55    SW
11  27.3  32.5   15:40  22.4    5:20   0.0   9.0   0.0   5.1  32.2   18:30   ENE
12  29.2  33.1   12:35  24.8    2:15   0.0  10.9   0.0  15.1  53.1   15:20   ENE
13  29.8  32.8   15:45  27.2    6:10   0.0  11.5   0.0  21.6  61.2   16:55   ENE
14  29.8  32.7   16:15  27.4   23:50   0.0  11.5   0.0  15.8  75.6    2:35   ENE
15  29.4  32.4   15:00  27.3    2:25   0.0  11.0   0.0  22.2  72.4    6:55   ENE
16
17  30.0  36.3   13:10  25.1   23:55   0.0   7.6   0.0   5.5  30.6    8:40    SW
18  27.8  32.1   16:00  23.3    6:40   0.0   9.5   0.0   5.3  35.4   17:15   ENE
19  29.8  34.1   15:30  25.5   23:25   0.0  11.5   0.0   8.7  41.8    9:15   ENE
20  28.2  33.3   16:05  24.4    5:35   0.0   9.9   0.0   5.5  30.6   15:35   ENE
21  30.0  33.2   14:30  27.0    6:00   0.0  11.7   0.0  14.3  51.5    9:30   ENE
22  31.9  35.5   16:00  28.3   23:40   0.0  13.7   0.0  13.8  51.5    7:10   ENE
23  29.5  37.9   10:10  26.4   22:45   0.0  11.2   0.0   3.5  25.7    9:40    SW
24  28.1  30.9   17:30  24.7    5:40   0.0   9.8   0.0   5.3  35.4   22:45   ENE
25  27.1  29.2   13:55  24.3   23:50   0.0   8.8   0.2   4.8  32.2    1:05   ENE
26  26.2  29.9   14:50  22.6    5:15   0.0   7.9   0.0   3.5  14.5    9:40    SW
27  26.6  29.7   17:20  23.5    6:40   0.0   8.2   0.0   3.4  17.7   15:55    SW
28  27.0  30.7   16:40  23.1    6:30   0.0   8.7   0.0   3.2  19.3   20:30    SW
29  27.7  31.2   15:45  23.5    6:00   0.0   9.4   0.0   3.4  19.3   23:55    SW
30  28.2  30.8   14:45  25.9   23:10   0.0   9.9   0.0   4.5  27.4    2:25   ENE
31  27.7  31.2   14:50  23.9    6:45   0.0   9.4   0.0   3.1  12.9    9:40    SW
-------------------------------------------------------------------------------------
    28.7  37.9    23    20.7     1     0.0 294.3   0.2   8.4  75.6    14     ENE

Max >=  32.0: 18
Max <=   0.0:  0
Min <=   0.0:  0
Min <= -18.0:  0
Max Rain: 0.20 ON 25/07/18
Days of Rain: 1 (> .2 mm) 0 (> 2 mm) 0 (> 20 mm)
Heat Base:  18.3  Cool Base:  18.3  Method: Integration