NOAA Reports/Αναφορές NOAA

Select a Year or Month report
2021 > Jan Feb Mar Apr May Jun Jul Aug Sep Oct Nov Dec
2020 > Jan Feb Mar Apr May Jun Jul Aug Sep Oct Nov Dec
2019 > Jan Feb Mar Apr May Jun Jul Aug Sep Oct Nov Dec
2018 > Jan Feb Mar Apr May Jun Jul Aug Sep Oct Nov Dec
2017 > Jan Feb Mar Apr May Jun Jul Aug Sep Oct Nov Dec

Report for 2018 Aug
                   MONTHLY CLIMATOLOGICAL SUMMARY for AUG. 2018

NAME: Makry Gialos Weather Station   CITY: Makry Gialos   STATE: Greece 
ELEV:     8 m  LAT:  35 24' 00" N  LONG:  25 54' 00" E

                   TEMPERATURE (C), RAIN  (mm), WIND SPEED (km/hr)

                                      HEAT  COOL        AVG
    MEAN                              DEG   DEG         WIND                 DOM
DAY TEMP  HIGH   TIME   LOW    TIME   DAYS  DAYS  RAIN  SPEED HIGH   TIME    DIR
------------------------------------------------------------------------------------
 1  29.6  33.3   16:30  27.1    0:30   0.0  11.3   0.0   7.4  35.4   18:25   ENE
 2  30.6  33.7   14:50  28.4    2:15   0.0  12.3   0.0  14.5  45.1    9:40   ENE
 3  30.1  34.3   13:40  27.6   00:00   0.0  11.8   0.0  15.1  41.8    2:10   ENE
 4  29.3  32.5   14:35  27.3    6:10   0.0  11.0   0.0  14.8  53.1   21:20   ENE
 5  28.9  31.1   17:45  27.7    2:30   0.0  10.7   0.0   9.2  32.2    5:20   ENE
 6  28.8  31.6   15:10  26.2    6:55   0.0  10.5   0.0   5.6  30.6   23:45   ENE
 7  30.0  33.5   14:20  27.4    4:15   0.0  11.7   0.0  13.7  45.1   11:10   ENE
 8  29.8  33.0   12:55  27.4    5:25   0.0  11.5   0.0  15.6  48.3   15:25   ENE
 9  30.8  35.8   13:15  27.9    6:40   0.0  12.5   0.0  11.6  48.3    7:50   ENE
10  29.8  33.4   11:35  25.9    6:10   0.0  11.5   0.0  13.0  48.3   15:55   ENE
11  28.7  31.2   15:55  26.5   22:35   0.0  10.4   0.0  23.3  69.2    8:50   ENE
12  28.2  31.7   14:20  25.2   22:35   0.0   9.9   0.0  16.4  46.7   20:45   ENE
13  27.6  32.2   13:40  25.1    4:45   0.0   9.2   0.0  14.2  41.8   19:35   ENE
14  28.0  31.3   15:15  25.7    1:40   0.0   9.7   0.0  11.4  41.8    2:00   ENE
15  28.5  33.8   14:00  22.3    5:55   0.0  10.2   0.0   7.9  38.6    9:40   ENE
16  29.3  33.6   12:20  26.5   23:55   0.0  11.1   0.0   6.1  27.4    7:50   ENE
17  28.5  31.7   17:45  25.2    1:25   0.0  10.2   0.0   4.3  24.1   19:15   ENE
18  29.3  33.4   15:15  25.6    5:30   0.0  11.0   0.0  11.7  51.5   20:30   ENE
19  30.0  33.7   13:20  27.8    0:05   0.0  11.7   0.0  17.4  56.3    2:40   ENE
20  28.4  31.6   10:40  25.2    5:10   0.0  10.1   0.0   4.5  24.1    8:10    SW
21  28.1  32.4   15:50  24.5    6:50   0.0   9.8   0.0   6.0  35.4   17:25   ENE
22  28.2  31.6   15:30  25.6    5:45   0.0   9.9   0.0   8.0  40.2   15:05   ENE
23  27.9  30.1   10:30  24.6   23:30   0.0   9.6   0.0   6.8  35.4    1:55   ENE
24  26.5  29.0   10:30  22.7    6:35   0.0   8.2   0.0   3.7  12.9    5:25    SW
25  26.9  30.7   15:00  22.9    6:50   0.0   8.6   0.0   3.5  14.5   20:45    SW
26  27.5  31.3   12:35  23.1    6:40   0.0   9.2   0.0   4.0  27.4   21:00   ENE
27  27.6  31.3   14:25  23.3    5:25   0.0   9.3   0.0   2.9  16.1   14:25    SW
28  26.9  30.3   13:05  23.2    7:05   0.0   8.6   0.0   3.4  22.5   20:30    SW
29  27.3  30.6   16:50  24.9    5:55   0.0   9.0   0.0   6.3  35.4   21:45   ENE
30  28.3  32.0   10:55  24.2    5:40   0.0  10.0   0.0   6.6  35.4   21:55   ENE
31  28.0  31.7   14:25  23.6    6:10   0.0   9.7   0.0   3.9  22.5   21:20   ENE
-------------------------------------------------------------------------------------
    28.6  35.8     9    22.3    15     0.0 320.1   0.0   9.4  69.2    11     ENE

Max >=  32.0: 15
Max <=   0.0:  0
Min <=   0.0:  0
Min <= -18.0:  0
Max Rain: 0.00 ON 01/08/18
Days of Rain: 0 (> .2 mm) 0 (> 2 mm) 0 (> 20 mm)
Heat Base:  18.3  Cool Base:  18.3  Method: Integration