NOAA Reports/Αναφορές NOAA

Select a Year or Month report
2021 > Jan Feb Mar Apr May Jun Jul Aug Sep Oct Nov Dec
2020 > Jan Feb Mar Apr May Jun Jul Aug Sep Oct Nov Dec
2019 > Jan Feb Mar Apr May Jun Jul Aug Sep Oct Nov Dec
2018 > Jan Feb Mar Apr May Jun Jul Aug Sep Oct Nov Dec
2017 > Jan Feb Mar Apr May Jun Jul Aug Sep Oct Nov Dec

Report for 2018 Sep
                   MONTHLY CLIMATOLOGICAL SUMMARY for SEP. 2018

NAME: Makry Gialos Weather Station   CITY: Makry Gialos   STATE: Greece 
ELEV:     8 m  LAT:  35 24' 00" N  LONG:  25 54' 00" E

                   TEMPERATURE (C), RAIN  (mm), WIND SPEED (km/hr)

                                      HEAT  COOL        AVG
    MEAN                              DEG   DEG         WIND                 DOM
DAY TEMP  HIGH   TIME   LOW    TIME   DAYS  DAYS  RAIN  SPEED HIGH   TIME    DIR
------------------------------------------------------------------------------------
 1  28.3  32.0   15:35  23.6    6:50   0.0  10.0   0.0   4.3  30.6   19:45    SW
 2  29.4  34.2   16:00  25.2    2:30   0.0  11.1   0.0   9.0  35.4   17:30   ENE
 3  29.6  32.9   17:55  26.2    6:40   0.0  11.2   0.0   6.6  38.6   18:10   ENE
 4  29.8  33.6   10:35  27.2    5:20   0.0  11.5   0.0   4.8  25.7    8:45    SW
 5  27.6  31.1   13:55  22.4    6:40   0.0   9.3   0.0   4.7  40.2   22:45    SW
 6  28.6  32.7   12:50  25.9    4:00   0.0  10.2   0.0   6.6  30.6    9:20   ENE
 7  27.9  31.4   13:55  23.8    7:15   0.0   9.6   0.0   5.0  30.6   19:20   ENE
 8  27.6  30.2   16:20  24.4    7:10   0.0   9.3   0.0   5.8  33.8   00:00    SW
 9  27.9  30.6   13:45  25.6    6:35   0.0   9.6   0.0  11.6  41.8   23:55   ENE
10  27.4  30.1   15:55  25.6    7:10   0.0   9.1   0.0  17.2  51.5    3:45   ENE
11  26.7  29.4   13:35  25.0    6:15   0.0   8.4   0.0  12.6  45.1   11:10   ENE
12  26.0  28.7   13:20  24.5    5:30   0.0   7.7   0.0  15.0  46.7    9:00   ENE
13  25.0  26.6   10:55  23.3    8:40   0.0   6.7   0.0  10.6  37.0    9:20   ENE
14  25.7  29.5   15:25  23.1    5:10   0.0   7.4   0.0   4.7  25.7    0:15   ENE
15  25.9  30.6   15:35  22.4    4:40   0.0   7.6   0.0   5.8  30.6   13:55   ENE
16  26.7  30.1   13:30  24.5    2:10   0.0   8.4   0.0  14.3  43.5   17:45   ENE
17  27.2  29.9   14:25  25.7   22:40   0.0   8.9   0.0  19.8  51.5   13:50   ENE
18  26.4  29.9   14:05  24.2   22:30   0.0   8.1   0.0  21.6  56.3   19:15   ENE
19  25.6  29.4   14:10  23.7    7:15   0.0   7.3   0.0  14.8  49.9   10:25   ENE
20  25.4  29.6   15:35  23.3    5:40   0.0   7.1   0.0  11.4  38.6    3:10   ENE
21  25.2  28.9   15:20  21.4    7:35   0.0   6.9   0.0   5.6  30.6   17:15   ENE
22  24.2  27.5   15:30  20.5    4:55   0.0   5.9   0.0   3.5  16.1   19:15    SW
23  24.8  28.7   16:30  20.3    7:15   0.0   6.5   0.0   2.9  16.1   21:15    SW
24  24.3  29.0   16:25  20.2    7:20   0.0   6.0   0.0   2.9  11.3   11:50    SW
25  24.3  28.9   15:35  20.1    5:50   0.0   6.0   0.0   8.7  61.2   21:55   ENE
26  21.8  23.4   12:55  20.2   20:10   0.0   3.5   0.0  27.2  67.6    2:55   ENE
27  21.9  24.9   11:45  19.9    4:45   0.0   3.7   0.0  12.6  53.1    2:30   ENE
28  23.3  27.7   15:55  19.4    2:35   0.0   5.0   9.4   4.7  41.8    8:40   SSW
29  24.9  27.8   14:05  20.8    2:35   0.0   6.7   0.0   6.0  30.6    6:05   SSW
30  23.4  27.0   14:20  20.2    6:25   0.0   5.1   7.6   3.4  22.5   16:00   ENE
-------------------------------------------------------------------------------------
    26.1  34.2     2    19.4    28     0.0 233.9  17.0   9.5  67.6    26     ENE

Max >=  32.0:  5
Max <=   0.0:  0
Min <=   0.0:  0
Min <= -18.0:  0
Max Rain: 9.40 ON 28/09/18
Days of Rain: 2 (> .2 mm) 2 (> 2 mm) 0 (> 20 mm)
Heat Base:  18.3  Cool Base:  18.3  Method: Integration