NOAA Reports/Αναφορές NOAA

Select a Year or Month report
2021 > Jan Feb Mar Apr May Jun Jul Aug Sep Oct Nov Dec
2020 > Jan Feb Mar Apr May Jun Jul Aug Sep Oct Nov Dec
2019 > Jan Feb Mar Apr May Jun Jul Aug Sep Oct Nov Dec
2018 > Jan Feb Mar Apr May Jun Jul Aug Sep Oct Nov Dec
2017 > Jan Feb Mar Apr May Jun Jul Aug Sep Oct Nov Dec

Report for 2018 Oct
                   MONTHLY CLIMATOLOGICAL SUMMARY for OCT. 2018

NAME: Makry Gialos Weather Station   CITY: Makry Gialos   STATE: Greece 
ELEV:     8 m  LAT:  35 24' 00" N  LONG:  25 54' 00" E

                   TEMPERATURE (C), RAIN  (mm), WIND SPEED (km/hr)

                                      HEAT  COOL        AVG
    MEAN                              DEG   DEG         WIND                 DOM
DAY TEMP  HIGH   TIME   LOW    TIME   DAYS  DAYS  RAIN  SPEED HIGH   TIME    DIR
------------------------------------------------------------------------------------
 1  23.5  27.2   13:25  20.2    7:25   0.0   5.2   1.4   3.4  19.3   18:00   ENE
 2  22.8  27.3   15:20  18.8    5:30   0.0   4.5   0.0   2.3  12.9   14:30   ENE
 3  22.4  26.6   16:25  18.3    5:15   0.0   4.2   0.0   2.6   9.7   12:45    SW
 4  24.3  29.0   17:15  20.1    4:40   0.0   6.0   0.0   3.7  32.2   22:25   ENE
 5  24.7  27.3   12:00  21.7   23:55   0.0   6.4   0.0  12.1  48.3    4:15   ENE
 6  22.5  25.1   11:00  21.0    5:50   0.0   4.2   0.0  15.0  61.2   11:45   ENE
 7  22.8  26.7   14:05  19.4   23:25   0.0   4.5   0.0   7.6  33.8    6:00   ENE
 8  22.8  26.4   15:05  19.6    0:30   0.0   4.5   0.0   4.7  22.5    6:55    SW
 9  22.7  26.2   12:00  20.6    0:25   0.0   4.4   0.0  12.1  38.6   16:15   ENE
10  22.4  25.1   13:10  20.9    7:20   0.0   4.2   0.0  15.1  38.6    1:20   ENE
11  22.0  24.3   13:40  20.7   22:25   0.0   3.7   0.0  17.2  48.3   19:15   ENE
12  22.1  24.7   11:40  20.7    4:05   0.0   3.8   0.0  16.6  41.8    3:00   ENE
13  22.5  26.2   12:50  19.5    7:00   0.0   4.2   0.0   6.0  35.4    1:20   ENE
14  22.7  25.6   15:00  20.2    5:40   0.0   4.3   0.0   5.6  25.7    3:30   ENE
15  22.5  26.1   15:20  20.1    6:35   0.0   4.2   0.0   6.4  27.4    9:05   ENE
16  22.6  25.8   13:45  20.3    6:25   0.0   4.2   0.0  11.1  38.6   20:55   ENE
17  22.2  25.6   12:15  19.7    6:25   0.0   3.9   0.0   6.6  30.6    1:55   ENE
18  21.7  25.2   15:50  17.9    6:40   0.0   3.4   0.0   3.7  19.3   10:40    SW
19  21.6  25.6   11:05  17.4    6:05   0.0   3.3   0.0   3.1  14.5    3:00    SW
20  23.3  28.2   14:10  19.6    0:20   0.0   5.0   0.0   5.5  32.2   13:05   ESE
21  22.7  25.7   13:35  19.4   23:10   0.0   4.4   0.0   8.7  33.8    7:05   ENE
22  22.0  26.3   13:50  19.4    2:35   0.0   3.7   0.0   5.3  24.1   21:55    SE
23  20.9  23.6   11:20  18.4   21:45   0.0   2.6   0.6   3.7  20.9   14:15   ENE
24  19.9  25.1   13:15  17.4    7:35   0.1   1.6  13.2   2.4  49.9    5:20   ENE
25  18.2  22.1    9:25  15.1   23:55   0.9   0.8   5.4  11.6  64.4   13:20   ENE
26  17.9  22.4   15:20  14.8    6:45   1.4   1.0   0.0   6.3  38.6    3:15   ENE
27  18.5  23.8   11:00  13.3    2:05   1.6   1.8   0.0   2.7  11.3    2:40    NE
28  20.2  22.2   14:45  16.9    0:15   0.1   2.0   0.0   4.8  22.5    8:40    SW
29  20.7  24.3    9:05  17.3    6:05   0.1   2.5   0.0   4.8  17.7   15:45    SW
30  21.0  24.6   14:50  17.6   00:00   0.0   2.7   0.0   2.6  14.5   10:10   ENE
31  20.6  24.6   15:05  17.0    4:15   0.2   2.6   0.0   3.1  22.5   22:10   ENE
-------------------------------------------------------------------------------------
    21.8  29.0     4    13.3    27     4.3 113.8  20.6   7.0  64.4    25     ENE

Max >=  32.0:  0
Max <=   0.0:  0
Min <=   0.0:  0
Min <= -18.0:  0
Max Rain: 13.21 ON 24/10/18
Days of Rain: 4 (> .2 mm) 2 (> 2 mm) 0 (> 20 mm)
Heat Base:  18.3  Cool Base:  18.3  Method: Integration