NOAA Reports/Αναφορές NOAA

Select a Year or Month report
2021 > Jan Feb Mar Apr May Jun Jul Aug Sep Oct Nov Dec
2020 > Jan Feb Mar Apr May Jun Jul Aug Sep Oct Nov Dec
2019 > Jan Feb Mar Apr May Jun Jul Aug Sep Oct Nov Dec
2018 > Jan Feb Mar Apr May Jun Jul Aug Sep Oct Nov Dec
2017 > Jan Feb Mar Apr May Jun Jul Aug Sep Oct Nov Dec

Report for 2018 Nov
                   MONTHLY CLIMATOLOGICAL SUMMARY for NOV. 2018

NAME: Makry Gialos Weather Station   CITY: Makry Gialos   STATE: Greece 
ELEV:     8 m  LAT:  35 24' 00" N  LONG:  25 54' 00" E

                   TEMPERATURE (C), RAIN  (mm), WIND SPEED (km/hr)

                                      HEAT  COOL        AVG
    MEAN                              DEG   DEG         WIND                 DOM
DAY TEMP  HIGH   TIME   LOW    TIME   DAYS  DAYS  RAIN  SPEED HIGH   TIME    DIR
------------------------------------------------------------------------------------
 1  22.7  28.3   11:30  17.9    4:05   0.0   4.3   0.0   6.1  27.4    6:15    SE
 2  21.7  26.4   10:35  17.5    6:10   0.0   3.5   0.0   4.5  29.0    4:00    SE
 3  21.2  26.2   11:30  16.6    2:35   0.1   3.0   0.0   7.4  25.7    6:30   ESE
 4  20.9  25.6   13:00  18.1    6:40   0.0   2.6   0.0   5.8  29.0   16:05    SE
 5  20.9  25.3   14:40  17.1    5:30   0.1   2.7   0.0   7.1  38.6   22:05   ENE
 6  20.4  23.4   11:25  17.9   23:50   0.0   2.2   0.0  11.9  38.6    6:35   ENE
 7  20.2  24.8   13:00  16.7    5:05   0.2   2.0   0.0   5.0  29.0    1:50   ENE
 8  20.0  24.4   11:50  17.7    3:00   0.0   1.7   0.0   4.7  27.4    8:20   ENE
 9  18.4  22.9   13:35  15.5    4:50   0.7   0.8  10.6   5.5  30.6   19:45   ENE
10  20.1  24.7   12:20  17.2    6:45   0.1   1.9   0.0   4.3  29.0   12:35    SE
11  19.5  23.4   12:45  16.1    6:00   0.2   1.4   0.0   4.0  19.3    9:35    SE
12  20.0  23.0   12:15  18.3    0:25   0.0   1.7   0.0  10.9  38.6   10:10   ENE
13  18.7  20.1   10:10  17.6   17:10   0.1   0.5   0.0  17.7  53.1   14:35   ENE
14  17.7  18.9    0:55  16.5   22:20   0.7   0.1   0.0  21.7  67.6   10:05   ENE
15  17.2  18.7   14:05  16.2   23:05   1.2   0.0   0.0  17.7  54.7   16:35   ENE
16  16.1  19.8   14:30  13.0   23:45   2.3   0.1   3.8   6.6  30.6    0:10   ENE
17  19.2  23.1   15:00  12.9    0:50   0.8   1.8  17.2   6.4  46.7    3:45   ENE
18  21.4  22.4   10:35  20.9    0:05   0.0   3.1   0.0  13.8  33.8    6:40   WSW
19  21.3  24.9   12:35  17.1   00:00   0.1   3.1   0.0   6.8  35.4    3:05   ENE
20  20.0  24.9   12:20  16.5    5:55   0.4   2.1   0.0   3.1  19.3   14:00   ENE
21  21.1  24.1   11:10  16.8   23:20   0.1   2.8   0.0   3.4  24.1    8:35   ENE
22  19.7  23.0   14:00  15.8    2:55   0.2   1.6   0.0   5.8  29.0   10:20   ENE
23  17.1  18.3    0:05  15.7   00:00   1.2   0.0   0.2   8.7  43.5   13:10   ENE
24  16.7  18.6   13:00  15.5   00:00   1.6   0.0   0.0  20.4  62.8    1:15   ENE
25  16.9  20.1   13:25  14.7    3:25   1.6   0.2   0.0   3.4  25.7    4:55   ENE
26  18.1  21.1   14:35  15.4    7:25   0.7   0.5   6.6   2.4  19.3    0:15   ENE
27  20.7  22.0    9:30  19.8    0:05   0.0   2.4   0.0   7.6  29.0   19:05    SW
28  18.8  21.3   13:30  15.6   23:35   0.4   0.9   2.4   4.5  33.8   14:30   ENE
29  16.3  21.4   13:15  14.1    4:00   2.3   0.3   3.6   2.1  16.1   18:50   ENE
30  14.2  15.6   12:25  13.3   22:35   4.1   0.0  18.0  15.1  59.5   14:05   ENE
-------------------------------------------------------------------------------------
    19.2  28.3     1    12.9    17    19.3  47.4  62.4   8.1  67.6    14     ENE

Max >=  32.0:  0
Max <=   0.0:  0
Min <=   0.0:  0
Min <= -18.0:  0
Max Rain: 18.01 ON 30/11/18
Days of Rain: 8 (> .2 mm) 7 (> 2 mm) 0 (> 20 mm)
Heat Base:  18.3  Cool Base:  18.3  Method: Integration