NOAA Reports/Αναφορές NOAA

Select a Year or Month report
2021 > Jan Feb Mar Apr May Jun Jul Aug Sep Oct Nov Dec
2020 > Jan Feb Mar Apr May Jun Jul Aug Sep Oct Nov Dec
2019 > Jan Feb Mar Apr May Jun Jul Aug Sep Oct Nov Dec
2018 > Jan Feb Mar Apr May Jun Jul Aug Sep Oct Nov Dec
2017 > Jan Feb Mar Apr May Jun Jul Aug Sep Oct Nov Dec

Report for 2018 Dec
                   MONTHLY CLIMATOLOGICAL SUMMARY for DEC. 2018

NAME: Makry Gialos Weather Station   CITY: Makry Gialos   STATE: Greece 
ELEV:     8 m  LAT:  35 24' 00" N  LONG:  25 54' 00" E

                   TEMPERATURE (C), RAIN  (mm), WIND SPEED (km/hr)

                                      HEAT  COOL        AVG
    MEAN                              DEG   DEG         WIND                 DOM
DAY TEMP  HIGH   TIME   LOW    TIME   DAYS  DAYS  RAIN  SPEED HIGH   TIME    DIR
------------------------------------------------------------------------------------
 1  14.3  16.6   11:35  13.1    6:05   4.0   0.0   0.0  12.1  48.3    0:35   ENE
 2  14.2  16.4   10:45  11.2    1:50   4.1   0.0   0.0   3.2  22.5   15:45    SE
 3  15.4  16.7   10:40  14.0   13:55   2.9   0.0  10.4   6.9  33.8   20:30   ESE
 4  15.9  17.6   13:30  15.0   21:25   2.4   0.0   0.2  12.7  48.3    2:25   ENE
 5  15.9  17.4   10:35  14.8   23:35   2.4   0.0   1.0   8.9  38.6   23:25   ENE
 6  14.3  15.7    0:25  11.8   23:50   4.0   0.0   0.2  12.4  59.5    0:55   ENE
 7  12.6  14.2   13:15  11.6    7:00   5.7   0.0   0.0  19.8  72.4   16:20   ENE
 8  14.2  19.0   15:10  11.4   00:00   4.1   0.0   0.0   6.3  37.0    0:35   ENE
 9  14.8  19.4   14:55  11.2    1:05   3.6   0.1   7.8   3.5  24.1   11:05   ENE
10  15.8  20.3   12:10  11.5    3:20   2.8   0.3   1.2   5.8  41.8   16:05   ENE
11  14.4  18.4   15:00  11.1    4:45   3.8   0.0   1.8   3.5  27.4   16:10   ENE
12  13.5  15.8   12:30  11.3    1:20   4.8   0.0   0.2   7.7  37.0    3:15   ENE
13  14.4  18.1   16:30   8.6    4:45   3.9   0.0  22.6   5.6  32.2   14:50   WSW
14  18.7  21.7   10:45  15.4   20:30   0.4   0.8   0.0   4.0  20.9    1:35   ENE
15  18.9  20.1   14:00  17.3   10:30   0.0   0.6   1.4  16.4  45.1   16:25   WSW
16  17.1  19.9   10:15  12.9   23:45   1.5   0.3   9.0  10.5  43.5    4:20   WSW
17  15.6  20.3   15:40  12.3   21:55   2.8   0.1   0.0   4.3  25.7    9:40   ENE
18  14.5  18.0   14:45  11.7   20:10   3.8   0.0  18.2   3.5  29.0    4:40   ENE
19  12.8  14.6    3:40  11.1   17:55   5.5   0.0   2.6   6.8  38.6   23:20   ENE
20  13.1  14.8   12:35  11.9    1:05   5.2   0.0   0.0  14.3  56.3    7:35   ENE
21  14.2  17.9   11:00  12.7    6:30   4.1   0.0   0.0   7.2  32.2    0:05   ENE
22  14.2  19.0   14:20   9.8    7:20   4.1   0.0   0.0   2.1  11.3    1:10   ENE
23  14.4  18.0    9:55  11.1    3:05   3.8   0.0   0.0   3.4  20.9   15:25   ENE
24  15.8  19.8   13:40  11.7    7:30   2.7   0.1   0.0   3.4  24.1   23:10   ENE
25  16.2  19.6   11:50  11.3   00:00   2.3   0.1   8.4   8.5  59.5   23:05   ENE
26  10.8  11.9    0:55   9.3   16:00   7.5   0.0   0.4  14.8  57.9    8:55     E
27  10.8  12.3   14:05   9.1   11:20   7.5   0.0   1.2  13.5  57.9    2:00   ENE
28  12.3  13.8   12:50  11.4    6:15   6.0   0.0   0.0  14.2  57.9    2:55   ENE
29  12.7  15.9   15:05   9.8   21:00   5.6   0.0   0.0   3.4  30.6   13:35   ENE
30  13.4  17.9   11:05   9.4    7:05   4.9   0.0   0.0   2.7  20.9    1:25   ENE
31  11.5  15.3   14:10   8.3    6:15   6.8   0.0  17.2   5.5  37.0   15:25   ENE
-------------------------------------------------------------------------------------
    14.4  21.7    14     8.3    31   123.2   2.6 103.8   8.0  72.4     7     ENE

Max >=  32.0:  0
Max <=   0.0:  0
Min <=   0.0:  0
Min <= -18.0:  0
Max Rain: 22.61 ON 13/12/18
Days of Rain: 17 (> .2 mm) 8 (> 2 mm) 1 (> 20 mm)
Heat Base:  18.3  Cool Base:  18.3  Method: Integration