NOAA Reports/Αναφορές NOAA

Select a Year or Month report
2021 > Jan Feb Mar Apr May Jun Jul Aug Sep Oct Nov Dec
2020 > Jan Feb Mar Apr May Jun Jul Aug Sep Oct Nov Dec
2019 > Jan Feb Mar Apr May Jun Jul Aug Sep Oct Nov Dec
2018 > Jan Feb Mar Apr May Jun Jul Aug Sep Oct Nov Dec
2017 > Jan Feb Mar Apr May Jun Jul Aug Sep Oct Nov Dec

Report for 2019 Jan
                   MONTHLY CLIMATOLOGICAL SUMMARY for JAN. 2019

NAME: Makry Gialos Weather Station   CITY: Makry Gialos   STATE: Greece 
ELEV:     8 m  LAT:  35 24' 00" N  LONG:  25 54' 00" E

                   TEMPERATURE (C), RAIN  (mm), WIND SPEED (km/hr)

                                      HEAT  COOL        AVG
    MEAN                              DEG   DEG         WIND                 DOM
DAY TEMP  HIGH   TIME   LOW    TIME   DAYS  DAYS  RAIN  SPEED HIGH   TIME    DIR
------------------------------------------------------------------------------------
 1  13.4  18.7   14:25   9.7    7:35   4.9   0.0   8.8   2.1  29.0   17:00   ENE
 2  11.5  16.5   11:15   8.5    6:30   6.8   0.0   5.0   5.6  41.8   17:40   ENE
 3  12.6  17.3   15:35   8.1    1:05   5.7   0.0  12.4   5.8  37.0    9:20   ENE
 4  11.4  15.3   13:35   8.1    7:45   6.8   0.0   2.6   2.9  24.1   17:10   ENE
 5   9.3  13.9   12:00   6.2   22:05   9.0   0.0   3.6   3.7  27.4   12:40   ENE
 6   9.6  14.0   15:55   4.9    5:45   8.7   0.0   8.6   5.6  35.4    5:35   ENE
 7  10.3  15.3   13:00   6.9   21:40   8.0   0.0   3.8   6.4  35.4   21:30   ENE
 8   6.3   8.3    2:00   3.4   23:05  12.0   0.0  19.0  10.3  53.1    7:40   ENE
 9  10.6  15.7   13:15   3.1    3:50   7.7   0.0   0.0   4.5  32.2   22:45    NE
10  15.8  17.2   14:15  14.6    1:40   2.5   0.0   0.2   8.9  32.2    0:15    SW
11  16.3  18.4   13:55  15.5   19:40   2.0   0.0   0.0   9.0  30.6   23:45    SW
12  16.1  17.5   10:55  10.0   23:05   2.2   0.0  13.8  15.6  38.6   22:30   WSW
13  11.8  12.8   10:05  10.2    0:45   6.5   0.0  18.6   7.7  35.4    4:25   ENE
14  11.6  16.1   13:25   8.0    3:35   6.7   0.0  10.6   2.1  16.1    6:10   ENE
15  12.2  15.9    9:45   8.1   23:45   6.1   0.0  37.6  11.9  51.5   21:15   ENE
16   8.2  10.9   15:20   4.6    5:40  10.1   0.0  43.6  15.6  66.0    7:45   ENE
17  10.6  15.9   10:25   5.9    5:35   7.7   0.0   0.0   3.5  24.1    1:15   ENE
18  12.3  17.4   12:35   7.7    0:20   6.0   0.0   0.0   3.2  17.7   11:15   ENE
19  13.3  16.8   11:50  10.5    5:00   5.0   0.0   0.0   2.7  14.5    2:50   ENE
20  14.1  16.9   13:30  12.2    5:30   4.2   0.0   5.2   5.5  37.0   23:15   ENE
21  14.9  19.2   13:40  11.2   21:45   3.4   0.0   1.4   4.7  30.6    2:45   ENE
22  13.8  18.7   13:20   9.7    7:25   4.5   0.0   0.0   2.9  17.7   14:30   ENE
23  16.1  17.2   10:40  13.4    0:10   2.2   0.0   0.2  17.5  53.1   19:50   WSW
24  14.9  16.8    4:25  11.8   10:35   3.4   0.0   4.0  12.2  53.1    1:15   NNE
25  16.4  17.6   18:40  12.4   19:55   1.9   0.0   3.8  21.1  56.3   10:25   WSW
26  11.9  15.0   13:05   9.1   21:00   6.3   0.0  33.0   3.9  33.8    1:50   ENE
27  13.5  18.7   14:55   9.1    5:00   4.8   0.0   0.0   5.1  29.0   19:40   ENE
28  13.3  17.6   12:10   8.4    6:45   5.0   0.0   0.6   3.5  20.9   13:10    NE
29  16.2  17.2   13:15  14.8    1:10   2.1   0.0   0.0  18.5  53.1   23:55   WSW
30  14.3  17.0   12:30  10.2   22:15   4.0   0.0   8.0   9.7  51.5    2:15    SW
31  13.3  15.4   14:25  10.2   00:00   5.0   0.0   7.0   5.8  35.4   14:50   NNE
-------------------------------------------------------------------------------------
    12.8  19.2    21     3.1     9   171.0   0.0 251.4   7.7  66.0    16     ENE

Max >=  32.0:  0
Max <=   0.0:  0
Min <=   0.0:  0
Min <= -18.0:  0
Max Rain: 43.61 ON 16/01/19
Days of Rain: 23 (> .2 mm) 19 (> 2 mm) 3 (> 20 mm)
Heat Base:  18.3  Cool Base:  18.3  Method: Integration