NOAA Reports/Αναφορές NOAA

Select a Year or Month report
2021 > Jan Feb Mar Apr May Jun Jul Aug Sep Oct Nov Dec
2020 > Jan Feb Mar Apr May Jun Jul Aug Sep Oct Nov Dec
2019 > Jan Feb Mar Apr May Jun Jul Aug Sep Oct Nov Dec
2018 > Jan Feb Mar Apr May Jun Jul Aug Sep Oct Nov Dec
2017 > Jan Feb Mar Apr May Jun Jul Aug Sep Oct Nov Dec

Report for 2019 Mar
                   MONTHLY CLIMATOLOGICAL SUMMARY for MAR. 2019

NAME: Makry Gialos Weather Station   CITY: Makry Gialos   STATE: Greece 
ELEV:     8 m  LAT:  35 24' 00" N  LONG:  25 54' 00" E

                   TEMPERATURE (C), RAIN  (mm), WIND SPEED (km/hr)

                                      HEAT  COOL        AVG
    MEAN                              DEG   DEG         WIND                 DOM
DAY TEMP  HIGH   TIME   LOW    TIME   DAYS  DAYS  RAIN  SPEED HIGH   TIME    DIR
------------------------------------------------------------------------------------
 1  12.4  17.9   12:10   6.9    4:45   5.9   0.0   0.0   3.7  22.5   14:50    NE
 2  14.2  18.9   14:10   9.1    6:30   4.1   0.0   1.0   4.3  22.5   12:25    NE
 3  14.6  18.2   14:25  10.4    4:00   3.7   0.0   2.4   7.4  35.4   13:40   ENE
 4  14.0  17.6   13:10  11.1   23:45   4.3   0.0   0.0   6.6  35.4   11:20   ENE
 5  13.2  18.6   13:15   7.9    6:15   5.1   0.0   0.0   2.9  12.9   11:30   ENE
 6  14.7  19.2   12:55  11.1    6:35   3.8   0.1   0.0   2.9  20.9   13:20   ENE
 7  14.3  18.8   15:40  10.3    2:55   4.0   0.0   0.0   2.3  11.3   10:55   ENE
 8  14.4  19.3   14:45   9.8    6:45   4.0   0.1   0.0   2.3  12.9   15:40   ENE
 9  14.2  19.5   15:10   9.4    6:45   4.2   0.1   0.2   2.1  11.3   14:00    NE
10  15.4  20.8   14:20  11.2    3:55   3.2   0.3   0.0   3.4  12.9   15:35   ENE
11  15.9  20.4   13:40  10.5    3:10   2.8   0.4   0.0   2.9  17.7   13:50   ENE
12  15.8  19.8   12:55  12.1   23:50   2.6   0.1   0.4   3.5  30.6   22:30   ENE
13  13.6  17.0   11:55   9.4    7:10   4.7   0.0   9.6   5.5  32.2   21:10   ENE
14  14.8  18.6   14:20  11.3   23:50   3.5   0.0   0.2   8.0  41.8    1:50   ENE
15  13.6  18.8   11:10  10.7   22:20   4.7   0.0  11.6   5.1  35.4   16:35   ENE
16  14.1  17.6   15:15  10.1    5:55   4.2   0.0   9.6   7.2  43.5    9:50   ENE
17  14.9  20.3   16:10   9.7    5:45   3.7   0.2   0.0   2.4  12.9   10:45   ENE
18  14.9  19.6   13:10  10.1    6:40   3.5   0.2   0.0   3.1  17.7   12:05   ENE
19  15.2  18.8   15:10  11.6    6:30   3.1   0.0   0.0   3.4  14.5   11:55   ENE
20  15.1  18.6   17:05  11.4    6:15   3.3   0.0   0.0   4.2  20.9   15:20   ENE
21  17.1  20.3   13:40  12.8    2:25   1.6   0.4   0.0  11.9  48.3   15:30   ENE
22  17.1  20.3   13:25  15.2   23:55   1.5   0.3   0.0  15.9  51.5    6:40   ENE
23  17.4  21.8   10:45  15.1    0:40   1.6   0.7   0.0  13.7  53.1   20:30   ENE
24  15.6  17.4   11:35  13.9   22:20   2.7   0.0   0.2  23.7  80.5   15:10   ENE
25  15.6  18.9   14:20  13.1   00:00   2.7   0.0   0.0  16.1  66.0   10:20   ENE
26  15.6  20.7   14:20   9.6    5:25   2.9   0.2   0.0   4.0  19.3   17:45   ENE
27  16.0  18.9   17:00  11.7    6:20   2.4   0.1   0.0   4.0  14.5   11:15   WSW
28  15.3  16.3   12:00  14.1   18:35   3.0   0.0  11.2   8.7  33.8   21:40   SSW
29  13.8  16.1    9:20  11.4   18:35   4.5   0.0  46.8  12.9  59.5   23:15   ENE
30  12.7  13.8   14:05  11.0    7:40   5.6   0.0   0.2  24.1  77.2    1:15   ENE
31  14.1  16.2   14:10  12.9    3:20   4.1   0.0   0.0  19.2  59.5   15:10   ENE
-------------------------------------------------------------------------------------
    14.8  21.8    23     6.9     1   111.1   3.2  93.4   7.7  80.5    24     ENE

Max >=  32.0:  0
Max <=   0.0:  0
Min <=   0.0:  0
Min <= -18.0:  0
Max Rain: 46.81 ON 29/03/19
Days of Rain: 12 (> .2 mm) 6 (> 2 mm) 1 (> 20 mm)
Heat Base:  18.3  Cool Base:  18.3  Method: Integration