NOAA Reports/Αναφορές NOAA

Select a Year or Month report
2021 > Jan Feb Mar Apr May Jun Jul Aug Sep Oct Nov Dec
2020 > Jan Feb Mar Apr May Jun Jul Aug Sep Oct Nov Dec
2019 > Jan Feb Mar Apr May Jun Jul Aug Sep Oct Nov Dec
2018 > Jan Feb Mar Apr May Jun Jul Aug Sep Oct Nov Dec
2017 > Jan Feb Mar Apr May Jun Jul Aug Sep Oct Nov Dec

Report for 2019 Apr
                   MONTHLY CLIMATOLOGICAL SUMMARY for APR. 2019

NAME: Makry Gialos Weather Station   CITY: Makry Gialos   STATE: Greece 
ELEV:     8 m  LAT:  35 24' 00" N  LONG:  25 54' 00" E

                   TEMPERATURE (C), RAIN  (mm), WIND SPEED (km/hr)

                                      HEAT  COOL        AVG
    MEAN                              DEG   DEG         WIND                 DOM
DAY TEMP  HIGH   TIME   LOW    TIME   DAYS  DAYS  RAIN  SPEED HIGH   TIME    DIR
------------------------------------------------------------------------------------
 1  15.1  17.7   14:05  13.4    5:15   3.2   0.0   0.0  12.6  53.1    9:25   ENE
 2  15.8  18.8   11:35  13.6    5:20   2.5   0.0   0.0   6.4  27.4    1:50   ENE
 3  15.2  19.5   15:50  10.5    7:35   3.2   0.1   0.0   3.1  14.5   19:05   WSW
 4  15.1  18.4   10:25  12.2    3:00   3.2   0.0  27.2   4.3  17.7   14:00   ENE
 5  14.8  17.0   15:45  11.8    4:35   3.5   0.0   2.8   5.1  29.0   23:40   WSW
 6  15.8  17.7   17:15  14.3   12:40   2.5   0.0 115.0  16.3  75.6    5:15    SW
 7  16.8  19.2   16:50  13.9   23:25   1.6   0.1   3.0   3.5  17.7    0:15   WSW
 8  15.6  19.6   11:45  12.7    5:35   2.8   0.1   5.8   3.5  24.1   20:20   ENE
 9  15.6  19.0   13:25  11.4    5:55   2.8   0.1   0.0   6.1  32.2   15:15   ENE
10  15.6  19.8   15:15  10.5    6:20   2.9   0.2   0.0   4.7  29.0   11:00   ENE
11  15.8  20.4   12:45  11.3    6:35   2.9   0.4   0.0   2.3  11.3    9:55   ENE
12  16.8  21.3   10:45  12.3    2:45   2.1   0.6   0.0   4.2  16.1   19:05    SW
13  17.1  19.2   14:05  13.8    2:10   1.3   0.1   0.0   6.0  32.2   21:15   ENE
14  17.8  21.4   13:35  14.6    1:05   1.2   0.7   0.0   6.4  37.0    8:00   ENE
15  16.4  20.4   14:40  12.4   00:00   2.3   0.4   0.4   3.5  27.4   22:45   ENE
16  15.2  19.4   15:10  12.3    0:10   3.1   0.0   1.0   9.2  45.1   22:15   ENE
17  16.5  20.2   14:50  13.6    3:10   2.1   0.3   0.0   8.4  43.5   10:55   ENE
18  16.1  19.6   15:25  11.8    2:25   2.3   0.1   0.0   7.1  30.6   20:10   ENE
19  15.3  17.4   14:10  13.9   22:05   3.0   0.0   0.0  11.7  48.3   16:50   ENE
20  15.4  18.9   12:45  13.7    2:20   2.9   0.0   0.2  11.1  46.7    2:40   ENE
21  14.7  16.9   15:50  12.7    5:55   3.6   0.0   0.0  13.4  57.9   16:05   ENE
22  15.7  19.7   14:05  13.3    6:30   2.7   0.1   0.0  12.1  53.1   12:10   ENE
23  15.8  19.3   14:20  11.2    6:25   2.6   0.1   0.0   3.1  14.5   17:55   WSW
24  17.8  22.4   12:50  12.7    6:50   1.7   1.2   0.0   2.6  12.9   12:30   ENE
25  19.0  23.8   16:10  14.2    2:30   1.0   1.8   0.0   1.9   9.7   11:00   ENE
26  19.6  23.8   13:20  16.5    0:35   0.3   1.6   0.0   3.4  22.5    2:25   ENE
27  20.1  24.5    9:25  15.8    5:30   0.4   2.1   0.0   2.9  16.1   17:05   ENE
28  18.7  22.7   10:35  15.8   23:35   0.6   1.0   0.0   5.8  30.6   13:20    SW
29  18.1  22.4   17:00  14.4    6:15   1.3   1.1   0.0   2.7  12.9   11:40   ENE
30  17.6  22.8   15:45  11.7    4:10   2.0   1.3   0.0   2.6  16.1   13:00   ENE
-------------------------------------------------------------------------------------
    16.5  24.5    27    10.5     3    67.8  13.2 155.4   6.2  75.6     6     ENE

Max >=  32.0:  0
Max <=   0.0:  0
Min <=   0.0:  0
Min <= -18.0:  0
Max Rain: 115.01 ON 06/04/19
Days of Rain: 8 (> .2 mm) 5 (> 2 mm) 2 (> 20 mm)
Heat Base:  18.3  Cool Base:  18.3  Method: Integration