NOAA Reports/Αναφορές NOAA

Select a Year or Month report
2021 > Jan Feb Mar Apr May Jun Jul Aug Sep Oct Nov Dec
2020 > Jan Feb Mar Apr May Jun Jul Aug Sep Oct Nov Dec
2019 > Jan Feb Mar Apr May Jun Jul Aug Sep Oct Nov Dec
2018 > Jan Feb Mar Apr May Jun Jul Aug Sep Oct Nov Dec
2017 > Jan Feb Mar Apr May Jun Jul Aug Sep Oct Nov Dec

Report for 2019 May
                   MONTHLY CLIMATOLOGICAL SUMMARY for MAY. 2019

NAME: Makry Gialos Weather Station   CITY: Makry Gialos   STATE: Greece 
ELEV:     8 m  LAT:  35 24' 00" N  LONG:  25 54' 00" E

                   TEMPERATURE (C), RAIN  (mm), WIND SPEED (km/hr)

                                      HEAT  COOL        AVG
    MEAN                              DEG   DEG         WIND                 DOM
DAY TEMP  HIGH   TIME   LOW    TIME   DAYS  DAYS  RAIN  SPEED HIGH   TIME    DIR
------------------------------------------------------------------------------------
 1  17.2  20.2   12:20  13.3    6:20   1.6   0.4   4.0   4.0  24.1    8:50    SW
 2  17.6  20.7   17:25  13.8    6:05   1.2   0.5   0.0   6.0  22.5   12:30    SW
 3  18.1  22.3   16:00  14.0    6:35   1.3   1.1   0.0   3.1  14.5   11:20   ENE
 4  17.1  21.4   13:00  12.3    6:50   1.7   0.5   0.0   2.4  11.3   10:15   ENE
 5  18.9  21.7   17:40  16.0    0:05   0.4   1.0   0.0   4.8  32.2   11:35    SW
 6  18.9  22.5   12:25  15.6   23:55   0.7   1.3   0.0   2.7  20.9   15:55   ENE
 7  17.3  21.0   14:20  13.4    5:45   1.5   0.5   0.0   5.1  29.0   20:10   ENE
 8  16.7  19.7   10:50  11.4    6:35   1.9   0.2   0.0   4.2  22.5    1:20   ENE
 9  17.4  21.7   13:40  12.8    2:10   1.7   0.8   0.0   2.6  19.3    3:00    SW
10  17.4  21.5   15:00  13.9    2:55   1.6   0.8   0.0   2.4  17.7   12:00   ENE
11  18.6  24.7   15:40  12.8    6:40   1.4   1.7   0.0   4.2  27.4   19:20   ENE
12  19.4  23.6   14:35  14.4    5:50   0.6   1.8   0.0   3.5  30.6   10:25    SW
13  19.0  24.7   17:05  13.6    5:45   1.1   1.8   0.0   2.4  11.3   10:55    SW
14  20.4  24.0    9:40  17.7    2:10   0.0   2.2   0.0   4.3  14.5    1:00   WSW
15  20.9  24.6   16:10  16.5    6:10   0.1   2.8   0.0   5.8  30.6   15:55    SW
16  19.7  22.3   16:30  16.1   00:00   0.2   1.6   0.0   5.0  22.5    9:05   WSW
17  19.2  23.7   12:30  13.9    5:40   1.0   1.9   0.0   4.0  30.6   19:50   ENE
18  20.1  24.0   16:55  15.1    5:25   0.4   2.1   0.0   3.2  19.3    1:35    SW
19  20.1  24.3   14:50  15.2    3:25   0.7   2.5   0.0   2.1  11.3   13:00    SW
20  21.2  24.2   11:10  18.5    6:10   0.0   2.9   0.0   2.9  12.9   13:50   ENE
21  23.1  29.7   15:50  18.5    1:50   0.0   4.8   0.0   2.6  32.2    4:10    SW
22  23.8  29.1   13:30  19.2    2:10   0.0   5.5   0.0   3.2  22.5   17:00   ENE
23  23.8  27.1   13:45  20.8   23:40   0.0   5.5   0.0   4.2  37.0   12:50    SW
24  22.1  25.8   16:35  18.3    6:25   0.0   3.8   0.0   6.4  35.4   19:50   ENE
25  20.4  23.8   18:20  16.1    6:20   0.2   2.3   0.0   3.7  17.7   12:25    SW
26  20.7  24.3   17:30  16.5    5:35   0.2   2.6   0.0   3.1  14.5   11:20   ENE
27  21.3  24.4   12:50  16.6    5:45   0.1   3.1   0.0   3.4  12.9   13:30   ENE
28  22.7  27.4   13:05  18.6    5:25   0.0   4.4   0.0   1.9   9.7   10:55    SW
29  21.8  25.0   15:35  17.9    5:25   0.0   3.5   0.0   3.4  19.3   21:55    SW
30  23.1  31.9   13:20  18.2    6:00   0.0   4.8   0.0   3.1  25.7   13:05   ENE
31  25.6  29.9   18:50  20.2    2:10   0.0   7.3   0.0   3.7  19.3   20:10   ENE
-------------------------------------------------------------------------------------
    20.1  31.9    30    11.4     8    19.8  76.1   4.0   3.7  37.0    23     ENE

Max >=  32.0:  0
Max <=   0.0:  0
Min <=   0.0:  0
Min <= -18.0:  0
Max Rain: 3.99 ON 01/05/19
Days of Rain: 1 (> .2 mm) 1 (> 2 mm) 0 (> 20 mm)
Heat Base:  18.3  Cool Base:  18.3  Method: Integration