NOAA Reports/Αναφορές NOAA

Select a Year or Month report
2021 > Jan Feb Mar Apr May Jun Jul Aug Sep Oct Nov Dec
2020 > Jan Feb Mar Apr May Jun Jul Aug Sep Oct Nov Dec
2019 > Jan Feb Mar Apr May Jun Jul Aug Sep Oct Nov Dec
2018 > Jan Feb Mar Apr May Jun Jul Aug Sep Oct Nov Dec
2017 > Jan Feb Mar Apr May Jun Jul Aug Sep Oct Nov Dec

Report for 2019 Jun
                   MONTHLY CLIMATOLOGICAL SUMMARY for JUN. 2019

NAME: Makry Gialos Weather Station   CITY: Makry Gialos   STATE: Greece 
ELEV:     8 m  LAT:  35 24' 00" N  LONG:  25 54' 00" E

                   TEMPERATURE (C), RAIN  (mm), WIND SPEED (km/hr)

                                      HEAT  COOL        AVG
    MEAN                              DEG   DEG         WIND                 DOM
DAY TEMP  HIGH   TIME   LOW    TIME   DAYS  DAYS  RAIN  SPEED HIGH   TIME    DIR
------------------------------------------------------------------------------------
 1  25.3  28.7   15:35  22.2   23:50   0.0   7.0   0.0   4.5  25.7    2:40    SW
 2  22.6  26.1   14:20  20.1    4:50   0.0   4.3   0.0   3.1  22.5   20:20    SW
 3  21.4  24.4   15:55  18.2    3:50   0.0   3.1   0.0   4.3  19.3   23:45    SW
 4  20.9  24.1   12:45  16.2    5:45   0.2   2.8   0.0   3.7  14.5   11:35    SW
 5  20.9  24.1   12:45  16.8    5:55   0.2   2.8   0.0   2.4  14.5   14:30    SW
 6  21.4  24.9   15:10  17.2    6:10   0.0   3.2   0.0   3.1  14.5   15:30    SW
 7  24.3  30.3   14:40  17.8    5:35   0.0   6.1   0.0   6.4  35.4   14:55   ENE
 8  27.4  30.3   14:50  24.8    5:40   0.0   9.1   0.0  18.0  59.5   16:45   ENE
 9  28.7  32.4   15:25  26.3   21:55   0.0  10.4   0.0  18.8  61.2   17:20   ENE
10  26.6  29.6   14:35  23.4   21:45   0.0   8.3   0.0  15.3  54.7    5:25   ENE
11  24.2  27.0   15:20  20.8    5:00   0.0   5.9   0.0   3.4  24.1    0:10    SW
12  24.1  26.6   11:20  20.8    6:20   0.0   5.8   0.0   3.2  12.9   12:25    SW
13  26.9  30.6   15:25  21.8    1:35   0.0   8.7   0.0  12.1  45.1   18:10   ENE
14  29.3  32.7   15:35  26.4    6:10   0.0  11.1   0.0  13.2  51.5    1:15   ENE
15  27.4  29.9   15:20  25.8   22:00   0.0   9.2   0.0  12.2  61.2   20:50   ENE
16  26.9  30.9   15:25  24.8    6:25   0.0   8.6   0.0  12.1  48.3    8:35   ENE
17  27.7  32.4   16:15  23.8    2:55   0.0   9.3   0.0   7.7  43.5   11:20   ENE
18  28.0  31.7   12:00  24.8    6:05   0.0   9.7   0.0   6.0  27.4    9:25   ENE
19  28.1  32.2   15:35  25.3    6:10   0.0   9.8   0.0   6.0  27.4   15:00   ENE
20  26.9  30.6   18:45  24.0    5:15   0.0   8.6   0.0   4.0  20.9   17:45   ENE
21  28.7  32.8   14:55  24.7    5:40   0.0  10.3   0.0   7.4  33.8   10:05   ENE
22  29.1  32.3   12:00  26.6    6:00   0.0  10.8   0.0   8.2  41.8   15:50   ENE
23  29.9  33.6   14:20  27.1    1:35   0.0  11.6   0.0  11.6  45.1   18:15   ENE
24  29.2  32.2   10:15  24.7   23:35   0.0  10.9   0.0   4.3  29.0    1:10    SW
25  25.7  28.4    8:10  22.9    3:10   0.0   7.4   0.0   3.9  17.7    9:20    SW
26  26.7  31.6   14:00  22.0    4:35   0.0   8.4   0.0   3.9  27.4   13:10   ENE
27  29.3  32.9   12:20  24.6    3:45   0.0  11.0   0.0  10.9  45.1   16:55   ENE
28  29.9  33.5   15:00  27.8    6:15   0.0  11.6   0.0  13.8  45.1   18:25   ENE
29  28.9  30.9   15:25  26.8   00:00   0.0  10.7   0.0  19.8  61.2   22:15   ENE
30  26.3  27.9   14:55  24.8    6:20   0.0   8.0   0.0  27.8  72.4   11:20   ENE
-------------------------------------------------------------------------------------
    26.4  33.6    23    16.2     4     0.4 244.1   0.0   9.0  72.4    30     ENE

Max >=  32.0: 10
Max <=   0.0:  0
Min <=   0.0:  0
Min <= -18.0:  0
Max Rain: 0.00 ON 01/06/19
Days of Rain: 0 (> .2 mm) 0 (> 2 mm) 0 (> 20 mm)
Heat Base:  18.3  Cool Base:  18.3  Method: Integration