NOAA Reports/Αναφορές NOAA

Select a Year or Month report
2021 > Jan Feb Mar Apr May Jun Jul Aug Sep Oct Nov Dec
2020 > Jan Feb Mar Apr May Jun Jul Aug Sep Oct Nov Dec
2019 > Jan Feb Mar Apr May Jun Jul Aug Sep Oct Nov Dec
2018 > Jan Feb Mar Apr May Jun Jul Aug Sep Oct Nov Dec
2017 > Jan Feb Mar Apr May Jun Jul Aug Sep Oct Nov Dec

Report for 2019 Jul
                   MONTHLY CLIMATOLOGICAL SUMMARY for JUL. 2019

NAME: Makry Gialos Weather Station   CITY: Makry Gialos   STATE: Greece 
ELEV:     8 m  LAT:  35 24' 00" N  LONG:  25 54' 00" E

                   TEMPERATURE (C), RAIN  (mm), WIND SPEED (km/hr)

                                      HEAT  COOL        AVG
    MEAN                              DEG   DEG         WIND                 DOM
DAY TEMP  HIGH   TIME   LOW    TIME   DAYS  DAYS  RAIN  SPEED HIGH   TIME    DIR
------------------------------------------------------------------------------------
 1  27.3  31.9   14:35  24.2    6:05   0.0   9.0   0.0  13.2  49.9    0:30   ENE
 2  25.1  28.8   16:40  20.5    5:10   0.0   6.8   0.0   3.7  16.1    0:10   ENE
 3  24.8  28.6   13:55  20.4    5:50   0.0   6.5   0.0   3.5  14.5    3:45    SW
 4  26.1  29.5   15:35  21.3    2:25   0.0   7.8   0.0   4.5  25.7   22:45    SW
 5  31.1  34.8   17:15  24.3    1:45   0.0  12.8   0.0  15.0  48.3   17:25   ENE
 6  30.8  33.9   13:15  28.2   23:35   0.0  12.5   0.0   8.5  40.2   15:45   ENE
 7  30.1  32.9   15:00  27.5    5:40   0.0  11.7   0.0  15.9  59.5   12:30   ENE
 8  28.3  30.6   15:25  25.3    6:25   0.0  10.1   0.0   3.9  27.4    0:20    SW
 9  29.4  36.8   11:00  24.6    3:55   0.0  11.1   0.0   3.1  24.1   10:15   ENE
10  30.1  35.7   18:10  25.4    6:35   0.0  11.7   0.0   3.5  30.6   17:25   ENE
11  28.9  34.9   15:05  25.8   21:50   0.0  10.7   0.0   8.0  49.9   18:00   ENE
12  26.6  29.3   16:00  24.6    4:30   0.0   8.3   0.0  13.2  48.3   12:50   ENE
13  26.5  29.6   11:20  22.3    3:30   0.0   8.2   0.0   4.0  20.9    7:55    SW
14  26.3  29.9   16:20  21.6    6:30   0.0   8.0   0.0   3.5  22.5   12:25   ENE
15  25.7  28.6   16:20  22.6    5:20   0.0   7.4   0.0   3.4  16.1   12:15    SW
16  25.4  27.9   13:40  22.4    4:30   0.0   7.1   0.0   6.9  30.6   19:20    SW
17  25.9  29.8   14:40  23.0    8:25   0.0   7.6   0.8   9.7  49.9   22:00   ENE
18  26.9  30.4   15:10  24.8    6:00   0.0   8.6   0.0  14.0  41.8    4:55   ENE
19  27.6  31.3   14:10  24.5    4:55   0.0   9.3   0.0  10.3  32.2   10:15   ENE
20  27.9  32.4   14:50  24.9    2:35   0.0   9.7   0.0  10.3  40.2   20:00   ENE
21  28.3  31.6   16:40  24.9    5:35   0.0  10.0   0.0  18.8  51.5   17:20   ENE
22  28.6  31.6   11:25  26.2    7:15   0.0  10.3   0.0  20.0  61.2   17:20   ENE
23  30.1  34.2   13:10  27.2    5:00   0.0  11.8   0.0  15.1  43.5   13:20   ENE
24  29.6  32.5   13:45  27.1    6:30   0.0  11.2   0.0  13.8  57.9   22:35   ENE
25  27.3  29.3   14:25  25.6    6:25   0.0   9.0   0.0  23.7  61.2    3:40   ENE
26  27.9  30.9   11:00  25.8   00:00   0.0   9.6   0.0  13.0  43.5    4:30   ENE
27  28.3  32.7   16:35  23.0    2:10   0.0  10.0   0.0   8.9  35.4   12:20   ENE
28  29.9  34.5   18:15  26.3   23:50   0.0  11.7   0.0   7.1  38.6    3:10   ENE
29  27.1  30.4   14:20  23.9    4:45   0.0   8.8   0.0   5.3  25.7   20:05    SW
30  26.3  28.8   17:25  23.0    5:35   0.0   8.1   0.0   2.7  14.5   00:00    SW
31  28.3  33.4   13:25  22.8    4:50   0.0  10.0   0.0   5.1  33.8   17:20   ENE
-------------------------------------------------------------------------------------
    27.8  36.8     9    20.4     3     0.0 295.2   0.8   9.4  61.2    22     ENE

Max >=  32.0: 12
Max <=   0.0:  0
Min <=   0.0:  0
Min <= -18.0:  0
Max Rain: 0.79 ON 17/07/19
Days of Rain: 1 (> .2 mm) 0 (> 2 mm) 0 (> 20 mm)
Heat Base:  18.3  Cool Base:  18.3  Method: Integration