NOAA Reports/Αναφορές NOAA

Select a Year or Month report
2021 > Jan Feb Mar Apr May Jun Jul Aug Sep Oct Nov Dec
2020 > Jan Feb Mar Apr May Jun Jul Aug Sep Oct Nov Dec
2019 > Jan Feb Mar Apr May Jun Jul Aug Sep Oct Nov Dec
2018 > Jan Feb Mar Apr May Jun Jul Aug Sep Oct Nov Dec
2017 > Jan Feb Mar Apr May Jun Jul Aug Sep Oct Nov Dec

Report for 2019 Aug
                   MONTHLY CLIMATOLOGICAL SUMMARY for AUG. 2019

NAME: Makry Gialos Weather Station   CITY: Makry Gialos   STATE: Greece 
ELEV:     8 m  LAT:  35 24' 00" N  LONG:  25 54' 00" E

                   TEMPERATURE (C), RAIN  (mm), WIND SPEED (km/hr)

                                      HEAT  COOL        AVG
    MEAN                              DEG   DEG         WIND                 DOM
DAY TEMP  HIGH   TIME   LOW    TIME   DAYS  DAYS  RAIN  SPEED HIGH   TIME    DIR
------------------------------------------------------------------------------------
 1  30.0  33.5   16:05  25.4    2:45   0.0  11.7   0.0  12.7  46.7    8:45   ENE
 2  31.3  34.1   15:20  28.5    0:05   0.0  13.1   0.0  15.4  48.3   10:45   ENE
 3  30.7  36.6   12:15  25.8   23:20   0.0  12.4   0.0   6.8  41.8    3:55   ENE
 4  28.7  34.9   13:40  24.9    4:55   0.0  10.4   0.0   6.9  35.4   21:35   ENE
 5  28.6  30.5   16:00  26.5   23:45   0.0  10.3   0.0  19.0  57.9   12:50   ENE
 6  26.9  29.3   13:05  25.2   23:50   0.0   8.7   0.0  26.1  70.8    5:10   ENE
 7  28.3  32.8   12:25  25.2    0:05   0.0  10.0   0.0  11.9  53.1    3:30   ENE
 8  28.0  32.1   11:35  23.6    4:15   0.0   9.7   0.0   3.5  17.7   22:00   ENE
 9  27.9  32.0    9:55  22.6    5:25   0.0   9.6   0.0   5.0  30.6   22:05    SW
10  29.4  35.2   14:35  23.6    6:20   0.0  11.1   0.0   5.1  35.4   21:50   ENE
11  30.2  33.9   10:50  26.7   22:05   0.0  11.9   0.0   5.0  37.0    0:35   ENE
12  27.8  32.6   11:05  24.2    6:55   0.0   9.5   0.0   5.5  24.1   12:05   ENE
13  27.4  31.2   16:25  23.3    5:25   0.0   9.1   0.0   3.5  17.7    0:30    SW
14  26.7  29.2   13:05  23.2    4:40   0.0   8.3   0.0   4.0  17.7   14:25    SW
15  26.9  29.7   16:45  23.6    5:25   0.0   8.6   0.0   2.6  12.9   13:10    SW
16  27.2  30.2   16:40  23.6    5:35   0.0   8.9   0.0   2.6  14.5   14:50    SW
17  28.2  33.1   14:20  24.1    6:50   0.0   9.9   0.0   6.4  35.4   10:35   ENE
18  26.4  28.6   14:50  25.0    5:25   0.0   8.1   0.0  18.8  72.4   17:45   ENE
19  26.7  29.3   14:25  24.9    3:30   0.0   8.4   0.0  15.9  53.1   11:05   ENE
20  27.4  31.3   11:55  25.0   22:35   0.0   9.1   0.0  10.9  43.5    5:00   ENE
21  26.9  31.0   17:45  21.3    6:15   0.0   8.7   0.0   5.3  38.6    0:40   ENE
22  29.2  32.7   15:20  26.3    0:10   0.0  10.9   0.0   8.4  40.2   18:25   ENE
23  30.9  34.9   16:15  28.0    7:35   0.0  12.6   0.0  12.1  48.3    1:40   ENE
24  29.3  33.7   10:50  26.3   23:50   0.0  11.0   0.0   5.0  30.6    1:25    SW
25  27.8  32.1    9:50  24.7    6:20   0.0   9.5   0.0   4.0  22.5   10:45    SW
26  28.7  33.6   10:45  25.6    2:10   0.0  10.4   0.0   4.8  20.9    5:10    SW
27  29.3  33.4   17:05  24.9    2:55   0.0  11.0   0.0   6.1  33.8   18:55   ENE
28  29.3  32.9   11:15  26.4   00:00   0.0  11.0   0.0   7.7  35.4    3:20     E
29  28.4  31.9   16:00  24.7    4:45   0.0  10.1   0.0   6.0  35.4   23:45   ENE
30  28.3  30.7   16:50  26.0    4:10   0.0  10.0   0.0   8.9  37.0   16:40     E
31  27.0  30.2   12:45  24.8    1:50   0.0   8.7   0.0  13.8  41.8    7:30   ENE
-------------------------------------------------------------------------------------
    28.4  36.6     3    21.3    21     0.0 312.6   0.0   8.7  72.4    18     ENE

Max >=  32.0: 18
Max <=   0.0:  0
Min <=   0.0:  0
Min <= -18.0:  0
Max Rain: 0.00 ON 01/08/19
Days of Rain: 0 (> .2 mm) 0 (> 2 mm) 0 (> 20 mm)
Heat Base:  18.3  Cool Base:  18.3  Method: Integration