NOAA Reports/Αναφορές NOAA

Select a Year or Month report
2021 > Jan Feb Mar Apr May Jun Jul Aug Sep Oct Nov Dec
2020 > Jan Feb Mar Apr May Jun Jul Aug Sep Oct Nov Dec
2019 > Jan Feb Mar Apr May Jun Jul Aug Sep Oct Nov Dec
2018 > Jan Feb Mar Apr May Jun Jul Aug Sep Oct Nov Dec
2017 > Jan Feb Mar Apr May Jun Jul Aug Sep Oct Nov Dec

Report for 2019 Sep
                   MONTHLY CLIMATOLOGICAL SUMMARY for SEP. 2019

NAME: Makry Gialos Weather Station   CITY: Makry Gialos   STATE: Greece 
ELEV:     8 m  LAT:  35 24' 00" N  LONG:  25 54' 00" E

                   TEMPERATURE (C), RAIN  (mm), WIND SPEED (km/hr)

                                      HEAT  COOL        AVG
    MEAN                              DEG   DEG         WIND                 DOM
DAY TEMP  HIGH   TIME   LOW    TIME   DAYS  DAYS  RAIN  SPEED HIGH   TIME    DIR
------------------------------------------------------------------------------------
 1  26.7  30.0   12:55  24.2    1:05   0.0   8.4   0.0  12.2  37.0   17:05   ENE
 2  27.1  30.9   13:45  24.9    0:05   0.0   8.7   0.0  12.6  37.0   12:00   ENE
 3  28.4  32.7   14:50  24.2    5:00   0.0  10.1   0.0   8.4  38.6    8:00   ENE
 4  27.9  31.1   10:45  24.9   23:55   0.0   9.6   0.0   9.3  49.9    5:25   ENE
 5  25.7  29.1   17:00  21.8    6:20   0.0   7.4   0.0   3.4  12.9   20:40    SW
 6  25.8  28.5   16:00  22.2    6:45   0.0   7.5   0.0   3.4  12.9    0:35    SW
 7  26.8  30.8   15:40  24.0    2:15   0.0   8.6   0.0   8.7  38.6   16:05     E
 8  27.1  31.4   15:15  24.9    2:10   0.0   8.8   0.0  15.9  61.2   22:30   ENE
 9  27.6  31.4   15:55  25.3   21:55   0.0   9.2   0.0  12.4  54.7    0:20   ENE
10  27.2  31.0   14:55  24.8   23:40   0.0   8.9   0.0  15.3  48.3    4:30   ENE
11  26.5  29.3   11:40  24.6    6:55   0.0   8.2   0.0   8.7  35.4    0:10   ENE
12  26.4  29.9   12:20  23.6    1:55   0.0   8.1   0.0  12.9  51.5   15:20   ENE
13  25.2  27.3   13:50  24.1   22:15   0.0   6.9   0.0  17.9  69.2    7:05   ENE
14  24.8  26.5   15:25  23.3    6:35   0.0   6.5   0.0  23.5  82.1   16:30   ENE
15  25.4  28.4   14:35  23.7    6:00   0.0   7.2   0.0  22.7  62.8   11:30   ENE
16  26.1  29.9   16:00  23.4   22:35   0.0   7.7   0.0  13.7  56.3    3:25   ENE
17  24.5  28.3   15:50  19.1    6:35   0.0   6.2   0.0   3.1  24.1    1:55    SW
18  23.2  27.8   15:25  18.9    6:00   0.0   4.9   0.0   2.6  12.9   13:10   ENE
19  23.5  27.4   15:30  19.0    6:35   0.0   5.2   0.0   2.7  11.3   11:00    SW
20  24.7  29.1   15:30  19.6    6:40   0.0   6.4   0.0   4.0  33.8   22:45   ENE
21  23.4  25.4   14:00  21.1   23:50   0.0   5.1   0.0  22.4  67.6   22:35   ENE
22  22.3  25.5   14:50  20.6    6:55   0.0   4.0   0.0  20.3  64.4    1:05   ENE
23  22.8  26.9   16:25  17.3    4:35   0.0   4.6   0.0   2.7  25.7    0:15    SW
24  23.7  28.0   14:05  18.6    5:35   0.0   5.4   0.0   3.4  19.3   20:50    NE
25  25.2  28.3   12:15  22.1    7:15   0.0   6.9   0.0   4.0  24.1   17:35    SW
26  24.8  27.9   15:25  20.6    7:50   0.0   6.5   0.0   2.7  20.9    1:05    SW
27  23.2  26.2   15:40  19.7    6:35   0.0   4.9   0.0   2.4  12.9   14:15    SW
28  25.8  30.3   12:05  20.7    2:05   0.0   7.5   0.0   7.7  33.8   14:30   ENE
29  25.6  29.4   12:45  21.2   23:55   0.0   7.2   0.0   9.3  37.0    7:05   ENE
30  23.1  27.8   14:50  18.3    4:05   0.0   4.8   0.0   2.4  12.9   14:00   ENE
-------------------------------------------------------------------------------------
    25.4  32.7     3    17.3    23     0.0 211.7   0.0   9.7  82.1    14     ENE

Max >=  32.0:  1
Max <=   0.0:  0
Min <=   0.0:  0
Min <= -18.0:  0
Max Rain: 0.00 ON 01/09/19
Days of Rain: 0 (> .2 mm) 0 (> 2 mm) 0 (> 20 mm)
Heat Base:  18.3  Cool Base:  18.3  Method: Integration