NOAA Reports/Αναφορές NOAA

Select a Year or Month report
2021 > Jan Feb Mar Apr May Jun Jul Aug Sep Oct Nov Dec
2020 > Jan Feb Mar Apr May Jun Jul Aug Sep Oct Nov Dec
2019 > Jan Feb Mar Apr May Jun Jul Aug Sep Oct Nov Dec
2018 > Jan Feb Mar Apr May Jun Jul Aug Sep Oct Nov Dec
2017 > Jan Feb Mar Apr May Jun Jul Aug Sep Oct Nov Dec

Report for 2019 Nov
                   MONTHLY CLIMATOLOGICAL SUMMARY for NOV. 2019

NAME: Makry Gialos Weather Station   CITY: Makry Gialos   STATE: Greece 
ELEV:     8 m  LAT:  35 24' 00" N  LONG:  25 54' 00" E

                   TEMPERATURE (C), RAIN  (mm), WIND SPEED (km/hr)

                                      HEAT  COOL        AVG
    MEAN                              DEG   DEG         WIND                 DOM
DAY TEMP  HIGH   TIME   LOW    TIME   DAYS  DAYS  RAIN  SPEED HIGH   TIME    DIR
------------------------------------------------------------------------------------
 1  20.7  25.8   12:25  17.5    6:30   0.0   2.4   5.8   3.4  27.4   14:40   ENE
 2  20.7  24.7   12:40  17.4   00:00   0.0   2.4   0.0   4.7  25.7   11:10    SE
 3  20.7  24.8   10:10  16.6    6:50   0.1   2.5   0.0   6.6  32.2   13:10    SW
 4  22.1  25.8   13:30  18.7   22:55   0.0   3.7   7.8   2.9  27.4    1:10   ENE
 5  22.0  25.8   10:40  18.6    3:20   0.0   3.7   0.0   2.1  12.9   15:05   ENE
 6  22.6  26.1   14:35  19.4    4:40   0.0   4.3   0.0   1.6   9.7   12:50    SW
 7  22.2  25.9   10:30  18.7    6:30   0.0   3.9   0.0   2.1  12.9   13:25   ENE
 8  21.9  26.3   12:50  19.0    5:55   0.0   3.6   0.0   2.3  12.9    8:20   ENE
 9  21.9  25.5    9:35  18.3    6:55   0.0   3.6   0.0   5.1  22.5   22:00    SW
10  22.1  25.4   12:25  18.6    7:05   0.0   3.7   1.8   3.4  24.1    1:55    SW
11  21.2  24.9   10:05  17.7   23:55   0.0   2.9   1.6   2.7  12.9    6:15   ENE
12  21.4  25.2    9:25  17.2    3:35   0.1   3.2   0.0   5.8  29.0   10:05    SW
13  21.2  24.2    9:05  16.1   22:20   0.3   3.1  26.0   5.1  33.8   19:45   ENE
14  18.6  23.5   14:20  15.3    2:10   1.2   1.5  13.2   2.7  20.9   18:25   ENE
15  19.6  24.9   15:15  14.8    4:15   0.8   2.2   0.0   2.9  17.7   18:35   ENE
16  20.4  25.0   14:00  17.0    3:20   0.1   2.2   0.0   3.9  29.0    9:50   ENE
17  19.5  22.4   12:45  16.4    6:55   0.4   1.6  15.2   4.7  30.6   21:25   ENE
18  20.3  22.4   16:00  17.4    6:10   0.0   2.0  13.4   4.0  22.5   11:40   SSW
19  19.4  23.8    9:30  15.9   23:50   0.5   1.6   0.0   5.5  22.5   11:30    SW
20  19.3  23.4   14:25  15.2    4:25   0.9   1.9   0.0   3.9  16.1   10:40   ENE
21  20.7  24.7   12:10  17.5    1:10   0.1   2.5   0.0   2.3  11.3   17:25   ENE
22  20.2  23.8   13:00  17.3    7:15   0.0   1.9   0.0   3.2  19.3   13:45   ENE
23  19.4  23.6   13:55  15.5   23:20   0.5   1.6   0.0   2.3  16.1    4:40   ENE
24  19.2  22.0    9:40  14.9    6:45   0.8   1.6   0.0   9.3  40.2   22:15    SW
25  20.7  23.4   10:25  15.4   23:25   0.3   2.7   0.8  14.2  54.7    6:40    SW
26  18.0  22.5   10:55  14.7   23:55   1.2   0.9   0.0   2.7  22.5   15:40   ENE
27  17.7  20.9   10:35  14.6    0:20   1.1   0.5   0.0   3.5  32.2   13:20   ENE
28  18.1  23.3   13:55  13.3    5:05   1.5   1.2   0.0   1.3   8.0   11:25   ENE
29  20.0  23.3   11:40  16.4   22:30   0.1   1.8   4.2   4.0  22.5   14:35   ENE
30  18.1  23.1   11:40  14.3    6:10   1.5   1.2   0.0   2.3  16.1   12:45   ENE
-------------------------------------------------------------------------------------
    20.3  26.3     8    13.3    28    11.4  71.8  89.8   4.0  54.7    25     ENE

Max >=  32.0:  0
Max <=   0.0:  0
Min <=   0.0:  0
Min <= -18.0:  0
Max Rain: 26.01 ON 13/11/19
Days of Rain: 10 (> .2 mm) 7 (> 2 mm) 1 (> 20 mm)
Heat Base:  18.3  Cool Base:  18.3  Method: Integration