NOAA Reports/Αναφορές NOAA

Select a Year or Month report
2021 > Jan Feb Mar Apr May Jun Jul Aug Sep Oct Nov Dec
2020 > Jan Feb Mar Apr May Jun Jul Aug Sep Oct Nov Dec
2019 > Jan Feb Mar Apr May Jun Jul Aug Sep Oct Nov Dec
2018 > Jan Feb Mar Apr May Jun Jul Aug Sep Oct Nov Dec
2017 > Jan Feb Mar Apr May Jun Jul Aug Sep Oct Nov Dec

Report for 2020 Jan
                   MONTHLY CLIMATOLOGICAL SUMMARY for JAN. 2020

NAME: Makry Gialos Weather Station   CITY: Makry Gialos   STATE: Greece 
ELEV:     8 m  LAT:  35 24' 00" N  LONG:  25 54' 00" E

                   TEMPERATURE (C), RAIN  (mm), WIND SPEED (km/hr)

                                      HEAT  COOL        AVG
    MEAN                              DEG   DEG         WIND                 DOM
DAY TEMP  HIGH   TIME   LOW    TIME   DAYS  DAYS  RAIN  SPEED HIGH   TIME    DIR
------------------------------------------------------------------------------------
 1
 2   9.6  11.8   13:15   7.7   18:55   3.9   0.0   0.4  11.9  46.7   14:15   ENE
 3  11.3  13.4   13:20   7.9    3:40   7.0   0.0  46.0  14.5  62.8   18:10   ENE
 4  13.5  16.5   14:25  11.7    0:25   4.8   0.0   0.0  10.8  41.8    1:05   ENE
 5  13.6  19.2   13:40   8.1    6:55   4.8   0.0   3.2   3.5  22.5   13:55   ENE
 6  11.2  12.9   10:35   8.5   12:50   7.1   0.0   9.0   5.5  46.7   16:35   ENE
 7  10.4  11.4   19:50   9.2   16:55   7.9   0.0  38.6   9.3  54.7    6:30   ENE
 8  10.7  12.3   11:35   9.2    4:45   7.6   0.0  19.4  10.9  56.3    9:10   ENE
 9  10.7  11.8   21:10   9.0   13:45   7.6   0.0  10.0  17.4  67.6    4:30   ENE
10  13.0  16.8   14:45   9.6   23:20   5.3   0.0   0.0  13.8  61.2    3:30   ENE
11  12.6  17.3   12:25   8.2    7:30   5.7   0.0   0.0   2.3  11.3    7:10    NE
12  14.3  19.3   12:15  10.7    6:20   4.1   0.0   0.0   2.4  16.1   15:30   ENE
13  14.3  18.4   12:30  11.1    3:55   4.0   0.0   0.0   3.1  20.9   19:15   ENE
14  14.2  18.1   13:20  11.7    5:40   4.1   0.0   0.0   3.7  19.3   11:35     E
15  15.1  17.9   11:10  12.1    0:05   3.3   0.0   1.2   6.3  33.8   21:55   ESE
16  14.7  16.4   14:10  12.8    4:30   3.7   0.0   8.6  11.1  46.7   22:10   ENE
17  13.8  15.2   10:55  12.4   23:20   4.5   0.0   0.0  16.9  57.9    7:20   ENE
18  13.2  15.0   12:10  12.3    3:40   5.1   0.0   0.0  12.2  40.2   19:05   ENE
19  13.0  15.4   11:20  11.5   23:55   5.3   0.0   0.0  10.5  43.5   17:00   ENE
20  11.9  13.9   12:45  10.4   20:15   6.4   0.0   0.8   7.9  48.3   15:50   ENE
21  11.3  12.4   15:30  10.6    9:25   7.0   0.0   0.0   8.9  61.2   12:00   ENE
22  12.7  14.8   14:15  11.0    0:10   5.6   0.0   0.0  20.0  70.8    7:40   ENE
23  13.2  18.8   14:50   7.4    7:35   5.1   0.0   0.0   4.8  37.0   15:00   ENE
24  11.5  13.5   13:40   8.4   23:35   6.8   0.0   0.0  15.8  69.2    7:30   ENE
25  11.8  17.4   14:00   6.4    6:15   6.5   0.0   0.0   2.9  16.1   15:40   ENE
26  14.4  19.2   13:55  10.1    6:25   4.0   0.0   0.0   3.1  19.3   18:05   ENE
27  15.7  19.1   13:20  12.7   00:00   2.7   0.0   1.4   3.1  17.7   13:20   ENE
28  14.1  18.7   14:05   9.7    6:05   4.2   0.0   0.0   6.0  33.8   16:55   ENE
29  14.5  19.1   10:35   9.3    7:25   3.8   0.0   0.0   3.9  24.1   19:30    NE
30  16.2  20.4   16:05  10.7    7:05   2.4   0.3   0.0   4.2  29.0   15:25   ENE
31  14.9  18.8   13:45  10.5   23:55   3.4   0.0   0.0   3.7  19.3   10:40   ENE
-------------------------------------------------------------------------------------
    13.0  20.4    30     6.4    25   153.7   0.4 138.6   8.3  70.8    22     ENE

Max >=  32.0:  0
Max <=   0.0:  0
Min <=   0.0:  0
Min <= -18.0:  0
Max Rain: 46.00 ON 03/01/20
Days of Rain: 11 (> .2 mm) 7 (> 2 mm) 2 (> 20 mm)
Heat Base:  18.3  Cool Base:  18.3  Method: Integration