NOAA Reports/Αναφορές NOAA

Select a Year or Month report
2021 > Jan Feb Mar Apr May Jun Jul Aug Sep Oct Nov Dec
2020 > Jan Feb Mar Apr May Jun Jul Aug Sep Oct Nov Dec
2019 > Jan Feb Mar Apr May Jun Jul Aug Sep Oct Nov Dec
2018 > Jan Feb Mar Apr May Jun Jul Aug Sep Oct Nov Dec
2017 > Jan Feb Mar Apr May Jun Jul Aug Sep Oct Nov Dec

Report for 2020 Feb
                   MONTHLY CLIMATOLOGICAL SUMMARY for FEB. 2020

NAME: Makry Gialos Weather Station   CITY: Makry Gialos   STATE: Greece 
ELEV:     8 m  LAT:  35 24' 00" N  LONG:  25 54' 00" E

                   TEMPERATURE (C), RAIN  (mm), WIND SPEED (km/hr)

                                      HEAT  COOL        AVG
    MEAN                              DEG   DEG         WIND                 DOM
DAY TEMP  HIGH   TIME   LOW    TIME   DAYS  DAYS  RAIN  SPEED HIGH   TIME    DIR
------------------------------------------------------------------------------------
 1  13.3  18.4   14:45   8.9    5:25   5.0   0.0   0.0   3.5  17.7   11:35   ENE
 2  13.9  17.7   14:00  10.8    1:45   4.4   0.0   0.0   2.3   9.7   11:00    NE
 3  14.8  19.9   13:25  10.9    3:30   3.6   0.2   0.0   2.6  16.1   13:40   ENE
 4  14.7  18.4   13:45  10.7    5:50   3.6   0.0   0.0   4.2  25.7   15:40    NE
 5  15.9  18.8   13:55  10.9   00:00   2.4   0.0   1.0   8.2  37.0   14:00    NE
 6  11.5  15.9   14:55   8.3   00:00   6.8   0.0   2.4   6.0  41.8   23:25   ENE
 7   8.8  10.9   14:05   6.9    9:35   9.4   0.0  14.4   9.5  53.1   13:20   ENE
 8   9.7  13.1   11:25   7.6    3:35   8.6   0.0   9.8   6.3  32.2   13:25   ENE
 9  10.0  12.0   14:45   8.5    1:35   8.3   0.0   0.0   7.9  33.8    1:55   ENE
10  12.8  17.4   15:00   9.7    6:40   5.5   0.0   0.0   3.4  30.6    4:15   ENE
11  14.1  20.1   13:35   8.9    3:40   4.4   0.1   0.0   3.1  20.9   15:20   ENE
12  15.0  20.7   12:40  11.1    3:00   3.5   0.2   0.0   2.7  14.5   15:25   ENE
13  16.1  19.8   12:35  12.0   22:25   2.4   0.2   0.0   5.5  33.8   12:50   ENE
14  14.6  17.1   12:00  11.8    7:20   3.7   0.0   0.0   2.7  20.9    0:05   ENE
15  14.9  17.6   11:25  13.1   14:35   3.3   0.0  19.2   3.4  29.0   23:05   ENE
16  14.3  15.8   15:25  13.4    4:40   4.0   0.0   7.8  14.5  61.2   22:10   ENE
17  14.4  16.6   12:40  13.1    6:25   3.9   0.0   0.0  15.6  54.7    1:15   ENE
18  14.2  18.6   10:50  10.1   23:50   4.1   0.0   0.0   5.8  35.4    0:20   ENE
19  13.1  18.4   13:15   8.3    7:05   5.2   0.0   0.0   2.6   9.7   11:00   ENE
20  14.2  18.3   13:55   9.8    4:20   4.1   0.0   0.0   4.5  33.8   23:50   ENE
21  12.8  14.3   12:30   9.8    5:05   5.5   0.0   7.8  15.1  64.4   18:10   ENE
22  12.8  15.2   13:10  10.4   21:45   5.4   0.0   0.0  12.4  46.7   20:45   ENE
23  11.1  13.7   15:10   9.5    6:30   7.2   0.0   6.4  10.6  48.3    9:40     E
24  13.5  17.7   12:30   9.4   23:10   4.8   0.0   0.0   5.1  35.4    3:25   ENE
25  14.0  19.6   12:55   9.0    1:40   4.4   0.1   0.0   3.7  32.2   12:25   ENE
26  15.1  19.4   13:10  10.6    5:55   3.3   0.1   0.0   3.2  17.7   15:40   ENE
27  16.1  20.1   13:45  12.9    7:00   2.4   0.2   0.0   1.9  11.3    3:10    SW
28  15.0  19.3   15:10  10.9   21:40   3.3   0.1   0.0   5.0  30.6    4:45   ENE
29  13.2  14.9    6:45  11.1    0:05   5.1   0.0   0.0  10.0  59.5   14:20   ENE
-------------------------------------------------------------------------------------
    13.6  20.7    12     6.9     7   137.6   1.0  68.8   6.2  64.4    21     ENE

Max >=  32.0:  0
Max <=   0.0:  0
Min <=   0.0:  0
Min <= -18.0:  0
Max Rain: 19.20 ON 15/02/20
Days of Rain: 8 (> .2 mm) 7 (> 2 mm) 0 (> 20 mm)
Heat Base:  18.3  Cool Base:  18.3  Method: Integration