NOAA Reports/Αναφορές NOAA

Select a Year or Month report
2021 > Jan Feb Mar Apr May Jun Jul Aug Sep Oct Nov Dec
2020 > Jan Feb Mar Apr May Jun Jul Aug Sep Oct Nov Dec
2019 > Jan Feb Mar Apr May Jun Jul Aug Sep Oct Nov Dec
2018 > Jan Feb Mar Apr May Jun Jul Aug Sep Oct Nov Dec
2017 > Jan Feb Mar Apr May Jun Jul Aug Sep Oct Nov Dec

Report for 2020 Mar
                   MONTHLY CLIMATOLOGICAL SUMMARY for MAR. 2020

NAME: Makry Gialos Weather Station   CITY: Makry Gialos   STATE: Greece 
ELEV:     8 m  LAT:  35 24' 00" N  LONG:  25 54' 00" E

                   TEMPERATURE (C), RAIN  (mm), WIND SPEED (km/hr)

                                      HEAT  COOL        AVG
    MEAN                              DEG   DEG         WIND                 DOM
DAY TEMP  HIGH   TIME   LOW    TIME   DAYS  DAYS  RAIN  SPEED HIGH   TIME    DIR
------------------------------------------------------------------------------------
 1  13.9  17.7   15:55  10.0   23:30   4.4   0.0   0.0   6.3  45.1    2:45   ENE
 2  14.1  19.6   14:15   8.8    5:25   4.3   0.1   0.0   2.6  12.9   14:00   ENE
 3  14.8  17.6   10:45  11.1    6:10   3.5   0.0   0.0   9.7  30.6   20:25    SW
 4  15.9  16.6   14:40  14.1    4:00   2.3   0.0   0.0  14.3  38.6   11:40    SW
 5  15.7  19.8   14:55  11.3    6:55   2.8   0.1   0.0   2.7  20.9   22:45    SW
 6  15.2  19.4   15:20  11.1   00:00   3.2   0.1   0.0   2.9  14.5    2:35   ENE
 7  15.7  20.6   13:40  10.7    1:10   2.9   0.3   0.0   2.3  11.3    9:55   ENE
 8  16.1  18.8   12:25  13.1    4:10   2.2   0.0   0.0   6.3  22.5   21:15    SW
 9  13.9  16.4    9:45   9.7   23:00   4.4   0.0  14.2   5.8  38.6   12:40   ENE
10  13.4  18.3   14:25   8.1    4:45   4.9   0.0   1.6   2.7  19.3   12:20   ENE
11  13.8  18.3   13:35  10.8    2:05   4.5   0.0   0.0   1.8  14.5   21:45   ENE
12  16.2  18.3   13:55  13.6    0:10   2.1   0.0   0.0  20.3  67.6   23:15   ENE
13  18.2  20.9   15:05  15.9    5:20   0.8   0.6   0.0  18.3  67.6    0:30   ENE
14  17.8  21.8    9:35  12.8   23:30   1.3   0.9   0.0   3.7  25.7    0:30    SW
15  15.9  20.1   13:50  11.8    5:50   2.6   0.3   0.0   2.4  16.1   20:45    SW
16  14.6  17.3    9:20  11.9   23:20   3.8   0.0   0.0  15.9  70.8   17:30   ENE
17  12.4  13.9   15:50  11.1    3:50   5.9   0.0   0.0  20.1  78.9   15:05   ENE
18  14.3  17.1   12:50  12.2    1:40   4.0   0.0   0.0  10.3  61.2    0:55   ENE
19  12.3  13.9   14:30  10.9    6:05   6.0   0.0   0.0  10.9  56.3    4:05   ENE
20  13.6  15.9   14:45  11.9    4:20   4.7   0.0   0.0  11.4  54.7   17:40   ENE
21  16.0  20.4   13:55  13.5    0:05   2.4   0.1   0.0   7.1  37.0    9:35   ENE
22  15.3  17.3   15:00  13.0    6:25   3.0   0.0   0.0   4.5  19.3   22:15    SW
23  15.0  17.4    8:55  12.2    5:20   3.3   0.0   0.0   8.0  29.0    9:20    SW
24  15.6  20.3   14:50  11.3    6:30   3.0   0.3   0.0   2.3  12.9   13:50    SW
25  15.2  19.6   11:20  11.9    5:45   3.2   0.1   0.0   3.1  17.7   10:10    SW
26  14.3  15.8   16:55  12.7    7:00   4.0   0.0  28.4   4.0  27.4   15:05   SSW
27  15.6  20.1   15:05  13.4    4:10   2.9   0.1   1.4   5.5  32.2   16:25   ENE
28  15.3  19.1   12:05  10.6    4:30   3.1   0.1   0.0   4.2  30.6    1:00   ENE
29  15.0  19.4   12:30  10.7    5:30   3.2   0.1   1.0   3.4  22.5   21:45   ENE
30  16.2  20.7   13:45  12.9    3:25   2.3   0.3   0.0   6.4  29.0   14:50   ESE
31  16.1  19.1   11:20  13.4   14:45   2.2   0.0   8.4   8.7  38.6   17:20   ENE
-------------------------------------------------------------------------------------
    15.1  21.8    14     8.1    10   103.5   3.3  55.0   7.4  78.9    17     ENE

Max >=  32.0:  0
Max <=   0.0:  0
Min <=   0.0:  0
Min <= -18.0:  0
Max Rain: 28.40 ON 26/03/20
Days of Rain: 6 (> .2 mm) 3 (> 2 mm) 1 (> 20 mm)
Heat Base:  18.3  Cool Base:  18.3  Method: Integration