NOAA Reports/Αναφορές NOAA

Select a Year or Month report
2021 > Jan Feb Mar Apr May Jun Jul Aug Sep Oct Nov Dec
2020 > Jan Feb Mar Apr May Jun Jul Aug Sep Oct Nov Dec
2019 > Jan Feb Mar Apr May Jun Jul Aug Sep Oct Nov Dec
2018 > Jan Feb Mar Apr May Jun Jul Aug Sep Oct Nov Dec
2017 > Jan Feb Mar Apr May Jun Jul Aug Sep Oct Nov Dec

Report for 2020 Apr
                   MONTHLY CLIMATOLOGICAL SUMMARY for APR. 2020

NAME: Makry Gialos Weather Station   CITY: Makry Gialos   STATE: Greece 
ELEV:     8 m  LAT:  35 24' 00" N  LONG:  25 54' 00" E

                   TEMPERATURE (C), RAIN  (mm), WIND SPEED (km/hr)

                                      HEAT  COOL        AVG
    MEAN                              DEG   DEG         WIND                 DOM
DAY TEMP  HIGH   TIME   LOW    TIME   DAYS  DAYS  RAIN  SPEED HIGH   TIME    DIR
------------------------------------------------------------------------------------
 1  17.0  20.2   15:05  12.9   23:45   1.7   0.4   0.0   4.7  27.4    5:15   ENE
 2  15.6  19.5   13:05  12.3    3:05   2.9   0.1   0.2   5.0  30.6   18:55   ENE
 3  14.4  17.1   23:05  12.4    5:10   3.9   0.0   2.6   5.5  22.5   15:40    SW
 4  18.4  20.6   15:25  15.8    0:10   0.4   0.5   0.0  12.2  66.0   15:10   SSW
 5  17.3  19.9   15:35  14.5    6:45   1.3   0.3   0.0   4.3  27.4   15:35   ENE
 6  16.0  20.2   15:50  12.9    4:40   2.3   0.1   0.0   6.8  33.8   21:25   ENE
 7  15.1  16.8   15:50  13.1   23:25   3.2   0.0   2.6  10.0  40.2   21:00   ENE
 8  14.6  17.1   14:45  13.0   10:50   3.7   0.0  10.6  15.3  46.7   18:00   ENE
 9  15.2  17.8   15:05  13.7    5:45   3.1   0.0   0.0  15.8  41.8    0:15   ENE
10  16.8  20.1   12:50  13.6    3:25   1.7   0.3   0.0  12.9  41.8   16:05   ENE
11  19.1  23.1   16:20  15.9    3:55   0.6   1.4   0.0   7.9  37.0    7:45   ENE
12  17.9  23.8   11:10  13.1   00:00   1.3   0.9   0.0   5.1  30.6    9:25    SW
13  17.5  23.6   11:30  12.7    4:30   1.9   1.1   0.0   4.2  20.9    9:30   ENE
14  16.7  21.2   15:55  11.8    5:05   2.2   0.6   0.0   2.4  11.3   12:05    SW
15  18.7  21.7   16:30  15.2    1:45   0.7   1.0   0.0   4.7  43.5   00:00   ENE
16  15.0  16.9   14:50  13.4    7:15   3.3   0.0   0.6  22.0  85.3   13:35   ENE
17  16.6  20.9   11:30  12.7   23:35   2.2   0.5   0.0   5.3  37.0    0:10    SW
18  15.6  19.5   13:05  10.7    6:00   2.9   0.2   0.0   2.7  12.9   13:40    SW
19  15.9  20.5   15:00  11.1    5:45   2.7   0.3   0.0   2.3  12.9   12:45    SW
20  16.4  20.3   14:40  12.0    4:45   2.1   0.3   0.0   2.1  14.5   23:05   ENE
21  16.9  20.7   16:55  11.7    5:15   1.8   0.4   0.0   3.2  12.9   20:15    SW
22  17.3  20.6   11:35  14.3    4:45   1.3   0.3   0.0  15.6  56.3   16:05   ENE
23  16.3  20.7   12:55  12.7   00:00   2.2   0.3   7.4  12.7  46.7    3:35   ENE
24  15.9  18.9   14:20  12.5    0:10   2.5   0.0   6.2  14.5  46.7    6:40   ENE
25  17.4  21.4   15:50  13.4   00:00   1.5   0.6   0.0   8.4  33.8    9:50   ENE
26  16.3  21.3   15:25  10.6    4:50   2.5   0.5   0.0   3.4  16.1   16:45   ENE
27  16.2  19.7   17:20  12.2    6:50   2.3   0.2   0.0   3.2  14.5   15:10    SW
28  17.1  21.2   14:55  12.2    6:50   2.0   0.8   0.0   2.6  14.5   15:10    SW
29  17.6  21.9   14:20  12.9    3:05   1.7   1.0   0.0   2.6  11.3   11:50    SW
30  18.5  23.7   16:25  14.8    4:00   1.0   1.2   0.2   2.7  19.3   15:50   ENE
-------------------------------------------------------------------------------------
    16.6  23.8    12    10.6    26    62.9  13.3  30.4   7.3  85.3    16     ENE

Max >=  32.0:  0
Max <=   0.0:  0
Min <=   0.0:  0
Min <= -18.0:  0
Max Rain: 10.59 ON 08/04/20
Days of Rain: 8 (> .2 mm) 5 (> 2 mm) 0 (> 20 mm)
Heat Base:  18.3  Cool Base:  18.3  Method: Integration