NOAA Reports/Αναφορές NOAA

Select a Year or Month report
2021 > Jan Feb Mar Apr May Jun Jul Aug Sep Oct Nov Dec
2020 > Jan Feb Mar Apr May Jun Jul Aug Sep Oct Nov Dec
2019 > Jan Feb Mar Apr May Jun Jul Aug Sep Oct Nov Dec
2018 > Jan Feb Mar Apr May Jun Jul Aug Sep Oct Nov Dec
2017 > Jan Feb Mar Apr May Jun Jul Aug Sep Oct Nov Dec

Report for 2020 Jun
                   MONTHLY CLIMATOLOGICAL SUMMARY for MAY. 2020

NAME: Makry Gialos Weather Station   CITY: Makry Gialos   STATE: Greece 
ELEV:     8 m  LAT:  35 24' 00" N  LONG:  25 54' 00" E

                   TEMPERATURE (C), RAIN  (mm), WIND SPEED (km/hr)

                                      HEAT  COOL        AVG
    MEAN                              DEG   DEG         WIND                 DOM
DAY TEMP  HIGH   TIME   LOW    TIME   DAYS  DAYS  RAIN  SPEED HIGH   TIME    DIR
------------------------------------------------------------------------------------
 1  17.6  20.4   15:45  13.8    6:15   1.4   0.6   0.0   3.4  14.5   10:40    SW
 2  17.6  21.2   15:30  13.2    6:05   1.4   0.7   0.0   2.7  16.1   14:15    SW
 3  18.6  22.4   15:05  14.4    5:30   1.1   1.4   0.0   2.4  16.1   11:30    SW
 4  17.4  21.0   13:45  14.3    5:55   2.4   0.8  17.2   3.7  37.0   21:25    SW
 5  18.2  20.9   13:15  14.9    1:30   0.8   0.7   0.6  11.1  56.3    5:10   ENE
 6  17.9  21.4   12:35  13.1    6:10   1.2   0.9   0.0   3.1  12.9    1:20   ENE
 7  18.6  22.3   13:35  14.3    6:05   0.9   1.2   0.0   4.3  37.0   23:10   ENE
 8  18.7  21.1   14:50  16.3    6:10   0.4   0.8   0.0  21.7  70.8   18:35   ENE
 9  21.0  24.8   16:35  16.7   23:45   0.0   2.8   0.0  11.1  48.3    1:35   ENE
10  19.2  23.5    9:10  14.5    4:30   0.9   1.8   0.0   3.1  16.1   13:50   ENE
11  19.0  24.2   15:00  14.2    5:35   0.9   1.6   0.0   2.4  12.9   15:10   ENE
12  20.3  24.0    8:50  16.2    1:50   0.5   2.4   0.0   3.1  14.5   15:20   ENE
13  21.2  25.4   13:00  16.3    6:25   0.2   3.2   0.0   2.7   9.7   12:15   ENE
14  25.7  33.3   16:25  16.8    5:05   0.1   7.5   0.0   7.1  40.2   15:40   ENE
15  24.8  33.9    9:50  20.3    1:50   0.0   6.5   0.0   3.7  25.7    8:05    SW
16  25.1  32.3   16:05  20.7    2:05   0.0   6.8   0.0   2.9  17.7   14:10   ENE
17  30.2  36.7   16:35  23.1    0:10   0.0  11.9   0.0   3.4  29.0    9:15   ENE
18  28.1  31.8   15:05  24.3    6:40   0.0   9.8   0.0   2.6  11.3    5:25   ENE
19  27.7  31.8    9:55  24.1    3:05   0.0   9.4   0.0   2.6  12.9   11:45   ENE
20  26.6  31.9   16:50  21.5    6:10   0.0   8.3   0.0   2.4   9.7    1:30   ENE
21  23.8  26.1   14:05  21.3   23:35   0.0   5.5   0.0   5.5  25.7    5:30    SW
22  20.8  23.7    9:05  18.6    6:20   0.0   2.5   0.0   8.7  56.3   22:10   ENE
23  20.6  23.7   14:55  18.3    5:55   0.0   2.3   0.0  15.0  62.8    8:15   ENE
24  21.3  24.3   17:30  19.0    6:10   0.0   3.1   0.0  18.0  57.9    5:00   ENE
25  22.8  26.2   10:45  19.2    4:40   0.0   4.5   0.0   4.8  38.6    9:10   ENE
26  21.3  24.5   11:50  18.0    4:15   0.0   3.0   0.0   4.8  22.5    9:05    SW
27  19.5  22.8   10:00  17.3    5:50   0.2   1.4   6.4   6.3  33.8   20:20   ENE
28  18.1  22.1   11:45  14.6   23:35   0.8   0.6   2.2   9.3  45.1    4:15   ENE
29  19.4  24.3   14:55  13.4    3:55   1.2   2.3   0.0   2.9  14.5   17:40    SW
30  19.9  24.4   15:45  14.4    6:25   0.5   2.1   0.0   3.1  19.3   16:55   ENE
31  20.0  23.6   12:40  16.3    1:40   0.2   2.0   0.0   2.1  12.9   16:20    SW
-------------------------------------------------------------------------------------
    21.3  36.7    17    13.1     6    15.3 108.3  26.4   5.8  70.8     8     ENE

Max >=  32.0:  4
Max <=   0.0:  0
Min <=   0.0:  0
Min <= -18.0:  0
Max Rain: 17.20 ON 04/05/20
Days of Rain: 4 (> .2 mm) 3 (> 2 mm) 0 (> 20 mm)
Heat Base:  18.3  Cool Base:  18.3  Method: Integration