NOAA Reports/Αναφορές NOAA

Select a Year or Month report
2021 > Jan Feb Mar Apr May Jun Jul Aug Sep Oct Nov Dec
2020 > Jan Feb Mar Apr May Jun Jul Aug Sep Oct Nov Dec
2019 > Jan Feb Mar Apr May Jun Jul Aug Sep Oct Nov Dec
2018 > Jan Feb Mar Apr May Jun Jul Aug Sep Oct Nov Dec
2017 > Jan Feb Mar Apr May Jun Jul Aug Sep Oct Nov Dec

Report for 2020 Jul
                   MONTHLY CLIMATOLOGICAL SUMMARY for JUL. 2020

NAME: Makry Gialos Weather Station   CITY: Makry Gialos   STATE: Greece 
ELEV:     8 m  LAT:  35 24' 00" N  LONG:  25 54' 00" E

                   TEMPERATURE (C), RAIN  (mm), WIND SPEED (km/hr)

                                      HEAT  COOL        AVG
    MEAN                              DEG   DEG         WIND                 DOM
DAY TEMP  HIGH   TIME   LOW    TIME   DAYS  DAYS  RAIN  SPEED HIGH   TIME    DIR
------------------------------------------------------------------------------------
 1  30.8  35.7   12:50  27.1   23:20   0.0  12.5   0.0  10.6  48.3    6:55   ENE
 2  30.0  36.7   13:40  25.2    1:40   0.0  11.7   0.0   6.4  40.2   11:15   ENE
 3  26.8  31.0   11:20  22.9    5:25   0.0   8.5   0.0   3.2  19.3    0:20    SW
 4  27.4  31.2   17:50  22.9    5:45   0.0   9.1   0.0   3.2  24.1   22:55    SW
 5  28.8  31.6   11:45  25.3    6:30   0.0  10.5   0.0   4.0  29.0    7:45    SW
 6  26.9  30.0    0:15  23.7    5:45   0.0   8.6   0.0   3.2  20.9    0:30    SW
 7  25.0  27.9   13:05  22.1    5:35   0.0   6.7   1.4   2.7  27.4   14:00    SW
 8  27.4  31.2   13:15  23.2    1:15   0.0   9.2   0.0   8.4  40.2   00:00   ENE
 9  27.9  31.5   12:50  25.3   21:05   0.0   9.6   0.0  23.7  64.4   14:35   ENE
10  27.3  30.5   11:05  24.7   22:40   0.0   9.0   0.0   7.7  48.3    0:20   ENE
11  26.4  29.8   13:30  22.2    5:00   0.0   8.2   0.0   4.5  22.5   18:40   ENE
12  28.3  31.9   16:20  23.5    5:15   0.0  10.0   0.0  11.3  46.7   23:45   ENE
13  28.2  31.1   15:30  26.3   21:50   0.0   9.9   0.0  20.1  62.8   15:15   ENE
14  26.9  29.7   16:10  24.7   23:50   0.0   8.6   0.0  22.2  61.2    5:15   ENE
15  26.9  30.7   14:20  24.1    3:55   0.0   8.7   0.0  16.1  49.9    4:10   ENE
16  28.7  32.3   15:50  25.9    6:50   0.0  10.4   0.0  13.4  43.5    3:10   ENE
17  28.8  32.1   15:05  26.5    5:10   0.0  10.5   0.0  15.6  48.3    2:05   ENE
18  27.8  32.4   18:10  23.3   00:00   0.0   9.5   0.0   7.1  32.2    5:40   ENE
19  25.3  28.1    9:15  21.4    5:50   0.0   7.0   0.0   3.2  11.3   11:40    SW
20  28.2  33.9   13:40  22.1    2:30   0.0   9.9   0.0   5.1  30.6   22:50   ENE
21  29.4  32.4   11:35  27.1    6:45   0.0  11.1   0.0  17.4  62.8   15:10   ENE
22  28.1  31.0   14:55  26.1    6:45   0.0   9.8   0.0  22.4  66.0    5:30   ENE
23  29.4  32.7   13:50  27.1    2:05   0.0  11.2   0.0   7.7  41.8    5:40   ENE
24  29.2  33.5   12:20  24.8   23:45   0.0  10.8   0.0   6.4  37.0    9:30   ENE
25  28.9  34.6   13:30  22.5    4:20   0.0  10.6   0.0   6.9  41.8   19:10   ENE
26  30.8  36.2   14:20  24.7    0:30   0.0  12.6   0.0   6.0  33.8    8:55   ENE
27  31.1  35.1   13:40  26.6    0:35   0.0  12.8   0.0  10.3  38.6   18:00   ENE
28  29.9  32.7   14:35  27.7    3:45   0.0  11.6   0.0  20.1  62.8   11:35   ENE
29  29.3  34.3   10:30  25.6   23:55   0.0  11.0   0.0   7.7  45.1    7:05     E
30  28.7  34.9   18:55  24.4    3:45   0.0  10.4   0.0   4.0  27.4   23:20   ENE
31  30.2  33.3    9:15  26.1   23:15   0.0  11.8   0.0   4.5  30.6    7:50   ENE
-------------------------------------------------------------------------------------
    28.3  36.7     2    21.4    19     0.0 311.7   1.4   9.8  66.0    22     ENE

Max >=  32.0: 16
Max <=   0.0:  0
Min <=   0.0:  0
Min <= -18.0:  0
Max Rain: 1.40 ON 07/07/20
Days of Rain: 1 (> .2 mm) 0 (> 2 mm) 0 (> 20 mm)
Heat Base:  18.3  Cool Base:  18.3  Method: Integration