NOAA Reports/Αναφορές NOAA

Select a Year or Month report
2021 > Jan Feb Mar Apr May Jun Jul Aug Sep Oct Nov Dec
2020 > Jan Feb Mar Apr May Jun Jul Aug Sep Oct Nov Dec
2019 > Jan Feb Mar Apr May Jun Jul Aug Sep Oct Nov Dec
2018 > Jan Feb Mar Apr May Jun Jul Aug Sep Oct Nov Dec
2017 > Jan Feb Mar Apr May Jun Jul Aug Sep Oct Nov Dec

Report for 2020 Aug
                   MONTHLY CLIMATOLOGICAL SUMMARY for AUG. 2020

NAME: Makry Gialos Weather Station   CITY: Makry Gialos   STATE: Greece 
ELEV:     8 m  LAT:  35 24' 00" N  LONG:  25 54' 00" E

                   TEMPERATURE (C), RAIN  (mm), WIND SPEED (km/hr)

                                      HEAT  COOL        AVG
    MEAN                              DEG   DEG         WIND                 DOM
DAY TEMP  HIGH   TIME   LOW    TIME   DAYS  DAYS  RAIN  SPEED HIGH   TIME    DIR
------------------------------------------------------------------------------------
 1  32.9  35.8   14:00  25.8    0:05   0.0  14.6   0.0  10.5  49.9   13:10   ENE
 2  32.9  36.4   12:55  30.1   20:40   0.0  14.7   0.0  10.5  48.3    2:35   ENE
 3  30.2  34.2   10:50  27.7   00:00   0.0  11.9   0.0   7.2  32.2   13:35     E
 4  29.8  33.0   13:45  24.3    3:05   0.0  11.5   0.0  11.7  54.7   13:10   ENE
 5  31.3  35.7   15:20  26.9   23:55   0.0  13.0   0.0   9.7  41.8    1:45   ENE
 6  28.1  31.4    8:50  25.3    4:30   0.0   9.8   0.0   2.9  24.1    5:55    SW
 7  27.0  30.1   15:25  24.0    6:50   0.0   8.7   0.0   3.4  17.7   23:50    SW
 8  27.4  31.0   15:45  22.9    6:25   0.0   9.1   0.0   4.3  27.4   22:15   ENE
 9  27.6  30.9   16:55  23.4    6:55   0.0   9.2   0.0   5.0  29.0   20:25   ENE
10  27.8  31.1   13:10  24.2    5:50   0.0   9.5   0.0  10.3  46.7   17:25   ENE
11  28.8  31.8   12:40  26.7    7:00   0.0  10.5   0.0  16.3  56.3    8:40   ENE
12  29.8  33.3   13:20  26.2    3:20   0.0  11.5   0.0  14.8  45.1   10:20   ENE
13  30.2  33.4   15:55  27.7   22:45   0.0  11.9   0.0  17.9  59.5   10:45   ENE
14  29.5  32.2   16:35  27.7    3:05   0.0  11.2   0.0  21.6  72.4    8:10   ENE
15  30.1  33.0   15:40  27.3    6:45   0.0  11.7   0.0  15.8  51.5   12:25   ENE
16  31.7  36.5   15:25  28.8   22:20   0.0  13.4   0.0  16.1  51.5    8:45   ENE
17  28.6  31.2   12:15  26.1   22:45   0.0  10.3   0.0  19.5  61.2    7:20   ENE
18  28.4  31.3   15:05  26.0    0:25   0.0  10.1   0.0  15.1  49.9    4:55   ENE
19  28.8  31.3   10:20  25.1   23:40   0.0  10.5   0.0   6.1  33.8    6:40   ENE
20  28.2  33.2   14:25  24.1    3:35   0.0   9.9   0.0   5.6  30.6   17:20   ENE
21  27.9  31.7   15:30  26.0    7:00   0.0   9.6   0.0  19.2  56.3   10:45   ENE
22  28.9  32.7   13:50  26.1    6:35   0.0  10.6   0.0  16.3  46.7    8:25   ENE
23  31.3  36.7   14:00  28.3    3:55   0.0  13.0   0.0   9.8  45.1    2:20   ENE
24  27.8  30.9   11:25  24.0   23:25   0.0   9.5   0.0   3.2  17.7    1:15    SW
25  26.1  29.2   18:20  22.4    6:40   0.0   7.8   0.0   3.4  17.7    8:15    SW
26  27.1  31.7   15:05  22.2    4:10   0.0   8.8   0.0   7.2  40.2   23:35   ENE
27  29.4  33.0   13:10  26.9    5:00   0.0  11.1   0.0  15.6  53.1    4:55   ENE
28  28.4  32.9   11:35  24.4   00:00   0.0  10.1   0.0   9.5  46.7    6:30   ENE
29  26.1  29.2   17:10  21.6    7:15   0.0   7.8   0.0   3.2  12.9   10:10   ENE
30  28.7  33.7   17:45  22.9    5:05   0.0  10.4   0.0   4.3  25.7   22:55   ENE
31  29.0  33.4   10:20  25.1   23:45   0.0  10.7   0.0   5.0  24.1   12:20    SW
-------------------------------------------------------------------------------------
    29.0  36.7    23    21.6    29     0.0 332.2   0.0  10.4  72.4    14     ENE

Max >=  32.0: 17
Max <=   0.0:  0
Min <=   0.0:  0
Min <= -18.0:  0
Max Rain: 0.00 ON 01/08/20
Days of Rain: 0 (> .2 mm) 0 (> 2 mm) 0 (> 20 mm)
Heat Base:  18.3  Cool Base:  18.3  Method: Integration