NOAA Reports/Αναφορές NOAA

Select a Year or Month report
2021 > Jan Feb Mar Apr May Jun Jul Aug Sep Oct Nov Dec
2020 > Jan Feb Mar Apr May Jun Jul Aug Sep Oct Nov Dec
2019 > Jan Feb Mar Apr May Jun Jul Aug Sep Oct Nov Dec
2018 > Jan Feb Mar Apr May Jun Jul Aug Sep Oct Nov Dec
2017 > Jan Feb Mar Apr May Jun Jul Aug Sep Oct Nov Dec

Report for 2020 Sep
                   MONTHLY CLIMATOLOGICAL SUMMARY for SEP. 2020

NAME: Makry Gialos Weather Station   CITY: Makry Gialos   STATE: Greece 
ELEV:     8 m  LAT:  35 24' 00" N  LONG:  25 54' 00" E

                   TEMPERATURE (C), RAIN  (mm), WIND SPEED (km/hr)

                                      HEAT  COOL        AVG
    MEAN                              DEG   DEG         WIND                 DOM
DAY TEMP  HIGH   TIME   LOW    TIME   DAYS  DAYS  RAIN  SPEED HIGH   TIME    DIR
------------------------------------------------------------------------------------
 1  29.7  34.5    9:50  24.8    2:25   0.0  11.4   0.0   4.3  29.0    4:45   ENE
 2  27.1  29.6   17:35  23.3    7:10   0.0   8.8   0.0   3.2  11.3   11:15    SW
 3  27.8  30.8   13:40  24.6    6:15   0.0   9.5   0.0   2.7  12.9   12:50    SW
 4  27.8  33.2   15:00  23.4    5:25   0.0   9.5   0.0   7.1  45.1   23:05   ENE
 5  26.5  28.1   14:40  25.1   20:45   0.0   8.2   0.0  25.1  72.4   16:10   ENE
 6  27.2  31.5   14:30  24.8    4:05   0.0   8.9   0.0  13.4  54.7    1:30   ENE
 7  26.9  30.8   17:50  21.9    4:55   0.0   8.6   0.0   4.2  27.4   18:40   ENE
 8  28.7  33.4   13:05  25.0    6:15   0.0  10.4   0.0  10.8  48.3   18:50   ENE
 9  27.9  29.9   14:40  26.7    7:05   0.0   9.6   0.0  21.1  59.5   10:05   ENE
10  29.7  33.6   13:30  27.0   21:55   0.0  11.4   0.0  12.7  40.2   12:20   ENE
11  28.4  32.8   11:05  25.5   22:45   0.0  10.1   0.0   6.8  29.0    0:05     E
12  26.4  29.0    9:40  23.4    6:10   0.0   8.1   0.0   6.0  24.1   18:10    SW
13  26.5  29.9   14:15  23.1    7:05   0.0   8.2   0.0   4.3  29.0   22:10   ENE
14  27.6  31.9   13:20  24.9   23:30   0.0   9.3   0.0  12.7  61.2    9:45   ENE
15  26.7  31.1   17:35  22.3    5:35   0.0   8.4   0.0   4.3  27.4   21:00   ENE
16  28.0  32.0   15:15  24.1    7:20   0.0   9.7   0.0   4.8  33.8   16:00    SE
17  26.3  30.7   15:40  22.3    6:40   0.0   8.0   0.0   2.1  14.5   17:15    SW
18  26.3  29.9   15:20  22.2    7:05   0.0   8.0   0.0   2.7  22.5   13:35   ENE
19  25.9  29.7   13:45  22.1    6:15   0.0   7.6   0.0   2.1  16.1   12:05   ENE
20  23.6  26.1   11:30  21.7    8:00   0.0   5.3  20.6   9.0  51.5   20:10   ENE
21  24.6  27.2   13:55  22.8    2:20   0.0   6.3   0.0  18.3  56.3    1:45   ENE
22  25.2  28.5   14:00  23.3   23:00   0.0   6.9   0.0  12.7  45.1    5:15   ENE
23  26.1  30.2   14:15  22.0    1:30   0.0   7.8   0.0   5.5  37.0   12:15   ENE
24  25.9  29.9   18:15  21.9    3:05   0.0   7.6   0.0   3.1  32.2   16:30   ENE
25  25.3  28.9   16:45  22.1    6:05   0.0   7.0   0.0   2.3  14.5   12:00    SW
26  25.3  29.4   13:45  20.9    6:55   0.0   7.0   0.0   1.8  16.1   13:40   ENE
27  25.1  28.1   11:50  22.6    4:25   0.0   6.8   0.0   2.7  17.7   18:30    SW
28  25.1  29.2   13:30  21.5    4:20   0.0   6.8   0.0   1.9  11.3    8:30   ENE
29  25.7  29.2   15:45  22.2    3:05   0.0   7.4   0.0   2.6  19.3   20:00    SW
30  25.4  29.2   16:10  22.7   23:50   0.0   7.2   0.0   7.6  35.4    6:25   ENE
-------------------------------------------------------------------------------------
    26.6  34.5     1    20.9    26     0.0 249.8  20.6   7.3  72.4     5     ENE

Max >=  32.0:  6
Max <=   0.0:  0
Min <=   0.0:  0
Min <= -18.0:  0
Max Rain: 20.60 ON 20/09/20
Days of Rain: 1 (> .2 mm) 1 (> 2 mm) 1 (> 20 mm)
Heat Base:  18.3  Cool Base:  18.3  Method: Integration