NOAA Reports/Αναφορές NOAA

Select a Year or Month report
2021 > Jan Feb Mar Apr May Jun Jul Aug Sep Oct Nov Dec
2020 > Jan Feb Mar Apr May Jun Jul Aug Sep Oct Nov Dec
2019 > Jan Feb Mar Apr May Jun Jul Aug Sep Oct Nov Dec
2018 > Jan Feb Mar Apr May Jun Jul Aug Sep Oct Nov Dec
2017 > Jan Feb Mar Apr May Jun Jul Aug Sep Oct Nov Dec

Report for 2020 Nov
                   MONTHLY CLIMATOLOGICAL SUMMARY for NOV. 2020

NAME: Makry Gialos Weather Station   CITY: Makry Gialos   STATE: Greece 
ELEV:     8 m  LAT:  35 24' 00" N  LONG:  25 54' 00" E

                   TEMPERATURE (C), RAIN  (mm), WIND SPEED (km/hr)

                                      HEAT  COOL        AVG
    MEAN                              DEG   DEG         WIND                 DOM
DAY TEMP  HIGH   TIME   LOW    TIME   DAYS  DAYS  RAIN  SPEED HIGH   TIME    DIR
------------------------------------------------------------------------------------
 1  20.8  23.1   13:05  18.8    3:50   0.0   2.5   0.0  10.6  46.7    9:45   ENE
 2  20.2  22.3   13:00  18.8    5:20   0.0   1.8   0.0  13.0  45.1    6:25   ENE
 3  21.0  24.7   12:50  18.4    6:55   0.0   2.7   0.0   3.9  29.0    0:55   ENE
 4  20.8  23.2   13:15  18.5    4:10   0.0   2.5   0.2   7.7  61.2   16:00   ENE
 5  19.8  21.8   13:20  18.2   22:10   0.0   1.5   1.6  11.7  45.1   13:00   ENE
 6  20.4  22.6   11:50  18.4    3:50   0.0   2.1   2.8  14.6  56.3    4:40   ENE
 7  20.7  22.9   14:05  19.3   17:45   0.0   2.4   0.0  15.3  62.8   15:30   ENE
 8  19.7  21.7   13:30  18.7   18:20   0.0   1.4   0.0  15.8  51.5    1:45   ENE
 9  19.3  20.5   11:30  17.2   18:55   0.1   1.1  30.8   9.7  48.3   12:20   ENE
10  18.9  21.7    9:35  16.5   20:40   0.4   1.0  34.0   4.0  37.0   14:25    SE
11  20.1  22.1   13:55  17.8    0:30   0.0   1.8   0.0  12.4  51.5   16:50   ENE
12  19.7  22.2   11:40  18.3   23:00   0.0   1.4   0.0  14.6  49.9    2:35   ENE
13  19.1  23.2   12:45  16.4   21:20   0.3   1.1   0.0   4.3  32.2    2:30   ENE
14  18.3  21.4   13:20  15.3    3:40   0.6   0.6   0.0   4.3  37.0   18:40   ENE
15  18.2  20.4   11:50  17.1   23:25   0.5   0.4   0.0  14.6  56.3    5:20   ENE
16  18.0  20.6   12:15  16.2   20:15   0.7   0.4   0.0   6.6  35.4    3:30   ENE
17  17.8  21.8   14:35  15.0    5:00   1.2   0.8   0.0   2.3  14.5    2:15   ENE
18  18.2  20.9   12:50  14.8    1:40   0.8   0.6   0.0   9.7  45.1   23:30   ENE
19  16.6  19.3   14:15  13.4   23:15   1.7   0.0   2.4   7.2  41.8    0:30   ENE
20  15.1  16.9   00:00  12.6    9:05   3.2   0.0  10.0   4.2  30.6   17:20   ENE
21  17.1  19.8   11:55  14.6   23:50   1.4   0.2   0.0   9.5  43.5    3:55   ENE
22  17.0  20.3   12:05  14.5    2:45   1.5   0.2   0.0   7.7  37.0   15:55   ENE
23  17.3  20.2   12:55  15.8   19:05   1.2   0.2   0.0   8.5  37.0    1:25   ENE
24  16.9  20.2   13:10  13.4    5:00   1.5   0.1   0.0   2.6  25.7   22:55   ENE
25  16.5  18.0   13:15  15.4    6:40   1.8   0.0   0.0  15.4  56.3   18:55   ENE
26  16.6  17.9   12:05  15.3   22:35   1.7   0.0   0.0  14.3  46.7   10:00   ENE
27  17.1  21.9   12:55  14.1    6:50   1.7   0.5   0.0   4.2  24.1    8:55   ENE
28  16.4  21.3   11:55  12.9    4:30   2.4   0.5   0.0   1.6  11.3    9:45   ENE
29  15.9  20.8    9:30  12.8    4:10   2.7   0.3   6.4   3.4  27.4   15:25    NE
30  16.1  22.3   15:30  11.9    5:30   2.5   0.3  15.6   1.6  17.7    2:55   ENE
-------------------------------------------------------------------------------------
    18.3  24.7     3    11.9    30    28.0  28.4 103.8   8.5  62.8     7     ENE

Max >=  32.0:  0
Max <=   0.0:  0
Min <=   0.0:  0
Min <= -18.0:  0
Max Rain: 34.01 ON 10/11/20
Days of Rain: 9 (> .2 mm) 7 (> 2 mm) 2 (> 20 mm)
Heat Base:  18.3  Cool Base:  18.3  Method: Integration