NOAA Reports/Αναφορές NOAA

Select a Year or Month report
2021 > Jan Feb Mar Apr May Jun Jul Aug Sep Oct Nov Dec
2020 > Jan Feb Mar Apr May Jun Jul Aug Sep Oct Nov Dec
2019 > Jan Feb Mar Apr May Jun Jul Aug Sep Oct Nov Dec
2018 > Jan Feb Mar Apr May Jun Jul Aug Sep Oct Nov Dec
2017 > Jan Feb Mar Apr May Jun Jul Aug Sep Oct Nov Dec

Report for 2020 Dec
                   MONTHLY CLIMATOLOGICAL SUMMARY for DEC. 2020

NAME: Makry Gialos Weather Station   CITY: Makry Gialos   STATE: Greece 
ELEV:     8 m  LAT:  35 24' 00" N  LONG:  25 54' 00" E

                   TEMPERATURE (C), RAIN  (mm), WIND SPEED (km/hr)

                                      HEAT  COOL        AVG
    MEAN                              DEG   DEG         WIND                 DOM
DAY TEMP  HIGH   TIME   LOW    TIME   DAYS  DAYS  RAIN  SPEED HIGH   TIME    DIR
------------------------------------------------------------------------------------
 1  16.2  18.8   11:20  14.6    3:55   2.1   0.0   4.2   3.9  29.0    9:00   ENE
 2  16.4  20.3   11:50  13.4   23:55   2.2   0.3   0.0   4.3  25.7   13:30   ESE
 3  15.9  20.8   11:45  12.6    4:40   2.6   0.2   5.4   4.0  30.6   23:55   ENE
 4  16.7  19.6   13:55  12.2   22:00   1.9   0.3  13.4   9.8  32.2    0:45    SW
 5  15.7  21.9   10:00  11.7    4:40   3.0   0.4   0.0   2.6  12.9   11:55    SW
 6  16.7  21.9    9:45  12.4    6:45   2.1   0.4   0.0   3.2  17.7   23:45    SW
 7  19.1  23.7   13:25  13.3   23:55   0.6   1.4   0.0   6.4  29.0   15:45   ENE
 8  15.3  20.8   13:35  11.9    6:40   3.3   0.4   0.0   3.1  22.5   14:50   ENE
 9  16.1  20.6   11:15  11.4    6:35   2.4   0.2   0.4   2.1  22.5   11:45   ENE
10  18.6  20.2   11:00  14.7   23:55   0.5   0.7   3.6  13.5  49.9   18:05   WSW
11  15.7  19.0    9:05  11.1    7:15   2.6   0.0   0.0   4.5  32.2   23:15    SW
12  18.1  19.1   11:20  15.1   21:00   0.3   0.1   4.0   7.2  27.4   14:35    SW
13  18.4  20.6   11:40  14.9   18:00   0.5   0.6   5.2  14.5  45.1   17:20    SW
14  16.4  20.0   11:05  13.3    7:25   2.1   0.2   8.2   2.9  22.5    1:05   ENE
15  15.8  17.1   11:55  13.4    0:20   2.5   0.0  14.6  10.0  51.5   20:10   ENE
16  16.8  19.7   10:55  15.4    2:35   1.6   0.1   0.2  15.6  57.9    8:20   ENE
17  16.4  19.5   12:25  14.6   21:05   1.9   0.1   0.0   9.0  40.2    0:50   ENE
18  16.0  18.7   12:05  14.1   22:10   2.3   0.0   0.0   8.5  32.2    0:15   ENE
19  15.8  19.6   12:55  13.2   21:45   2.6   0.1   0.0   5.3  25.7   15:05   ENE
20  15.3  19.4   12:30  12.4    6:35   3.0   0.0   0.0   4.8  24.1    1:40   ENE
21  15.4  18.8   12:05  13.2    6:45   2.9   0.0   0.0   4.2  30.6   21:30   ENE
22  15.1  16.7   12:40  14.2   23:45   3.2   0.0   0.0  15.6  51.5   14:30   ENE
23  15.3  17.2   12:40  14.1    0:15   3.0   0.0   0.0  13.7  56.3    4:55   ENE
24  15.6  20.6   14:35  11.5   23:50   2.9   0.2   0.0   3.9  24.1    0:45   ENE
25  15.8  20.6   15:40  11.2    7:20   2.7   0.2   0.0   2.4  14.5   11:15   ENE
26  16.3  19.9   14:10  13.2    7:05   2.1   0.1   0.4   3.4  16.1   19:15   WSW
27  18.0  19.6   14:25  17.2    0:05   0.4   0.1   0.0  11.3  38.6   12:45    SW
28  17.0  21.1   13:55  11.8   23:40   1.8   0.4   0.0   2.9  19.3    0:35   ENE
29  15.2  20.3   13:55  11.2    2:20   3.3   0.1   0.0   1.9  16.1   18:40   ENE
30  17.2  21.1   14:05  12.0    2:55   1.6   0.5   0.0   3.5  20.9   21:45    SW
31  17.4  20.9   14:25  13.4   23:20   1.3   0.5   0.0   5.3  25.7    7:00   WSW
-------------------------------------------------------------------------------------
    16.4  23.7     7    11.1    11    65.1   7.7  59.6   6.6  57.9    16     ENE

Max >=  32.0:  0
Max <=   0.0:  0
Min <=   0.0:  0
Min <= -18.0:  0
Max Rain: 14.60 ON 15/12/20
Days of Rain: 11 (> .2 mm) 8 (> 2 mm) 0 (> 20 mm)
Heat Base:  18.3  Cool Base:  18.3  Method: Integration