NOAA Reports/Αναφορές NOAA

Select a Year or Month report
2021 > Jan Feb Mar Apr May Jun Jul Aug Sep Oct Nov Dec
2020 > Jan Feb Mar Apr May Jun Jul Aug Sep Oct Nov Dec
2019 > Jan Feb Mar Apr May Jun Jul Aug Sep Oct Nov Dec
2018 > Jan Feb Mar Apr May Jun Jul Aug Sep Oct Nov Dec
2017 > Jan Feb Mar Apr May Jun Jul Aug Sep Oct Nov Dec

Report for 2021 Jan
                   MONTHLY CLIMATOLOGICAL SUMMARY for JAN. 2021

NAME: Makry Gialos Weather Station   CITY: Makry Gialos   STATE: Greece 
ELEV:     8 m  LAT:  35 24' 00" N  LONG:  25 54' 00" E

                   TEMPERATURE (C), RAIN  (mm), WIND SPEED (km/hr)

                                      HEAT  COOL        AVG
    MEAN                              DEG   DEG         WIND                 DOM
DAY TEMP  HIGH   TIME   LOW    TIME   DAYS  DAYS  RAIN  SPEED HIGH   TIME    DIR
------------------------------------------------------------------------------------
 1  16.1  20.6   10:25  13.1   00:00   2.7   0.4   0.0   1.8   9.7    4:25   NNE
 2  15.7  19.8   15:10  12.9    3:35   2.8   0.2   0.0   2.6  16.1   11:10    NE
 3  16.3  19.9   10:40  13.6    7:45   2.2   0.2   0.0   2.6  12.9    1:05    SW
 4  17.4  19.1   12:00  14.0    1:25   1.1   0.2   0.0  10.5  35.4   18:20   WSW
 5  16.2  20.2   12:00  12.4   00:00   2.3   0.1   0.0   4.8  24.1   14:25   ESE
 6  14.4  18.2   10:20  11.3   23:20   3.9   0.0   0.0   2.9  17.7   13:40    SW
 7  14.1  19.6   15:35  10.1    6:30   4.2   0.1   0.0   2.3  11.3    1:40   ENE
 8  16.1  20.9   14:25  12.1    2:20   2.8   0.5   0.0   2.3  12.9   17:30   ENE
 9  16.9  20.9   14:20  14.4    0:30   1.7   0.3   3.6   1.6  12.9    5:45   ENE
10  16.8  19.9   10:20  14.1    6:45   1.8   0.4   0.0   1.8   9.7   12:55   ENE
11  17.4  21.5   15:45  14.8    4:30   1.4   0.5   0.0   1.6  12.9   11:35    NE
12  18.4  19.2   14:40  16.2    0:05   0.2   0.3   0.0   6.0  25.7    6:20   WSW
13  16.2  20.0   12:30  12.4    7:50   2.2   0.1   0.0   4.5  32.2   17:20   ENE
14  13.4  17.1   13:20   8.4   23:40   4.9   0.0   0.8   5.0  53.1   12:05   ENE
15  13.1  16.3    9:25   8.2    1:20   5.2   0.0   7.8   4.5  27.4   16:10   ENE
16  13.9  18.4   13:40  11.6    6:15   4.4   0.0   1.0   6.6  33.8   14:55   ENE
17  10.6  13.1    0:10   8.7    7:20   7.7   0.0   0.2  12.1  51.5   12:05   ENE
18   8.7  10.2    9:30   7.0    6:10   9.6   0.0  20.0   6.6  46.7   13:35   ENE
19   9.4  11.3   11:25   7.9    5:55   8.9   0.0   1.4  11.1  45.1    4:50   ENE
20  10.8  15.0   14:10   7.1   22:05   7.5   0.0   0.0   5.6  38.6    3:40   ENE
21  12.0  18.7   14:35   7.0    1:35   6.3   0.0   0.0   1.6  11.3   12:10   ENE
22  13.1  18.4   13:25   9.3    1:35   5.2   0.0   0.0   1.3  11.3   16:05   ENE
23  13.8  16.2   15:00   9.4    2:40   4.5   0.0   0.0   4.2  30.6   10:10    SW
24  16.9  20.2   12:30  14.8    1:00   1.6   0.3   0.0   2.7  20.9    3:55    SW
25  17.7  19.9   15:40  16.2    0:05   0.9   0.2   0.0   6.6  32.2    2:55    SW
26  17.0  19.3   11:40  15.2    7:50   1.4   0.0   0.0   5.5  43.5   22:50    NE
27  13.3  18.6    0:05   9.7   19:50   5.0   0.0   7.2   7.4  38.6   11:30   ENE
28  11.2  14.8   15:00   8.2    5:00   7.1   0.0   0.0   2.9  32.2    6:30   ENE
29  13.1  17.9   15:55   7.8    3:00   5.2   0.0   0.2   3.5  25.7    7:05   ENE
30  16.3  18.6   16:10  12.7   21:30   2.0   0.0   4.4   6.1  29.0   15:40    NE
31  14.9  20.0   15:00   8.9    7:05   3.5   0.1   0.0   1.6  14.5   15:25   ENE
-------------------------------------------------------------------------------------
    14.6  21.5    11     7.0    18   120.1   3.8  46.6   4.5  53.1    14     ENE

Max >=  32.0:  0
Max <=   0.0:  0
Min <=   0.0:  0
Min <= -18.0:  0
Max Rain: 19.99 ON 18/01/21
Days of Rain: 10 (> .2 mm) 5 (> 2 mm) 0 (> 20 mm)
Heat Base:  18.3  Cool Base:  18.3  Method: Integration