NOAA Reports/Αναφορές NOAA

Select a Year or Month report
2021 > Jan Feb Mar Apr May Jun Jul Aug Sep Oct Nov Dec
2020 > Jan Feb Mar Apr May Jun Jul Aug Sep Oct Nov Dec
2019 > Jan Feb Mar Apr May Jun Jul Aug Sep Oct Nov Dec
2018 > Jan Feb Mar Apr May Jun Jul Aug Sep Oct Nov Dec
2017 > Jan Feb Mar Apr May Jun Jul Aug Sep Oct Nov Dec

Report for 2021 Feb
                   MONTHLY CLIMATOLOGICAL SUMMARY for FEB. 2021

NAME: Makry Gialos Weather Station   CITY: Makry Gialos   STATE: Greece 
ELEV:     8 m  LAT:  35 24' 00" N  LONG:  25 54' 00" E

                   TEMPERATURE (C), RAIN  (mm), WIND SPEED (km/hr)

                                      HEAT  COOL        AVG
    MEAN                              DEG   DEG         WIND                 DOM
DAY TEMP  HIGH   TIME   LOW    TIME   DAYS  DAYS  RAIN  SPEED HIGH   TIME    DIR
------------------------------------------------------------------------------------
 1  17.3  19.2   11:10  13.9   00:00   1.2   0.2   0.0   9.7  33.8   11:30    SW
 2  15.7  19.3   10:50  11.9    3:10   2.7   0.1   0.0   2.3  12.9   23:15   WSW
 3  17.0  20.4   12:20  14.8    4:15   1.6   0.3   0.0   5.0  33.8   14:55   ENE
 4  16.1  19.9   10:35  11.6   23:40   2.4   0.2   0.0   2.3  17.7    0:50   ENE
 5  15.1  20.6   14:50  11.1    7:00   3.5   0.3   0.0   2.1  14.5    2:35    NE
 6  14.5  19.1    9:15  10.6    5:20   3.8   0.0   0.0   1.9  12.9   12:15    NE
 7  15.7  20.6   14:50  11.2    7:10   2.9   0.2   0.0   1.1   9.7   11:25   ENE
 8  17.1  19.3   14:30  13.2   23:55   1.3   0.1   0.0   6.4  32.2   10:45    SW
 9  15.3  19.6   12:10  10.9    4:00   3.1   0.2   0.0   2.7  22.5   12:50   ENE
10  16.1  20.8   12:50  12.2    7:30   2.6   0.5   0.0   1.8  16.1    0:50   ENE
11  15.6  20.7   13:40  11.6    3:35   3.0   0.4   0.0   1.8  12.9   13:40   ENE
12  15.8  20.2   13:55  11.9    5:05   2.6   0.2   0.0   5.3  38.6   11:05   ENE
13  14.1  19.4   15:25  10.3    4:55   4.3   0.1   0.0   2.9  24.1   14:15   ENE
14  15.7  20.1   13:15  11.5    0:40   2.7   0.1   1.2   1.9  27.4   23:50   ENE
15  10.2  14.1    0:05   5.2   22:20   8.1   0.0  40.6  15.0  62.8   23:50   ENE
16   6.3   8.6   15:00   3.3   21:25  12.0   0.0  28.2  19.8  70.8    8:30   ENE
17   7.2   9.2   14:40   4.0    3:10  11.1   0.0  13.4  22.2 101.4   10:00   ENE
18  11.7  14.6   16:05   8.4    6:20   6.6   0.0   0.0   6.1  45.1    2:05   ENE
19  13.4  17.0   12:50  10.3    0:05   4.8   0.0   0.0   4.3  40.2    2:30   ENE
20  13.8  18.2   15:35  11.2   20:50   4.5   0.0   0.0   3.5  25.7   10:00   ENE
21  12.4  14.1   14:05  10.9    8:20   5.9   0.0   4.0   4.3  33.8   11:35   ENE
22  14.0  17.6   14:00  11.4    0:50   4.3   0.0   1.6   7.9  38.6   10:15   ENE
23  15.0  18.0   14:00  12.4    2:10   3.3   0.0   0.0  10.0  38.6    8:25   ENE
24  16.9  22.0   13:00  11.8    3:00   2.0   0.6   0.0  12.2  54.7   18:50   ENE
25  15.3  16.9   14:35  14.0    7:05   3.0   0.0   0.0  20.0  66.0    0:25   ENE
26  16.2  20.9   13:15  13.1   00:00   2.4   0.4   0.0   6.1  33.8    0:55   ENE
27  14.5  17.7   11:35  11.1    7:00   3.8   0.0   0.0   1.1  16.1   12:20    SW
28  15.1  19.6   13:10   9.8    4:30   3.3   0.1   0.0  11.3  59.5   21:30   ENE
-------------------------------------------------------------------------------------
    14.4  22.0    24     3.3    16   113.0   3.9  89.0   6.8 101.4    17     ENE

Max >=  32.0:  0
Max <=   0.0:  0
Min <=   0.0:  0
Min <= -18.0:  0
Max Rain: 40.59 ON 15/02/21
Days of Rain: 6 (> .2 mm) 4 (> 2 mm) 2 (> 20 mm)
Heat Base:  18.3  Cool Base:  18.3  Method: Integration