NOAA Reports/Αναφορές NOAA

Select a Year or Month report
2021 > Jan Feb Mar Apr May Jun Jul Aug Sep Oct Nov Dec
2020 > Jan Feb Mar Apr May Jun Jul Aug Sep Oct Nov Dec
2019 > Jan Feb Mar Apr May Jun Jul Aug Sep Oct Nov Dec
2018 > Jan Feb Mar Apr May Jun Jul Aug Sep Oct Nov Dec
2017 > Jan Feb Mar Apr May Jun Jul Aug Sep Oct Nov Dec

Report for 2021 Mar
                   MONTHLY CLIMATOLOGICAL SUMMARY for MAR. 2021

NAME: Makry Gialos Weather Station   CITY: Makry Gialos   STATE: Greece 
ELEV:     8 m  LAT:  35 24' 00" N  LONG:  25 54' 00" E

                   TEMPERATURE (C), RAIN  (mm), WIND SPEED (km/hr)

                                      HEAT  COOL        AVG
    MEAN                              DEG   DEG         WIND                 DOM
DAY TEMP  HIGH   TIME   LOW    TIME   DAYS  DAYS  RAIN  SPEED HIGH   TIME    DIR
------------------------------------------------------------------------------------
 1  13.4  15.1   14:55  11.9    6:30   4.9   0.0   0.0  19.0  75.6    3:35   ENE
 2  12.2  14.8   12:30   9.1   23:05   6.1   0.0   7.4  12.6  64.4    6:10   ENE
 3  11.9  14.4   15:35   6.7    5:25   6.4   0.0  43.2  18.3  64.4   16:00   ENE
 4  15.0  19.3   14:05  10.4   00:00   3.3   0.0   0.0  11.1  51.5    5:10   ENE
 5  13.7  19.2   14:35   8.2    6:15   4.7   0.0   0.0   1.3  16.1   17:20    NE
 6  14.9  19.4   14:00  11.4    1:50   3.5   0.1   0.0   1.0  11.3   12:25   ENE
 7  15.4  20.3   11:20  11.1    3:50   3.1   0.2   0.0   5.5  27.4   13:45   ENE
 8  14.6  17.3   10:40  11.8   00:00   3.7   0.0   0.4   3.5  27.4    3:35    SW
 9  15.8  19.2   16:50  10.6    1:20   2.5   0.1   0.0   6.1  38.6   11:25   SSW
10  16.4  21.4   12:55  12.4    4:35   2.4   0.5   0.0   2.4  20.9    9:50   ENE
11  14.6  20.1   10:40  11.4   18:10   3.8   0.1   5.0   8.2  57.9   20:50   ENE
12  13.0  16.2   16:20   9.5   23:50   5.3   0.0   0.0  11.9  59.5   10:15   ENE
13  13.7  18.4   16:05   8.5    5:25   4.6   0.0   0.0   2.4  12.9    9:45   ENE
14  15.3  18.2   10:45  12.8    6:35   3.0   0.0   0.8   1.1  12.9   13:40   ENE
15  15.4  18.9   14:00  11.8    7:00   2.9   0.0   0.0   4.3  32.2   15:50   ENE
16  14.3  18.1   13:10   9.1    6:55   4.0   0.0   1.8   5.5  30.6   20:20   ENE
17  13.7  18.6   12:10   9.2   23:35   4.6   0.0   0.0   3.9  32.2   15:35   ENE
18  13.7  18.3   11:55   9.2    1:00   4.6   0.0   0.0   3.9  40.2    8:00   ENE
19  14.8  19.7   12:10   9.4    0:20   3.6   0.1   1.4   1.9  16.1   11:30    SW
20  14.9  19.3   15:40  12.1    3:55   3.4   0.0   3.2   4.2  29.0    9:35    SW
21  16.0  19.7   13:20  11.7    3:30   2.3   0.0   0.0   5.1  27.4   16:05    SW
22  17.3  21.4   11:40  13.2    6:50   1.4   0.5   0.0   2.9  32.2   20:10    SW
23  15.0  19.3   11:25  10.8   23:50   3.4   0.0   4.4   7.2  41.8    3:10   ENE
24  11.2  14.0   11:50   9.3   00:00   7.1   0.0   9.4   8.5  48.3    9:20   ENE
25   8.6  11.3   10:00   6.3   20:00   9.7   0.0   2.0  10.6  48.3    4:10   ENE
26  10.7  14.3   16:10   7.3   23:25   7.6   0.0   0.0   6.8  33.8   14:10   ENE
27  12.7  16.8   12:35   7.8    0:05   5.6   0.0   0.0   3.9  25.7    9:20   ENE
28  14.4  18.7   16:35  10.1   23:55   3.7   0.0   0.0   4.8  25.7   10:40   ENE
29  15.1  19.6   13:00  10.2    0:05   3.3   0.1   0.0   5.5  30.6   13:00   ENE
30  15.3  17.2   12:40  13.6   23:50   2.9   0.0   0.0  12.9  53.1   11:45   ENE
31  12.1  14.1   13:05   9.8    9:45   6.3   0.0   2.2  10.1  74.0    4:10   ENE
-------------------------------------------------------------------------------------
    14.0  21.4    22     6.3    25   133.8   1.8  81.2   6.7  75.6     1     ENE

Max >=  32.0:  0
Max <=   0.0:  0
Min <=   0.0:  0
Min <= -18.0:  0
Max Rain: 43.21 ON 03/03/21
Days of Rain: 12 (> .2 mm) 8 (> 2 mm) 1 (> 20 mm)
Heat Base:  18.3  Cool Base:  18.3  Method: Integration