NOAA Reports/Αναφορές NOAA

Select a Year or Month report
2021 > Jan Feb Mar Apr May Jun Jul Aug Sep Oct Nov Dec
2020 > Jan Feb Mar Apr May Jun Jul Aug Sep Oct Nov Dec
2019 > Jan Feb Mar Apr May Jun Jul Aug Sep Oct Nov Dec
2018 > Jan Feb Mar Apr May Jun Jul Aug Sep Oct Nov Dec
2017 > Jan Feb Mar Apr May Jun Jul Aug Sep Oct Nov Dec

Report for 2021 Apr
                   MONTHLY CLIMATOLOGICAL SUMMARY for APR. 2021

NAME: Makry Gialos Weather Station   CITY: Makry Gialos   STATE: Greece 
ELEV:     8 m  LAT:  35 24' 00" N  LONG:  25 54' 00" E

                   TEMPERATURE (C), RAIN  (mm), WIND SPEED (km/hr)

                                      HEAT  COOL        AVG
    MEAN                              DEG   DEG         WIND                 DOM
DAY TEMP  HIGH   TIME   LOW    TIME   DAYS  DAYS  RAIN  SPEED HIGH   TIME    DIR
------------------------------------------------------------------------------------
 1  11.4  14.4   17:10   8.5   22:10   6.9   0.0  16.2   4.8  33.8   16:15   ENE
 2  14.1  18.7   16:25   9.8    0:05   4.2   0.0   0.2   4.7  30.6    6:10   ENE
 3  15.1  20.1   14:00  10.4    6:05   3.6   0.3   0.0   2.6  16.1   12:45   ENE
 4  16.1  21.5   10:55  11.3    0:30   2.4   0.2   0.0   2.3  17.7   12:50   ENE
 5  18.7  22.2   13:05  16.2   20:50   0.6   0.9   0.0   1.9  16.1   12:40    NE
 6  18.4  21.3   10:15  13.9   00:00   0.7   0.9   0.0   2.9  17.7   15:15   ENE
 7  16.0  20.9   14:55  11.1    6:45   2.6   0.3   0.0   3.5  19.3   10:35   ENE
 8  16.4  20.6   13:55  12.0    7:10   2.4   0.5   0.0   6.9  49.9   20:05   ENE
 9  12.6  14.3   13:15  11.2    3:35   5.7   0.0   0.2  14.5  54.7   16:05   ENE
10  12.8  14.9   14:55  11.0    6:40   5.5   0.0   0.0  11.1  48.3   13:00   ENE
11  14.2  16.7   14:55  12.1    3:10   4.1   0.0   0.0  13.5  48.3    1:35   ENE
12  15.6  20.1   16:05  11.6   23:55   2.8   0.1   0.0   8.9  41.8   11:00   ENE
13  15.1  20.4   15:00  10.2    7:00   3.4   0.2   0.0   2.7  14.5   11:45    SW
14  15.6  19.6   14:20  11.5    6:40   2.8   0.1   0.0   3.1  16.1   14:00    SW
15  15.9  19.2   12:30  12.1    6:25   2.5   0.0   0.0   5.8  20.9   17:40    SW
16  16.8  19.5   00:00  13.4    3:50   1.6   0.0   0.0   6.1  29.0   14:40    SW
17  21.0  25.7   14:50  17.4    6:00   0.1   2.8   0.0   2.1  25.7   10:45   ENE
18  21.3  26.7   20:10  17.7    7:30   0.0   3.0   0.0   5.8  41.8   20:50    SW
19  20.1  25.3   13:45  16.6    3:50   0.2   2.0   0.0   5.6  30.6   22:25    SE
20  18.1  21.5   14:40  15.4    4:15   1.0   0.8   0.0   6.8  33.8    7:15   ENE
21  17.4  21.1   14:55  13.9   00:00   1.5   0.5   0.0   5.0  25.7    0:05   ENE
22  16.3  20.6   11:20  10.7    6:05   2.4   0.4   0.0   3.2  17.7    1:20   ENE
23  17.4  22.7   14:40  12.4    6:40   2.0   1.1   0.0   2.4  14.5    9:40    SW
24  19.8  27.1   12:05  14.1    3:15   0.9   2.4   0.0   5.0  30.6   23:40    SE
25  18.9  21.3    4:00  16.2   23:40   0.4   1.0   0.0  22.9  75.6   23:40   ENE
26  18.0  21.7   15:25  15.5    6:20   0.9   0.6   0.0  21.1  80.5    8:50   ENE
27  17.4  21.2   16:40  12.5    5:25   1.5   0.7   0.0   3.1  14.5   12:35   ENE
28  18.8  22.4   12:10  14.1    3:45   0.9   1.4   0.0   2.3  11.3   11:20   ENE
29  22.1  26.3   10:55  18.9    0:45   0.0   3.8   0.0   1.1   9.7   20:00   ENE
30  22.8  27.3   10:40  17.8    4:25   0.0   4.5   0.0   2.6   9.7    6:30   ENE
-------------------------------------------------------------------------------------
    17.1  27.3    30     8.5     1    63.7  28.8  16.6   6.1  80.5    26     ENE

Max >=  32.0:  0
Max <=   0.0:  0
Min <=   0.0:  0
Min <= -18.0:  0
Max Rain: 16.21 ON 01/04/21
Days of Rain: 3 (> .2 mm) 1 (> 2 mm) 0 (> 20 mm)
Heat Base:  18.3  Cool Base:  18.3  Method: Integration