NOAA Reports/Αναφορές NOAA

Select a Year or Month report
2021 > Jan Feb Mar Apr May Jun Jul Aug Sep Oct Nov Dec
2020 > Jan Feb Mar Apr May Jun Jul Aug Sep Oct Nov Dec
2019 > Jan Feb Mar Apr May Jun Jul Aug Sep Oct Nov Dec
2018 > Jan Feb Mar Apr May Jun Jul Aug Sep Oct Nov Dec
2017 > Jan Feb Mar Apr May Jun Jul Aug Sep Oct Nov Dec

Report for 2021 May
                   MONTHLY CLIMATOLOGICAL SUMMARY for MAY. 2021

NAME: Makry Gialos Weather Station   CITY: Makry Gialos   STATE: Greece 
ELEV:     8 m  LAT:  35 24' 00" N  LONG:  25 54' 00" E

                   TEMPERATURE (C), RAIN  (mm), WIND SPEED (km/hr)

                                      HEAT  COOL        AVG
    MEAN                              DEG   DEG         WIND                 DOM
DAY TEMP  HIGH   TIME   LOW    TIME   DAYS  DAYS  RAIN  SPEED HIGH   TIME    DIR
------------------------------------------------------------------------------------
 1  23.4  28.6   15:50  18.8    2:55   0.0   5.2   0.0   2.6  11.3   14:00   ENE
 2  23.7  28.8   14:20  19.1    2:45   0.0   5.4   0.0   1.8  11.3   13:05   ENE
 3  23.6  27.5   19:05  20.0    3:45   0.0   5.3   0.0   1.3  11.3   12:40   ENE
 4  22.6  27.4   12:40  19.6   23:55   0.0   4.3   0.0   2.7  30.6   12:15   ENE
 5  21.6  23.9   14:40  18.5    6:15   0.0   3.2   0.0   3.5  12.9   15:30    SW
 6  21.7  24.6    9:15  18.9    7:00   0.0   3.4   0.0   3.1  30.6   13:55   ENE
 7  21.6  25.1    9:45  17.0    6:25   0.1   3.3   0.0   3.1  14.5    9:45    SW
 8  22.2  27.2    9:10  19.2    3:15   0.0   3.9   0.0   7.4  32.2   13:25    SW
 9  22.8  25.8   14:15  19.7   23:05   0.0   4.5   0.0  22.7  70.8   17:55   ENE
10  21.5  25.2   14:10  18.9   23:20   0.0   3.2   0.0  15.0  59.5    0:20   ENE
11  20.2  23.2   11:10  16.7    3:45   0.1   2.0   0.0   4.8  29.0    0:10    SW
12  19.1  23.0   18:30  14.1    5:50   0.8   1.6   0.0   3.5  16.1    2:40    SW
13  19.5  23.9   14:20  15.2    6:40   0.7   1.9   0.0   2.7  12.9   13:30    SW
14  19.1  22.4   17:10  14.9    6:05   0.8   1.6   0.0   2.9  11.3   10:05    SW
15  19.1  22.5   15:55  14.8    6:00   0.9   1.7   0.0   2.4  14.5   14:55    SW
16  19.8  23.3   16:00  15.2    6:35   0.5   2.0   0.0   4.5  20.9   20:10   WSW
17  19.9  23.5   15:00  15.9    6:35   0.4   2.0   0.0   2.6  12.9    0:05    SW
18  20.8  25.0   15:10  16.3    5:35   0.3   2.9   0.0   2.6   9.7    9:15   ENE
19  21.1  26.6    8:45  17.6    5:05   0.0   2.8   0.0   2.9  14.5   12:55    SW
20  20.8  24.6   15:55  16.7    3:55   0.2   2.7   0.0   2.7  12.9   14:35   WSW
21  20.7  24.6   12:45  16.8    6:15   0.1   2.6   0.0  10.5  51.5   17:15   ENE
22  21.2  24.7   14:25  18.1    0:25   0.0   2.9   0.0   8.9  38.6    8:40   ENE
23  24.3  28.8   13:20  20.1   23:30   0.0   6.1   0.0   8.7  40.2   10:25   ENE
24  26.9  33.3   17:10  20.3    0:15   0.0   8.6   0.0   5.8  38.6    4:15   ENE
25  25.1  30.8   10:50  21.8   21:50   0.0   6.8   0.0   4.0  20.9   15:25    SW
26  25.2  28.5   13:40  21.0    0:30   0.0   6.9   0.0   3.2  20.9    5:00    SW
27  22.4  26.7    8:10  19.6    4:45   0.0   4.1   0.0   3.1  17.7    8:45    SW
28  21.8  24.3   16:05  18.1    6:25   0.0   3.5   0.0   3.9  27.4   23:55    SW
29  22.9  26.4    9:30  18.7    4:35   0.0   4.6   0.0   3.7  22.5    9:00    SW
30  23.0  28.5   14:55  18.8    6:00   0.0   4.7   0.0   3.7  25.7   14:40   ENE
31  21.4  23.8   19:05  17.8    5:30   0.0   3.1   0.0   3.9  16.1   12:45    SW
-------------------------------------------------------------------------------------
    21.9  33.3    24    14.1    12     4.9 116.6   0.0   5.0  70.8     9     ENE

Max >=  32.0:  1
Max <=   0.0:  0
Min <=   0.0:  0
Min <= -18.0:  0
Max Rain: 0.00 ON 01/05/21
Days of Rain: 0 (> .2 mm) 0 (> 2 mm) 0 (> 20 mm)
Heat Base:  18.3  Cool Base:  18.3  Method: Integration