NOAA Reports/Αναφορές NOAA

Select a Year or Month report
2021 > Jan Feb Mar Apr May Jun Jul Aug Sep Oct Nov Dec
2020 > Jan Feb Mar Apr May Jun Jul Aug Sep Oct Nov Dec
2019 > Jan Feb Mar Apr May Jun Jul Aug Sep Oct Nov Dec
2018 > Jan Feb Mar Apr May Jun Jul Aug Sep Oct Nov Dec
2017 > Jan Feb Mar Apr May Jun Jul Aug Sep Oct Nov Dec

Report for 2021 Jul
                   MONTHLY CLIMATOLOGICAL SUMMARY for JUL. 2021

NAME: Makry Gialos Weather Station   CITY: Makry Gialos   STATE: Greece 
ELEV:     8 m  LAT:  35 24' 00" N  LONG:  25 54' 00" E

                   TEMPERATURE (C), RAIN  (mm), WIND SPEED (km/hr)

                                      HEAT  COOL        AVG
    MEAN                              DEG   DEG         WIND                 DOM
DAY TEMP  HIGH   TIME   LOW    TIME   DAYS  DAYS  RAIN  SPEED HIGH   TIME    DIR
------------------------------------------------------------------------------------
 1  30.6  37.4    9:40  26.2   00:00   0.0  12.3   0.0   5.5  33.8    8:50   ENE
 2  27.3  30.2   15:50  23.6    6:25   0.0   9.0   0.0   3.2  20.9   17:40    SW
 3  28.5  34.1   14:20  23.2    3:40   0.0  10.2   0.0   8.0  40.2    9:20   ENE
 4  29.0  32.7   13:50  26.1   23:30   0.0  10.7   0.0   8.5  30.6    3:10   ENE
 5  26.8  29.6   10:10  23.7    6:30   0.0   8.6   0.0   3.1  12.9   10:25    SW
 6  26.8  30.6   19:45  22.3    6:20   0.0   8.5   0.0   5.0  25.7   20:35    SW
 7  29.2  31.6   14:30  27.0    6:05   0.0  10.9   0.0  14.6  54.7   13:40   ENE
 8  29.4  32.1   13:25  27.6   21:40   0.0  11.1   0.0  20.8  59.5   16:25   ENE
 9  28.1  30.0   12:45  27.1    6:35   0.0   9.8   0.0  22.9  62.8   11:25   ENE
10  28.2  30.5   15:30  26.4    6:35   0.0   9.8   0.0  21.7  61.2    4:05   ENE
11  28.4  32.6   14:50  26.1    6:25   0.0  10.2   0.0  11.6  43.5   14:30   ENE
12  28.9  32.7   11:55  26.7    1:45   0.0  10.6   0.0  11.1  45.1    4:30   ENE
13  30.2  34.1   13:45  26.7    3:40   0.0  11.9   0.0  11.9  45.1    5:40   ENE
14  31.0  35.1   13:15  25.9    2:50   0.0  12.7   0.0  16.7  57.9   16:50   ENE
15  30.7  34.6   15:10  27.9    6:10   0.0  12.4   0.0  15.8  56.3    8:50   ENE
16  27.6  30.8   11:35  23.4    6:10   0.0   9.3   0.0   3.2  16.1   14:15    SW
17  26.3  28.7   17:00  22.9    4:45   0.0   8.0   0.0   3.4  16.1   23:35    SW
18  26.2  29.7   15:00  22.4    6:15   0.0   7.9   0.0   3.5  19.3   17:50    SW
19  26.1  29.6   14:00  22.4    6:00   0.0   7.8   0.0   1.9  17.7   15:10    SW
20  26.0  29.6   16:20  22.0    6:30   0.0   7.7   0.0   2.1  12.9   15:00    SW
21  27.6  33.2   17:25  22.9    5:50   0.0   9.2   0.0   5.1  33.8   18:00   ENE
22  29.8  33.3   13:05  27.3   23:40   0.0  11.5   0.0  21.6  69.2   21:15   ENE
23  27.2  28.8   15:15  26.1    6:10   0.0   8.9   0.0  25.7  72.4    6:00   ENE
24  26.7  29.1   14:10  25.0   21:30   0.0   8.4   0.0  23.0  67.6    5:40   ENE
25  26.8  29.4   15:45  25.0    7:05   0.0   8.5   0.0  19.6  64.4   15:35   ENE
26  28.5  32.1   13:10  26.0    6:05   0.0  10.2   0.0  20.3  51.5   13:55   ENE
27  30.7  34.4   11:10  26.6    1:05   0.0  12.4   0.0  13.2  48.3   23:35   ENE
28  32.2  36.1   13:35  29.9    6:40   0.0  13.9   0.0  13.2  48.3    0:30   ENE
29  32.6  35.5   16:30  28.5    7:05   0.0  14.2   0.0  14.5  46.7   14:45   ENE
30  32.9  36.0   16:20  30.1    6:35   0.0  14.7   0.0  13.0  51.5    0:15   ENE
31  34.8  38.4   16:25  31.4   23:25   0.0  16.5   0.0  10.8  41.8   14:45   ENE
-------------------------------------------------------------------------------------
    28.9  38.4    31    22.0    20     0.0 327.8   0.0  12.1  72.4    23     ENE

Max >=  32.0: 17
Max <=   0.0:  0
Min <=   0.0:  0
Min <= -18.0:  0
Max Rain: 0.00 ON 01/07/21
Days of Rain: 0 (> .2 mm) 0 (> 2 mm) 0 (> 20 mm)
Heat Base:  18.3  Cool Base:  18.3  Method: Integration