NOAA Reports/Αναφορές NOAA

Select a Year or Month report
2021 > Jan Feb Mar Apr May Jun Jul Aug Sep Oct Nov Dec
2020 > Jan Feb Mar Apr May Jun Jul Aug Sep Oct Nov Dec
2019 > Jan Feb Mar Apr May Jun Jul Aug Sep Oct Nov Dec
2018 > Jan Feb Mar Apr May Jun Jul Aug Sep Oct Nov Dec
2017 > Jan Feb Mar Apr May Jun Jul Aug Sep Oct Nov Dec

Report for 2021 Aug
                   MONTHLY CLIMATOLOGICAL SUMMARY for AUG. 2021

NAME: Makry Gialos Weather Station   CITY: Makry Gialos   STATE: Greece 
ELEV:     8 m  LAT:  35 24' 00" N  LONG:  25 54' 00" E

                   TEMPERATURE (C), RAIN  (mm), WIND SPEED (km/hr)

                                      HEAT  COOL        AVG
    MEAN                              DEG   DEG         WIND                 DOM
DAY TEMP  HIGH   TIME   LOW    TIME   DAYS  DAYS  RAIN  SPEED HIGH   TIME    DIR
------------------------------------------------------------------------------------
 1  36.2  40.4   15:00  32.3    0:05   0.0  17.9   0.0   9.0  33.8    9:45   ENE
 2  34.2  37.2   14:40  32.2    0:10   0.0  15.9   0.0  17.4  56.3   10:20   ENE
 3  36.3  39.6   14:15  33.3    7:10   0.0  18.0   0.0  23.3  69.2   11:15   ENE
 4  36.6  40.5   12:55  33.6    6:45   0.0  18.2   0.0  20.0  62.8    2:15   ENE
 5  35.9  38.6   12:00  33.6    6:35   0.0  17.6   0.0  14.6  56.3   12:05   ENE
 6  32.3  37.1    6:50  26.7   23:55   0.0  14.0   0.0   4.7  30.6    3:00   ENE
 7  30.3  33.8   13:30  25.6    2:35   0.0  12.0   0.0   8.9  38.6   11:20   ENE
 8  29.0  31.7   16:40  27.0    5:10   0.0  10.7   0.0  15.9  57.9    6:35   ENE
 9  31.1  34.3   17:00  28.6    4:50   0.0  12.8   0.0  15.0  57.9   18:55   ENE
10  31.3  34.6   13:40  28.1    2:55   0.0  13.1   0.0  16.9  56.3    9:30   ENE
11  33.0  36.8   13:00  30.2    6:35   0.0  14.7   0.0   9.8  41.8    2:10   ENE
12  31.6  34.4   12:50  28.6   23:35   0.0  13.3   0.0  12.4  46.7    5:10   ENE
13  29.9  32.9   13:30  27.5    3:55   0.0  11.6   0.0  20.3  56.3    3:05   ENE
14  27.9  29.9   12:10  25.9   20:40   0.0   9.6   0.0  23.2  64.4   14:45   ENE
15  28.2  32.8   15:20  25.5   23:50   0.0   9.9   0.0  11.1  49.9    1:30   ENE
16  26.4  29.4   16:55  21.9    6:45   0.0   8.1   0.0   3.9  16.1    2:20    SW
17  25.6  29.7   14:55  21.4    5:40   0.0   7.2   0.0   3.2  16.1    1:15    SW
18  26.1  29.6   16:55  22.4    5:45   0.0   7.8   0.0   3.1  11.3   13:05    SW
19  31.7  36.6   15:30  26.2    0:45   0.0  13.4   0.0   9.2  37.0   13:30   ENE
20  30.8  33.6   15:35  28.9   23:50   0.0  12.5   0.0  18.7  56.3   14:40   ENE
21  29.0  32.9   12:10  27.0    2:15   0.0  10.7   0.0  13.0  54.7    5:25   ENE
22  27.7  30.4   14:45  25.8   23:25   0.0   9.4   0.0  17.5  56.3   12:40   ENE
23  27.8  31.2   11:35  24.9   00:00   0.0   9.5   0.0  11.1  53.1    4:55   ENE
24  26.8  30.8   14:30  22.8    6:40   0.0   8.5   0.0   4.2  17.7   18:50   ENE
25  26.3  30.1   10:25  23.1    6:55   0.0   8.0   0.0   5.0  22.5   10:25    SW
26  26.1  29.9   17:15  21.5    6:45   0.0   7.8   0.0   3.2  11.3   11:30    SW
27  26.8  29.5   14:40  23.2    4:35   0.0   8.5   0.0   2.9  11.3    4:00    SW
28  26.6  29.1   18:20  23.5    6:50   0.0   8.2   0.0   4.5  22.5   12:00    SW
29  26.8  31.2   15:25  22.8    6:40   0.0   8.5   0.0   2.4  20.9   22:10    SW
30  26.8  29.1   15:35  23.2    6:35   0.0   8.5   0.0   3.7  17.7   20:40    SW
31  27.1  30.9   14:50  22.3    6:05   0.0   8.7   0.0   2.7  19.3   20:30   ENE
-------------------------------------------------------------------------------------
    29.7  40.5     4    21.4    17     0.0 354.8   0.0  10.7  69.2     3     ENE

Max >=  32.0: 16
Max <=   0.0:  0
Min <=   0.0:  0
Min <= -18.0:  0
Max Rain: 0.00 ON 01/08/21
Days of Rain: 0 (> .2 mm) 0 (> 2 mm) 0 (> 20 mm)
Heat Base:  18.3  Cool Base:  18.3  Method: Integration