NOAA Reports/Αναφορές NOAA

Select a Year or Month report
2022 > Jan Feb Mar Apr May Jun Jul Aug Sep Oct Nov Dec
2021 > Jan Feb Mar Apr May Jun Jul Aug Sep Oct Nov Dec
2020 > Jan Feb Mar Apr May Jun Jul Aug Sep Oct Nov Dec
2019 > Jan Feb Mar Apr May Jun Jul Aug Sep Oct Nov Dec
2018 > Jan Feb Mar Apr May Jun Jul Aug Sep Oct Nov Dec
2017 > Jan Feb Mar Apr May Jun Jul Aug Sep Oct Nov Dec

Report for 2021 Oct
                   MONTHLY CLIMATOLOGICAL SUMMARY for OCT. 2021

NAME: Makry Gialos Weather Station   CITY: Makry Gialos   STATE: Greece 
ELEV:     8 m  LAT:  35 24' 00" N  LONG:  25 54' 00" E

                   TEMPERATURE (C), RAIN  (mm), WIND SPEED (km/hr)

                                      HEAT  COOL        AVG
    MEAN                              DEG   DEG         WIND                 DOM
DAY TEMP  HIGH   TIME   LOW    TIME   DAYS  DAYS  RAIN  SPEED HIGH   TIME    DIR
------------------------------------------------------------------------------------
 1  22.1  24.4   13:55  20.9    6:55   0.0   3.8   0.0  20.6  56.3   10:15   ENE
 2  21.6  23.3   12:35  20.4    6:30   0.0   3.2   0.0  20.4  53.1    6:55   ENE
 3  21.6  24.1   13:05  20.4    7:25   0.0   3.3   0.0  19.0  51.5   16:20   ENE
 4  21.4  24.3   12:40  19.7    5:00   0.0   3.1   0.0  15.9  51.5   14:10   ENE
 5  21.8  25.3   13:40  20.3    6:40   0.0   3.6   0.0  14.8  48.3    9:40   ENE
 6  21.3  23.9   15:50  20.1   20:20   0.0   3.0   0.0  19.3  56.3    0:20   ENE
 7  21.2  24.7   15:40  17.8    7:25   0.0   2.9   0.0   4.8  38.6    0:35   ENE
 8  21.8  26.4   14:50  16.9    6:30   0.2   3.6   0.0   2.3  12.9   14:35   ENE
 9  22.6  27.2   15:15  19.0    4:55   0.0   4.3   0.0   1.8  14.5   12:35    SW
10  22.1  25.2   12:30  18.6    7:40   0.0   3.8   0.0   3.2  17.7   16:45    SW
11  23.3  29.6   15:45  18.8    6:55   0.0   5.0   0.0   2.6  32.2   15:05   ENE
12  21.4  25.4   10:05  17.8   23:35   0.0   3.1   0.8   2.4  25.7   13:00    NE
13  20.9  25.7   15:15  16.5    7:20   0.3   3.0   0.0   2.4  14.5   19:20    SW
14  21.1  24.8   14:20  17.5    4:40   0.1   2.9   2.2   5.8  27.4   18:55    SW
15  22.2  26.0   13:30  15.5    5:50   0.3   4.1  25.6   6.9  38.6    3:20   SSW
16  20.1  23.2   12:50  16.5   23:55   0.1   1.9   5.2   2.7  25.7   10:40   ENE
17  20.2  24.8   15:00  15.4    6:25   0.7   2.6   0.0   2.3  16.1   23:25    SW
18  21.2  24.0   13:10  19.3    7:40   0.0   2.9   0.8   5.8  27.4   19:50   ENE
19  20.7  22.7   13:50  19.4    5:10   0.0   2.4   0.0  15.6  51.5   11:40   ENE
20  20.1  22.5   13:10  18.9    6:05   0.0   1.8   0.0  17.4  54.7   20:10   ENE
21  19.8  23.2   13:25  16.9   22:10   0.1   1.7   0.0   8.4  37.0    0:10   ENE
22  19.7  24.0   16:10  15.3    7:00   0.7   2.1   0.2   1.6  12.9   13:40    SW
23  21.1  25.8   14:35  16.6    7:30   0.2   3.1   0.0   2.3  12.9   20:30    SW
24  21.9  26.1   15:55  17.6    6:20   0.0   3.6   0.0   4.2  32.2   22:20   ENE
25  20.7  22.4   12:20  18.7   22:30   0.0   2.4   0.0  18.8  53.1   17:40   ENE
26  19.3  23.4   14:45  17.1   21:30   0.2   1.2   1.2  11.4  46.7    3:50   ENE
27  18.3  20.9   15:30  16.9    8:55   0.4   0.5   9.6   4.2  22.5   16:45    SE
28  20.4  24.3   12:50  18.1    0:50   0.0   2.1   0.0   6.1  30.6   14:05   ESE
29  20.3  23.8   13:45  18.3   22:45   0.0   2.1   0.0   6.1  33.8   19:00   ENE
30  19.4  22.2   15:00  17.6   00:00   0.0   1.1   0.0   5.5  25.7    0:15   ENE
31  18.6  23.1   12:05  15.8    4:05   0.6   0.9   7.8   4.0  19.3    9:45    SE
-------------------------------------------------------------------------------------
    20.9  29.6    11    15.3    22     4.1  85.0  53.4   8.3  56.3     1     ENE

Max >=  32.0:  0
Max <=   0.0:  0
Min <=   0.0:  0
Min <= -18.0:  0
Max Rain: 25.60 ON 15/10/21
Days of Rain: 9 (> .2 mm) 5 (> 2 mm) 1 (> 20 mm)
Heat Base:  18.3  Cool Base:  18.3  Method: Integration