NOAA Reports/Αναφορές NOAA

Select a Year or Month report
2022 > Jan Feb Mar Apr May Jun Jul Aug Sep Oct Nov Dec
2021 > Jan Feb Mar Apr May Jun Jul Aug Sep Oct Nov Dec
2020 > Jan Feb Mar Apr May Jun Jul Aug Sep Oct Nov Dec
2019 > Jan Feb Mar Apr May Jun Jul Aug Sep Oct Nov Dec
2018 > Jan Feb Mar Apr May Jun Jul Aug Sep Oct Nov Dec
2017 > Jan Feb Mar Apr May Jun Jul Aug Sep Oct Nov Dec

Report for 2021 Nov
                   MONTHLY CLIMATOLOGICAL SUMMARY for NOV. 2021

NAME: Makry Gialos Weather Station   CITY: Makry Gialos   STATE: Greece 
ELEV:     8 m  LAT:  35 24' 00" N  LONG:  25 54' 00" E

                   TEMPERATURE (C), RAIN  (mm), WIND SPEED (km/hr)

                                      HEAT  COOL        AVG
    MEAN                              DEG   DEG         WIND                 DOM
DAY TEMP  HIGH   TIME   LOW    TIME   DAYS  DAYS  RAIN  SPEED HIGH   TIME    DIR
------------------------------------------------------------------------------------
 1  19.1  21.9   12:00  15.0   23:50   0.4   1.2   1.8  10.8  48.3    8:35   ENE
 2  19.5  24.6   14:10  14.6    2:45   1.0   2.2   0.0   1.8   9.7    5:05    SW
 3  21.1  25.6   13:45  18.1    4:05   0.0   2.7   0.0   1.3   9.7   11:40   NNE
 4  20.5  24.4   11:30  17.2    6:25   0.1   2.3   0.0   1.6   9.7   12:35    SW
 5  20.1  23.9   13:20  16.8    4:25   0.2   2.1   0.0   1.8  11.3   21:50   ENE
 6  22.2  27.6   14:30  18.2    6:00   0.0   3.9   0.0   5.8  30.6   19:45   ENE
 7  20.9  25.8   11:25  16.9   23:10   0.1   2.7   0.0   6.3  27.4    0:30    SE
 8  18.9  23.3   14:35  15.3    6:10   0.9   1.5   0.0   1.8   8.0    1:00    SW
 9  19.8  25.4   12:05  14.3    3:50   1.0   2.5   0.0   2.7  20.9   22:50    SE
10  19.3  22.2   10:25  17.6   17:35   0.2   1.2   0.0  23.2  77.2   13:15   ENE
11  17.9  20.4   11:45  16.3   00:00   0.6   0.3   0.0  14.3  49.9    6:25   ENE
12  17.9  22.1   11:30  15.3    6:45   1.1   0.8   0.0   3.1  27.4    1:40   ENE
13  18.6  22.7   10:40  14.4    3:20   0.9   1.1   0.0   3.9  20.9   13:15   ENE
14  18.7  23.5   13:50  15.3   21:15   0.7   1.1   0.0   1.6  14.5   18:55    SW
15  19.2  24.1   15:25  15.3    2:40   0.6   1.6   0.0   2.7  25.7   16:40   ENE
16  19.3  22.4    9:35  17.1    7:10   0.2   1.2   0.0   5.8  32.2   15:35   ENE
17  19.3  23.1   11:25  16.8   00:00   0.2   1.1   0.0   5.8  27.4    2:40   ENE
18  18.3  21.7   14:35  16.6    0:50   0.6   0.6   0.0   9.7  33.8   12:00   ENE
19  17.7  20.3   11:50  16.3   23:15   0.8   0.3   0.0   9.8  40.2   20:40   ENE
20  16.2  17.1   10:45  15.5    6:25   2.1   0.0   0.0  21.1  72.4    6:45   ENE
21  17.4  21.8   14:25  14.3   23:45   1.4   0.5   0.0   9.0  41.8    2:15   ENE
22  17.5  21.8    9:40  13.8    5:20   1.4   0.6   0.0   4.7  27.4   15:40   ENE
23  19.8  23.8   12:55  16.9    6:50   0.2   1.7  11.4   2.3  17.7    2:30   ENE
24  19.1  22.9   10:25  17.5    3:00   0.2   1.0   1.2   5.6  37.0   23:20   ENE
25  17.4  20.3   13:45  15.0   22:05   1.1   0.2   0.0  10.9  45.1    4:15   ENE
26  19.4  21.6   15:40  15.6    0:05   0.3   1.4   0.0   9.5  38.6   16:00    SW
27  19.3  23.7   11:40  15.8    5:30   0.5   1.5   0.0   1.8  17.7   12:50   ENE
28  20.6  24.0   12:20  18.1   20:00   0.0   2.3   0.0   2.3  22.5    8:20   ENE
29  20.7  23.6   10:40  18.3    7:05   0.0   2.3   0.0   3.1  20.9   16:50    NE
30  18.6  21.2   12:25  15.9   21:40   0.4   0.7   0.0   7.9  33.8   23:30    NE
-------------------------------------------------------------------------------------
    19.1  27.6     6    13.8    22    17.3  42.6  14.4   6.4  77.2    10     ENE

Max >=  32.0:  0
Max <=   0.0:  0
Min <=   0.0:  0
Min <= -18.0:  0
Max Rain: 11.40 ON 23/11/21
Days of Rain: 3 (> .2 mm) 1 (> 2 mm) 0 (> 20 mm)
Heat Base:  18.3  Cool Base:  18.3  Method: Integration