NOAA Reports/Αναφορές NOAA

Select a Year or Month report
2022 > Jan Feb Mar Apr May Jun Jul Aug Sep Oct Nov Dec
2021 > Jan Feb Mar Apr May Jun Jul Aug Sep Oct Nov Dec
2020 > Jan Feb Mar Apr May Jun Jul Aug Sep Oct Nov Dec
2019 > Jan Feb Mar Apr May Jun Jul Aug Sep Oct Nov Dec
2018 > Jan Feb Mar Apr May Jun Jul Aug Sep Oct Nov Dec
2017 > Jan Feb Mar Apr May Jun Jul Aug Sep Oct Nov Dec

Report for 2021 Dec
                   MONTHLY CLIMATOLOGICAL SUMMARY for DEC. 2021

NAME: Makry Gialos Weather Station   CITY: Makry Gialos   STATE: Greece 
ELEV:     8 m  LAT:  35 24' 00" N  LONG:  25 54' 00" E

                   TEMPERATURE (C), RAIN  (mm), WIND SPEED (km/hr)

                                      HEAT  COOL        AVG
    MEAN                              DEG   DEG         WIND                 DOM
DAY TEMP  HIGH   TIME   LOW    TIME   DAYS  DAYS  RAIN  SPEED HIGH   TIME    DIR
------------------------------------------------------------------------------------
 1  15.8  18.8   15:20  11.6   00:00   2.5   0.0   0.0   6.3  37.0    2:05   ENE
 2  15.6  19.8   15:35  11.4    1:35   2.9   0.1   0.0   1.6   9.7    6:30   ENE
 3  17.8  20.2   12:40  14.1    0:10   1.0   0.6   0.2   4.7  33.8    9:35    SW
 4  18.8  20.2   14:15  13.7   23:50   0.4   0.9  18.8  10.1  37.0   20:25   WSW
 5  16.4  20.4   12:30  12.6    1:05   2.2   0.3   9.4   4.7  32.2    1:10   ENE
 6  17.3  20.6   10:25  13.4    1:05   1.3   0.3   1.4   4.3  25.7   23:00   ENE
 7  15.2  19.3    0:45  10.9   23:05   3.2   0.1  22.0   8.0  48.3    6:25   ENE
 8  15.2  19.1   13:35  11.4    0:10   3.1   0.0   0.0   6.3  40.2    7:40   ENE
 9  15.8  20.6   13:30  10.2    6:45   2.7   0.2   0.0   2.9  20.9   13:45    NE
10  18.2  20.6   11:35  13.6   23:45   0.6   0.5   0.2   5.6  35.4    8:05   SSW
11  17.1  21.0   14:10  13.4    0:40   1.6   0.3   0.2   5.3  35.4   11:35    SW
12  17.8  20.8   13:30  14.1   20:55   1.0   0.6   6.0   3.9  22.5    1:20    SW
13  15.1  20.4   14:20  11.4    6:10   3.5   0.2   1.8   2.7  19.3   19:05   ENE
14  13.9  19.0   13:05  10.7    7:00   4.4   0.0   0.0   5.8  37.0   18:35   ENE
15  13.8  17.6   12:40  12.5    6:55   4.4   0.0   4.2   8.2  40.2   22:10   ENE
16  13.3  15.3   12:10  12.2    6:00   4.9   0.0   0.0  11.4  46.7   14:45   ENE
17  12.4  15.2   12:35   9.9    1:15   5.9   0.0   0.2   6.4  33.8   13:45   ENE
18  12.4  16.9   14:50   9.0   00:00   5.8   0.0   1.8   3.4  32.2   23:50   ENE
19  10.6  13.1   13:10   8.3   23:20   7.7   0.0  47.0  21.4  70.8    7:10   ENE
20  12.2  16.1   12:40   9.0    0:15   6.1   0.0   1.4   9.0  57.9    4:20   ENE
21  13.6  19.2   12:50   9.1    1:35   4.7   0.0   0.0   5.1  30.6   17:45   ENE
22  12.7  16.9   10:35  10.2   23:30   5.6   0.0   2.0   3.9  22.5    0:40    SE
23  11.6  14.2   11:45   8.7    1:40   6.8   0.0   0.0   4.0  27.4   14:00   ENE
24  12.8  16.7   12:10  10.1   23:30   5.5   0.0   0.0   3.4  29.0    0:55   ENE
25  13.4  19.6   13:50   8.8    6:40   4.9   0.1   0.0   2.3  14.5   14:30    NE
26  14.2  20.2   13:50   9.9    7:00   4.4   0.2   0.0   2.3  12.9   14:35    NE
27  15.8  20.8   13:15  11.0    5:50   2.9   0.3   0.0   2.3  20.9   22:50   NNE
28  16.1  20.3   11:15  11.3    6:05   2.3   0.1   0.0   2.9  24.1   23:20   SSW
29  14.6  18.4   13:05  11.7    9:10   3.7   0.0  21.2   1.8  27.4    0:05   ENE
30  13.7  19.1   11:10  11.8    4:25   4.6   0.0  13.2   3.1  25.7   15:15   ENE
31  15.1  17.0   21:00  12.1    0:30   3.2   0.0  27.2  10.1  41.8   15:20   ESE
-------------------------------------------------------------------------------------
    14.8  21.0    11     8.3    19   113.8   5.0 178.2   5.6  70.8    19     ENE

Max >=  32.0:  0
Max <=   0.0:  0
Min <=   0.0:  0
Min <= -18.0:  0
Max Rain: 46.99 ON 19/12/21
Days of Rain: 18 (> .2 mm) 10 (> 2 mm) 4 (> 20 mm)
Heat Base:  18.3  Cool Base:  18.3  Method: Integration