NOAA Reports/Αναφορές NOAA

Select a Year or Month report
2022 > Jan Feb Mar Apr May Jun Jul Aug Sep Oct Nov Dec
2021 > Jan Feb Mar Apr May Jun Jul Aug Sep Oct Nov Dec
2020 > Jan Feb Mar Apr May Jun Jul Aug Sep Oct Nov Dec
2019 > Jan Feb Mar Apr May Jun Jul Aug Sep Oct Nov Dec
2018 > Jan Feb Mar Apr May Jun Jul Aug Sep Oct Nov Dec
2017 > Jan Feb Mar Apr May Jun Jul Aug Sep Oct Nov Dec

Report for 2022 Jan
                   MONTHLY CLIMATOLOGICAL SUMMARY for JAN. 2022

NAME: Makry Gialos Weather Station   CITY: Makry Gialos   STATE: Greece 
ELEV:     8 m  LAT:  35 24' 00" N  LONG:  25 54' 00" E

                   TEMPERATURE (C), RAIN  (mm), WIND SPEED (km/hr)

                                      HEAT  COOL        AVG
    MEAN                              DEG   DEG         WIND                 DOM
DAY TEMP  HIGH   TIME   LOW    TIME   DAYS  DAYS  RAIN  SPEED HIGH   TIME    DIR
------------------------------------------------------------------------------------
 1  16.8  20.4   12:55  14.8   21:50   1.6   0.1  10.2   8.9  40.2   10:20     E
 2  16.7  19.0   13:35  14.6    1:45   1.6   0.0   0.0  10.5  49.9   15:10   ENE
 3  15.9  19.9   15:10  11.9   21:20   2.5   0.1   0.0   5.5  32.2    0:20   ENE
 4  15.0  19.7   13:05  11.6    4:25   3.4   0.1   0.0   2.7  20.9   11:55   ENE
 5  16.1  18.6   13:15  12.5    3:20   2.3   0.0   0.0   3.1  22.5   14:15    NE
 6  16.4  19.2   14:50  14.4   18:25   1.9   0.0   0.2   2.3  24.1   22:40   ENE
 7  15.8  19.3   13:50  12.7    8:00   2.6   0.1   4.0   2.3  17.7    2:00    SW
 8  16.7  17.9   11:30  14.0    0:05   1.6   0.0   0.0  12.7  29.0   23:45    SW
 9  13.8  17.0    0:05   9.4   22:45   6.1   0.0  24.0   3.9  24.1    0:05   ENE
10  12.6  15.7   10:00   9.0    1:15   5.8   0.0  19.2   3.1  35.4   23:05   ENE
11  12.3  15.0   12:20   9.6   20:10   6.0   0.0  28.4   4.7  27.4    2:20   ENE
12  13.6  18.4   12:15  11.0    5:00   4.8   0.0  17.6   4.7  38.6   22:20   ENE
13   9.6  11.8    0:05   7.0   21:25   8.7   0.0   5.8  19.5  74.0   14:35   ENE
14  10.4  12.2   13:40   7.8    1:35   7.9   0.0   1.8  20.0  78.9    9:35   ENE
15  13.3  15.9   13:35  11.0    2:35   5.0   0.0   0.0  11.7  61.2   00:00   ENE
16  11.3  13.1   11:50  10.2    7:10   7.0   0.0   0.0  14.2  67.6    0:15   ENE
17  12.2  15.7   15:20   9.0    6:10   6.2   0.0   0.0   4.0  32.2    0:05   ENE
18  12.9  16.6   11:45  10.4   23:20   5.4   0.0   5.2   7.2  46.7   15:40   ENE
19   9.5  10.7   14:25   7.8   23:25   8.8   0.0   0.6   7.9  41.8   17:45     E
20  10.4  15.6   14:45   5.3    3:40   7.9   0.0   0.0   2.4  25.7    0:35   ENE
21  13.2  15.8   14:35  11.2    6:20   5.1   0.0   7.6   3.5  29.0   14:30   ENE
22  12.3  16.4   13:25   6.8   00:00   5.9   0.0   8.2   6.9  56.3   23:55   ENE
23   5.9   8.7    9:35   2.9   15:20  12.4   0.0  22.6   8.9  61.2    0:30   ENE
24   5.5   7.7   11:25   2.7    7:30  12.8   0.0   3.0   4.3  33.8   20:30   ENE
25   6.6  10.4   10:15   2.6    7:25  11.8   0.0   6.6  11.9  59.5   13:55   ENE
26   6.8   8.7   20:50   3.6    8:05  11.5   0.0  26.2  13.7  54.7    3:00   ENE
27   8.6  10.7   12:30   6.3    7:25   9.7   0.0   4.0   4.7  38.6    0:45   ENE
28   9.9  14.8   13:20   5.5    6:25   8.4   0.0   0.0   2.6  22.5    1:25   ENE
29  11.3  18.1   11:25   6.1    3:15   7.0   0.0  19.6   4.2  35.4   19:55    NE
30  12.1  15.1   12:15   9.0   00:00   6.2   0.0   9.4   7.7  37.0    5:30    SW
31  12.3  15.7   12:55   8.7    1:00   5.9   0.0   3.4   3.7  27.4    5:55   ENE
-------------------------------------------------------------------------------------
    12.1  20.4     1     2.6    25   193.5   0.5 227.6   7.2  78.9    14     ENE

Max >=  32.0:  0
Max <=   0.0:  0
Min <=   0.0:  0
Min <= -18.0:  0
Max Rain: 28.40 ON 11/01/22
Days of Rain: 21 (> .2 mm) 18 (> 2 mm) 4 (> 20 mm)
Heat Base:  18.3  Cool Base:  18.3  Method: Integration