NOAA Reports/Αναφορές NOAA

Select a Year or Month report
2022 > Jan Feb Mar Apr May Jun Jul Aug Sep Oct Nov Dec
2021 > Jan Feb Mar Apr May Jun Jul Aug Sep Oct Nov Dec
2020 > Jan Feb Mar Apr May Jun Jul Aug Sep Oct Nov Dec
2019 > Jan Feb Mar Apr May Jun Jul Aug Sep Oct Nov Dec
2018 > Jan Feb Mar Apr May Jun Jul Aug Sep Oct Nov Dec
2017 > Jan Feb Mar Apr May Jun Jul Aug Sep Oct Nov Dec

Report for 2022 Feb
                   MONTHLY CLIMATOLOGICAL SUMMARY for FEB. 2022

NAME: Makry Gialos Weather Station   CITY: Makry Gialos   STATE: Greece 
ELEV:     8 m  LAT:  35 24' 00" N  LONG:  25 54' 00" E

                   TEMPERATURE (C), RAIN  (mm), WIND SPEED (km/hr)

                                      HEAT  COOL        AVG
    MEAN                              DEG   DEG         WIND                 DOM
DAY TEMP  HIGH   TIME   LOW    TIME   DAYS  DAYS  RAIN  SPEED HIGH   TIME    DIR
------------------------------------------------------------------------------------
 1  15.0  18.2   13:45   9.9    0:55   3.3   0.0   0.0   9.2  48.3   21:55   SSW
 2  15.4  16.6    9:10  11.9   22:10   2.9   0.0   1.2  14.6  53.1    1:45   WSW
 3  12.6  17.2   13:35   8.6   21:10   5.7   0.0  65.6   7.2  61.2   22:45   ENE
 4  11.4  13.1   12:25  10.1    4:00   6.9   0.0   2.8  19.3  78.9    5:55   ENE
 5  12.7  16.7   16:25   9.3    7:50   5.7   0.0   0.0   5.0  41.8    0:05   ENE
 6  13.8  18.5   13:55   9.2    6:20   4.5   0.0   0.0   2.6  11.3   18:05   ENE
 7  14.6  18.7   12:35  10.7    2:20   3.8   0.0   0.0   4.2  25.7   17:45    NE
 8  13.2  16.6    8:55   7.0   22:50   5.1   0.0   9.2   8.7  45.1   19:50   ENE
 9  10.4  12.1   15:15   7.3    0:05   7.9   0.0  19.6  21.1  75.6   15:45   ENE
10  12.3  13.9   12:40  10.9    6:50   5.9   0.0   0.4  21.4  90.1    6:25   ENE
11  13.9  17.3   13:10  11.2   00:00   4.4   0.0   0.0   5.6  45.1    0:15   ENE
12  12.8  17.4   16:10   8.6    6:40   5.5   0.0   0.0   1.9  16.1   11:00   ENE
13  14.1  18.2   12:15  11.4    6:00   4.2   0.0   0.0   3.5  37.0   23:20   ENE
14  13.4  15.7   14:05  10.4   00:00   4.9   0.0   0.0  12.1  43.5    0:40   ENE
15  13.1  16.7   14:50   9.7   00:00   5.2   0.0   0.0   5.6  32.2   13:55   ENE
16  13.0  17.3   15:10   8.1    7:10   5.3   0.0   0.0   2.7  19.3    2:50   ENE
17  12.4  15.2   12:35   8.8   23:40   5.9   0.0  27.6   3.2  22.5   13:00   ENE
18  13.6  18.5   14:10   8.1    4:40   4.8   0.0   0.2   3.2  32.2   23:10   ENE
19  14.9  17.5   13:45  10.1   23:45   3.4   0.0   0.0   7.7  54.7    9:20   ENE
20  14.3  19.4   13:15   9.1    4:10   4.1   0.1   0.0   2.7  12.9   15:20   ENE
21  15.7  19.6   14:05  12.6    3:20   2.7   0.1   0.0   2.3  17.7   12:50   ENE
22  15.2  19.2   13:15  11.6   23:50   3.1   0.0   0.0   3.2  22.5   15:25   ENE
23  12.3  14.8   16:10  10.7   10:25   6.0   0.0  45.4   3.1  25.7   17:45   ENE
24  11.4  14.0   10:45   8.6   22:20   6.9   0.0  38.2  10.6  64.4   15:20   ENE
25  12.0  13.6   15:40   9.6    0:50   6.3   0.0   2.8  12.9  90.1    5:50   ENE
26  13.3  17.7   15:20   7.5    6:00   5.0   0.0   0.0   2.6  27.4    1:05   ENE
27  14.1  16.3    8:55  10.3    4:50   4.2   0.0   0.0   2.7  19.3   17:25   ENE
28  14.5  17.9   13:10  12.1    4:35   3.8   0.0   0.0   3.5  22.5   14:00   ENE
-------------------------------------------------------------------------------------
    13.4  19.6    21     7.0     8   137.3   0.3 213.0   7.2  90.1    10     ENE

Max >=  32.0:  0
Max <=   0.0:  0
Min <=   0.0:  0
Min <= -18.0:  0
Max Rain: 65.61 ON 03/02/22
Days of Rain: 11 (> .2 mm) 8 (> 2 mm) 4 (> 20 mm)
Heat Base:  18.3  Cool Base:  18.3  Method: Integration