NOAA Reports/Αναφορές NOAA

Select a Year or Month report
2022 > Jan Feb Mar Apr May Jun Jul Aug Sep Oct Nov Dec
2021 > Jan Feb Mar Apr May Jun Jul Aug Sep Oct Nov Dec
2020 > Jan Feb Mar Apr May Jun Jul Aug Sep Oct Nov Dec
2019 > Jan Feb Mar Apr May Jun Jul Aug Sep Oct Nov Dec
2018 > Jan Feb Mar Apr May Jun Jul Aug Sep Oct Nov Dec
2017 > Jan Feb Mar Apr May Jun Jul Aug Sep Oct Nov Dec

Report for 2022 Mar
                   MONTHLY CLIMATOLOGICAL SUMMARY for MAR. 2022

NAME: Makry Gialos Weather Station   CITY: Makry Gialos   STATE: Greece 
ELEV:     8 m  LAT:  35 24' 00" N  LONG:  25 54' 00" E

                   TEMPERATURE (C), RAIN  (mm), WIND SPEED (km/hr)

                                      HEAT  COOL        AVG
    MEAN                              DEG   DEG         WIND                 DOM
DAY TEMP  HIGH   TIME   LOW    TIME   DAYS  DAYS  RAIN  SPEED HIGH   TIME    DIR
------------------------------------------------------------------------------------
 1  12.9  16.7   12:25  11.1   23:30   5.4   0.0   3.4   1.8  16.1    9:50   ENE
 2  11.2  12.8   12:50  10.2   19:10   7.1   0.0  68.2   4.7  54.7   17:40   ENE
 3  11.6  14.3   14:40   8.2    1:10   6.7   0.0   3.6   8.0  46.7    2:55   ENE
 4  11.5  17.0   11:30   6.8    3:45   6.8   0.0   0.2   2.9  30.6   12:35    NE
 5  14.2  17.7   13:50   9.4    2:20   4.1   0.0   0.0   4.2  20.9   21:05    SW
 6  14.6  17.1    9:25  12.7   20:50   3.7   0.0  35.0   5.8  30.6   10:30   ENE
 7  13.5  18.0   11:50   9.7    6:40   4.8   0.0   0.2   2.4  17.7   11:45   ENE
 8  13.4  16.6   13:45  10.2    5:35   4.9   0.0   0.0   2.9  24.1   21:30   ENE
 9  12.7  17.4   11:50   9.8    4:55   5.6   0.0   0.2   6.6  37.0   16:15   ENE
10   8.2  11.8   12:15   4.8   20:05  10.1   0.0  28.2  11.4  59.5   20:15   ENE
11   6.8   8.8   15:30   4.2    5:25  11.5   0.0  16.8   6.4  41.8   14:00   ENE
12   6.1   7.6   11:15   4.7   21:10  12.2   0.0   5.4   5.3  33.8   10:55   ENE
13   7.4  10.7   14:20   5.3    5:30  10.8   0.0   0.4   7.1  51.5    1:25   ENE
14   9.0  11.2   15:10   6.0    0:30   9.3   0.0   6.4   5.5  40.2   18:55   ENE
15  11.0  12.9   14:20   9.6    3:50   7.3   0.0   0.0  15.8  54.7   19:40   ENE
16  12.4  16.8   14:55   8.9   23:50   5.9   0.0   0.0   6.0  35.4    1:55   ENE
17  13.5  17.1   15:30   8.8    3:00   4.8   0.0   0.0   3.2  24.1   00:00    SW
18  11.9  14.4    1:35   9.1   23:55   6.4   0.0   0.0  14.2  62.8   14:40   ENE
19   8.2   9.3   14:20   7.0    6:20  10.2   0.0   0.0  22.7  75.6   11:05     E
20   9.2  10.8   00:00   7.2    6:40   9.2   0.0   0.0  10.8  46.7   12:25     E
21   9.8  12.2   13:40   6.6    3:30   8.5   0.0   6.8  10.6  43.5   14:30   ENE
22   9.0  11.6   11:35   6.1    9:25   9.3   0.0  15.6   6.6  46.7    5:45   ENE
23  10.2  13.4   15:10   7.3    2:30   8.1   0.0   7.2   7.6  35.4   15:45   ENE
24  11.4  13.4   14:00   7.8    8:00   6.9   0.0   4.0  14.3  78.9   19:50   ENE
25  16.0  19.6   10:10  12.2   00:00   2.5   0.2   0.0   6.9  48.3    2:30   ENE
26  15.3  20.9   12:25   8.5    6:20   3.4   0.5   0.0   7.6  37.0   14:50   ENE
27  15.6  20.3   13:15  10.2    7:05   2.8   0.2   0.0   3.1  17.7    0:05   ENE
28  14.3  18.8   12:35   9.9    5:00   4.0   0.0   0.0   2.1  11.3   17:20   ENE
29  14.3  17.5   14:20  10.4    6:15   4.0   0.0   0.0   3.5  12.9   13:30   NNE
30  14.6  17.8   13:10  11.2    3:45   3.8   0.0   0.0   3.4  14.5   13:45   WSW
31  15.4  19.2   15:40  12.0    2:20   2.9   0.0   0.0   2.6  14.5   14:20   ENE
-------------------------------------------------------------------------------------
    11.8  20.9    26     4.2    11   203.1   0.9 201.6   7.0  78.9    24     ENE

Max >=  32.0:  0
Max <=   0.0:  0
Min <=   0.0:  0
Min <= -18.0:  0
Max Rain: 68.20 ON 02/03/22
Days of Rain: 16 (> .2 mm) 12 (> 2 mm) 3 (> 20 mm)
Heat Base:  18.3  Cool Base:  18.3  Method: Integration