NOAA Reports/Αναφορές NOAA

Select a Year or Month report
2022 > Jan Feb Mar Apr May Jun Jul Aug Sep Oct Nov Dec
2021 > Jan Feb Mar Apr May Jun Jul Aug Sep Oct Nov Dec
2020 > Jan Feb Mar Apr May Jun Jul Aug Sep Oct Nov Dec
2019 > Jan Feb Mar Apr May Jun Jul Aug Sep Oct Nov Dec
2018 > Jan Feb Mar Apr May Jun Jul Aug Sep Oct Nov Dec
2017 > Jan Feb Mar Apr May Jun Jul Aug Sep Oct Nov Dec

Report for 2022 Apr
                   MONTHLY CLIMATOLOGICAL SUMMARY for APR. 2022

NAME: Makry Gialos Weather Station   CITY: Makry Gialos   STATE: Greece 
ELEV:     8 m  LAT:  35 24' 00" N  LONG:  25 54' 00" E

                   TEMPERATURE (C), RAIN  (mm), WIND SPEED (km/hr)

                                      HEAT  COOL        AVG
    MEAN                              DEG   DEG         WIND                 DOM
DAY TEMP  HIGH   TIME   LOW    TIME   DAYS  DAYS  RAIN  SPEED HIGH   TIME    DIR
------------------------------------------------------------------------------------
 1  17.7  22.6   14:10  13.8    6:55   1.4   0.9   0.0   3.7  22.5   11:30   ENE
 2  16.9  21.1   15:55  12.7    5:30   2.0   0.6   0.0   2.7  11.3   13:35    SW
 3  16.4  20.7   10:00  12.6    6:45   2.3   0.4   0.0   2.6  22.5   10:25   ENE
 4  16.3  20.8   12:35  12.3    6:00   2.4   0.5   0.0   2.6  17.7   14:00   ENE
 5  18.8  21.7   12:00  15.0    0:20   0.5   1.1   0.0   2.9  14.5    6:55   ENE
 6  17.5  20.6    9:35  14.4    2:15   1.2   0.4   0.0   4.7  33.8    5:05   WSW
 7  18.8  23.6   12:30  15.3    3:45   0.9   1.4   0.0   2.3  17.7   14:00   ENE
 8  18.6  22.2   13:55  13.9   23:20   0.8   1.1   0.0   5.3  35.4    6:00   ENE
 9  16.2  20.9   13:15  12.4    5:05   2.4   0.2   0.0   2.7  20.9   16:30   ENE
10  16.4  20.8   14:30  11.2    6:50   2.4   0.5   0.0   3.2  20.9   18:10   ENE
11  15.5  18.6   13:50  12.9    1:50   2.8   0.0   0.0   8.7  45.1    9:15   ENE
12  14.7  17.3   13:15  12.4    3:25   3.6   0.0   0.0   9.3  38.6   14:40   ENE
13  16.3  20.8   16:00  11.9    4:05   2.4   0.4   0.0   6.1  33.8   13:05   ENE
14  17.2  21.5   15:50  13.5    5:05   1.8   0.7   0.0   6.0  32.2   13:45   ENE
15  16.9  21.4   12:45  11.4    5:45   2.0   0.6   0.0   4.3  30.6   10:35   ENE
16  17.1  20.4   21:55  11.4    6:00   1.7   0.4   0.0   4.2  29.0   11:30    SW
17  19.6  22.1   15:10  16.8   23:05   0.2   1.5   0.0   7.1  57.9   15:25    SW
18  17.9  21.1   13:55  14.7   23:35   0.9   0.6   0.0   5.5  37.0    1:55   ENE
19  16.2  19.7   12:00  11.6    6:45   2.3   0.1   0.0   6.0  40.2   19:15   ENE
20  16.0  19.9   13:00  12.2    6:20   2.5   0.2   0.0   3.5  24.1    0:05    SW
21  14.9  18.9   16:20  10.7    6:30   3.4   0.0   0.0   2.9  14.5   14:50   ENE
22  15.3  19.2   14:10  11.0    6:40   3.1   0.1   0.0   2.9  12.9   12:35   ENE
23  16.7  21.3   15:50  12.1    0:45   2.2   0.6   0.0   2.4  12.9   11:55   ENE
24  17.3  20.8   13:45  12.2    5:45   1.7   0.7   0.0   3.1  14.5    2:40    SW
25  17.3  21.2   14:45  13.1    5:10   1.6   0.7   0.0   2.9  12.9   14:55    SW
26  18.1  22.6   16:05  13.9    6:05   1.4   1.2   0.0   2.4  12.9   13:15   ENE
27  17.7  21.8   15:50  12.6    5:15   1.5   0.8   0.0   2.9  12.9   14:30   ENE
28  20.7  27.1   12:10  16.7    6:10   0.2   2.5   0.0   4.0  29.0   15:45   ENE
29  20.8  24.9   14:10  16.6    3:35   0.1   2.7   0.0  11.1  51.5   19:05    SE
30  21.4  24.7   13:35  18.5   23:25   0.0   3.1   0.0  14.8  54.7   23:40   ENE
-------------------------------------------------------------------------------------
    17.4  27.1    28    10.7    21    51.7  23.9   0.0   4.8  57.9    17     ENE

Max >=  32.0:  0
Max <=   0.0:  0
Min <=   0.0:  0
Min <= -18.0:  0
Max Rain: 0.00 ON 01/04/22
Days of Rain: 0 (> .2 mm) 0 (> 2 mm) 0 (> 20 mm)
Heat Base:  18.3  Cool Base:  18.3  Method: Integration