NOAA Reports/Αναφορές NOAA

Select a Year or Month report
2024 > Jan Feb Mar Apr May Jun Jul Aug Sep Oct Nov Dec
2023 > Jan Feb Mar Apr May Jun Jul Aug Sep Oct Nov Dec
2022 > Jan Feb Mar Apr May Jun Jul Aug Sep Oct Nov Dec
2021 > Jan Feb Mar Apr May Jun Jul Aug Sep Oct Nov Dec
2020 > Jan Feb Mar Apr May Jun Jul Aug Sep Oct Nov Dec
2019 > Jan Feb Mar Apr May Jun Jul Aug Sep Oct Nov Dec
2018 > Jan Feb Mar Apr May Jun Jul Aug Sep Oct Nov Dec
2017 > Jan Feb Mar Apr May Jun Jul Aug Sep Oct Nov Dec

Report for 2022 Aug
                   MONTHLY CLIMATOLOGICAL SUMMARY for JUL. 2022

NAME: Makry Gialos Weather Station   CITY: Makry Gialos   STATE: Greece 
ELEV:     8 m  LAT:  35 24' 00" N  LONG:  25 54' 00" E

                   TEMPERATURE (C), RAIN  (mm), WIND SPEED (km/hr)

                                      HEAT  COOL        AVG
    MEAN                              DEG   DEG         WIND                 DOM
DAY TEMP  HIGH   TIME   LOW    TIME   DAYS  DAYS  RAIN  SPEED HIGH   TIME    DIR
------------------------------------------------------------------------------------
 1  28.2  30.9   15:00  25.7    5:45   0.0   9.9   0.0  16.9  51.5    7:40   ENE
 2  29.1  31.5   16:00  27.2    0:40   0.0  10.8   0.0  19.3  59.5   11:20   ENE
 3  29.2  31.4   15:35  26.8   20:50   0.0  10.9   0.0  19.2  54.7   15:05   ENE
 4  29.3  33.1   13:30  25.6   22:45   0.0  11.0   0.0   9.5  37.0   10:00   ENE
 5  27.4  30.6   12:25  25.2   22:45   0.0   9.1   0.0   6.0  33.8    7:05    SE
 6  28.6  32.3   16:05  24.0    1:45   0.0  10.3   0.0  11.9  46.7    8:35   ENE
 7  29.3  32.1   13:50  27.0    5:55   0.0  11.0   0.0  14.2  67.6   14:25   ENE
 8  29.8  33.5   13:35  25.8   22:40   0.0  11.5   0.0  10.6  48.3    2:05   ENE
 9  25.7  28.5    8:15  23.0    6:05   0.0   7.4   0.0   5.8  38.6   22:30    SW
10  25.5  27.7   16:20  23.7    5:40   0.0   7.2   0.0  12.4  45.1   13:35   ENE
11  26.8  29.8   15:50  24.6    1:40   0.0   8.5   0.0  20.8  56.3   10:25   ENE
12  27.5  30.9   13:45  24.7    6:00   0.0   9.2   0.0  15.8  61.2    6:35   ENE
13  26.9  29.2   13:20  24.9   00:00   0.0   8.6   0.2  21.1  67.6    9:35   ENE
14  26.2  28.8   11:35  23.8    5:05   0.0   7.9   0.0  18.0  59.5    1:30   ENE
15  28.3  31.9   14:45  25.3    6:15   0.0  10.0   0.0  18.5  51.5    7:45   ENE
16  29.2  32.7   13:10  26.7    5:15   0.0  10.9   0.0  16.3  57.9   17:05   ENE
17  30.4  33.8   15:35  27.4    3:25   0.0  12.1   0.0  16.1  51.5    2:55   ENE
18  28.6  30.8   14:50  26.2   00:00   0.0  10.3   0.0  26.7  74.0   13:40   ENE
19  26.6  29.4   12:20  24.3   21:10   0.0   8.3   0.0  26.2  64.4    8:35   ENE
20  27.2  30.9   11:00  24.4    4:00   0.0   8.9   0.0  16.6  54.7   21:40   ENE
21  27.8  31.7   14:00  24.8    3:00   0.0   9.5   0.0  13.8  46.7    0:50   ENE
22  30.1  33.6   10:20  27.9    0:05   0.0  11.8   0.0  15.6  56.3   14:55   ENE
23  30.3  33.3   12:35  28.2    4:20   0.0  12.0   0.0  17.7  54.7    6:45   ENE
24  31.1  34.1   13:35  28.3    2:55   0.0  12.8   0.0  12.9  57.9    9:30   ENE
25  31.5  34.9   13:35  28.8   00:00   0.0  13.2   0.0  18.2  59.5   10:55   ENE
26  31.1  34.8   12:55  27.9    1:45   0.0  12.8   0.0  14.3  54.7    5:10   ENE
27  29.3  35.3    9:15  22.8   23:50   0.0  11.1   0.0   7.1  40.2    4:00   ENE
28  25.9  29.0   14:20  22.2    1:35   0.0   7.7   0.0   2.7  12.9   12:05    SW
29  26.7  31.9    7:30  22.7    0:25   0.0   8.4   0.0   4.3  27.4   21:25   ENE
30  27.9  30.9    9:15  24.4   23:20   0.0   9.6   0.0   5.0  38.6    3:35    SW
31  31.3  34.7    8:45  26.7    0:30   0.0   3.2   0.0  10.0  45.1   20:35   ENE
-------------------------------------------------------------------------------------
    28.5  35.3    27    22.2    28     0.0 305.9   0.2  14.3  74.0    18     ENE

Max >=  32.0: 13
Max <=   0.0:  0
Min <=   0.0:  0
Min <= -18.0:  0
Max Rain: 0.20 ON 13/07/22
Days of Rain: 1 (> .2 mm) 0 (> 2 mm) 0 (> 20 mm)
Heat Base:  18.3  Cool Base:  18.3  Method: Integration