NOAA Reports/Αναφορές NOAA

Select a Year or Month report
2024 > Jan Feb Mar Apr May Jun Jul Aug Sep Oct Nov Dec
2023 > Jan Feb Mar Apr May Jun Jul Aug Sep Oct Nov Dec
2022 > Jan Feb Mar Apr May Jun Jul Aug Sep Oct Nov Dec
2021 > Jan Feb Mar Apr May Jun Jul Aug Sep Oct Nov Dec
2020 > Jan Feb Mar Apr May Jun Jul Aug Sep Oct Nov Dec
2019 > Jan Feb Mar Apr May Jun Jul Aug Sep Oct Nov Dec
2018 > Jan Feb Mar Apr May Jun Jul Aug Sep Oct Nov Dec
2017 > Jan Feb Mar Apr May Jun Jul Aug Sep Oct Nov Dec

Report for 2022 Nov
                   MONTHLY CLIMATOLOGICAL SUMMARY for NOV. 2022

NAME: Makry Gialos Weather Station   CITY: Makry Gialos   STATE: Greece 
ELEV:     8 m  LAT:  35 24' 00" N  LONG:  25 54' 00" E

                   TEMPERATURE (C), RAIN  (mm), WIND SPEED (km/hr)

                                      HEAT  COOL        AVG
    MEAN                              DEG   DEG         WIND                 DOM
DAY TEMP  HIGH   TIME   LOW    TIME   DAYS  DAYS  RAIN  SPEED HIGH   TIME    DIR
------------------------------------------------------------------------------------
 1  20.2  24.4   10:30  16.1   22:20   0.3   2.0   0.0   3.1  20.9   12:20   ENE
 2  21.8  25.3    7:55  17.6   23:45   0.0   3.0   0.0   3.5  27.4   18:20   ENE
 3  20.1  25.3    7:00  14.8   21:20   0.7   2.3   0.0   1.4   8.0    3:40    NE
 4  19.8  24.8   11:25  14.6    3:15   0.7   1.9   0.0   1.8   9.7   22:15    NE
 5  21.4  24.4    9:50  15.1    3:10   0.1   2.7   0.0   3.9  33.8   23:40    SW
 6  21.3  23.9    9:20  16.2   23:35   0.1   2.6   0.8   8.7  41.8    4:50   WSW
 7  19.8  21.3   11:10  18.1    3:25   0.0   1.3   0.0   9.8  48.3   19:45   ENE
 8  19.1  20.9    8:25  17.8   20:55   0.1   0.7   0.0  13.5  48.3    6:45   ENE
 9  19.7  21.6    9:25  18.3   22:55   0.0   1.2   0.0   9.7  45.1   10:05   ENE
10  19.3  21.9    9:35  17.3   16:55   0.1   0.9   0.0  10.9  40.2    5:30   ENE
11  18.8  21.4    8:55  16.9   22:00   0.3   0.7   0.0  10.6  37.0    8:15   ENE
12  17.8  22.5    7:45  13.2   23:30   1.3   0.9   0.0   3.5  22.5    7:10   ENE
13  18.9  23.1   11:20  12.8    3:15   0.7   1.2   0.0   2.4  32.2   22:55   ENE
14  18.5  20.7    7:05  16.8   23:30   0.4   0.6   0.0  13.4  45.1   12:50   ENE
15  17.4  20.2    9:45  13.2   20:20   1.0   0.3   0.0   7.4  32.2    7:40   ENE
16  17.8  21.9   11:35  14.2   21:45   1.2   0.8   0.0   1.8   9.7    8:25    NE
17  19.5  23.9    9:15  16.4   20:05   0.5   1.5   0.0   2.3  16.1    7:10   ENE
18  21.3  24.4    9:35  16.5    3:25   0.1   2.6   0.0   2.3  16.1   11:20    NE
19  20.5  24.8    8:25  16.3   22:20   0.2   2.0   0.0   1.6  11.3    9:45    SW
20  21.6  23.2    5:25  16.7    3:25   0.0   2.7   0.0   3.7  25.7   21:45    SW
21  20.5  24.9    8:05  14.8   23:25   0.3   2.2   0.0   3.2  25.7    4:50   ENE
22  20.0  23.5    9:55  15.9    3:25   0.2   1.7   0.0   2.4  17.7   13:35   ENE
23  16.8  20.8    8:30  12.3   22:45   1.6   0.4  19.6   2.3  24.1    7:25   ENE
24  18.3  22.8    9:30  12.6    3:45   0.7   0.7   0.0   4.8  37.0   16:50   ENE
25  17.1  20.3    5:00  15.1    3:30   1.2   0.2   0.0   5.1  30.6   13:05   ENE
26  15.7  17.7    7:55  13.6   23:00   2.2   0.0   0.0   7.4  38.6   10:45   ENE
27  16.6  19.7    7:45  14.0    3:50   1.5   0.0   0.0   3.4  22.5   11:55   ESE
28  15.7  20.8    6:10  12.8   19:10   2.1   0.2  13.8   3.5  32.2    8:05   ENE
29  16.4  20.4   10:00  13.2   21:15   1.8   0.2   0.0   3.4  25.7    5:25   ENE
30  19.0  19.9    9:50  16.1   23:30   0.1   0.6   2.8   9.0  33.8   20:35   WSW
-------------------------------------------------------------------------------------
    19.0  25.3     2    12.3    23    19.5  38.3  37.0   5.3  48.3     7     ENE

Max >=  32.0:  0
Max <=   0.0:  0
Min <=   0.0:  0
Min <= -18.0:  0
Max Rain: 19.61 ON 23/11/22
Days of Rain: 4 (> .2 mm) 3 (> 2 mm) 0 (> 20 mm)
Heat Base:  18.3  Cool Base:  18.3  Method: Integration